{"id":767829,"date":"2025-08-28T13:00:41","date_gmt":"2025-08-28T10:00:41","guid":{"rendered":"https:\/\/roveyayinevi.com.tr\/index.php\/urun\/bizans-imparatoriceleri\/"},"modified":"2025-09-20T10:39:34","modified_gmt":"2025-09-20T07:39:34","slug":"bizans-imparatoriceleri","status":"publish","type":"product","link":"https:\/\/roveyayinevi.com.tr\/index.php\/urun\/bizans-imparatoriceleri\/","title":{"rendered":"Bizans \u0130mparatori\u00e7eleri"},"content":{"rendered":"<p>Y\u00fczy\u0131llarca s\u00fcrm\u00fc\u015f bir imparatorluk. Do\u011fu Roma. Di\u011fer ad\u0131yla Bizans. \u0130mparatorlar ve imparatori\u00e7eler ge\u00e7idi&#8230; H\u0131rsl\u0131, merakl\u0131, entrikac\u0131, cilveli, ordular y\u00f6neten, sanata a\u015f\u0131k, bilgiye d\u00fc\u015fk\u00fcn imparatori\u00e7eler\u2026 T\u0131pk\u0131 Bizans gibi g\u00f6zleri daima y\u00fckseklerdedir onlar\u0131n. Maliye, ordu, y\u00f6netim, atamalar\u0131nda etkindirler. Peki yak\u0131ndan daha yak\u0131ndan bak\u0131nca daha nelere \u015fahitlik ederiz?   Ahmet Refik, Bizans imparatori\u00e7elerinin renkli, trajik ve \u00e7ekici hayat hik\u00e2yelerini, zihin haritalar\u0131n\u0131 ayr\u0131nt\u0131lar\u0131yla ortaya koyuyor. Bizans\u2019a bamba\u015fka bir pencere aral\u0131yor. <\/p>\n","protected":false},"excerpt":{"rendered":"<p>Y\u00fczy\u0131llarca s\u00fcrm\u00fc\u015f bir imparatorluk. Do\u011fu Roma. Di\u011fer ad\u0131yla Bizans. \u0130mparatorlar ve imparatori\u00e7eler ge\u00e7idi&#8230; H\u0131rsl\u0131, merakl\u0131, entrikac\u0131, cilveli, ordular y\u00f6neten, sanata a\u015f\u0131k, bilgiye d\u00fc\u015fk\u00fcn imparatori\u00e7eler\u2026 T\u0131pk\u0131 Bizans<span class=\"excerpt-hellip\"> [\u2026]<\/span><\/p>\n","protected":false},"featured_media":0,"template":"","meta":{"_monsterinsights_skip_tracking":false,"_monsterinsights_sitenote_active":false,"_monsterinsights_sitenote_note":"","_monsterinsights_sitenote_category":0},"product_brand":[],"product_cat":[12304],"product_tag":[],"class_list":{"0":"post-767829","1":"product","2":"type-product","3":"status-publish","5":"product_cat-tarih","6":"pa_cilt-ciltsiz","7":"pa_tur-kitap","8":"pa_yayinevi-kapi-yayinlari","9":"pa_yazar-ahmed-refik","11":"first","12":"instock","13":"sale","14":"shipping-taxable","15":"purchasable","16":"product-type-simple"},"_links":{"self":[{"href":"https:\/\/roveyayinevi.com.tr\/index.php\/wp-json\/wp\/v2\/product\/767829","targetHints":{"allow":["GET"]}}],"collection":[{"href":"https:\/\/roveyayinevi.com.tr\/index.php\/wp-json\/wp\/v2\/product"}],"about":[{"href":"https:\/\/roveyayinevi.com.tr\/index.php\/wp-json\/wp\/v2\/types\/product"}],"wp:attachment":[{"href":"https:\/\/roveyayinevi.com.tr\/index.php\/wp-json\/wp\/v2\/media?parent=767829"}],"wp:term":[{"taxonomy":"product_brand","embeddable":true,"href":"https:\/\/roveyayinevi.com.tr\/index.php\/wp-json\/wp\/v2\/product_brand?post=767829"},{"taxonomy":"product_cat","embeddable":true,"href":"https:\/\/roveyayinevi.com.tr\/index.php\/wp-json\/wp\/v2\/product_cat?post=767829"},{"taxonomy":"product_tag","embeddable":true,"href":"https:\/\/roveyayinevi.com.tr\/index.php\/wp-json\/wp\/v2\/product_tag?post=767829"}],"curies":[{"name":"wp","href":"https:\/\/api.w.org\/{rel}","templated":true}]}}