{"id":767825,"date":"2025-08-28T13:00:33","date_gmt":"2025-08-28T10:00:33","guid":{"rendered":"https:\/\/roveyayinevi.com.tr\/index.php\/urun\/terra-incognita-2\/"},"modified":"2026-04-15T03:33:33","modified_gmt":"2026-04-15T00:33:33","slug":"terra-incognita-2","status":"publish","type":"product","link":"https:\/\/roveyayinevi.com.tr\/index.php\/urun\/terra-incognita-2\/","title":{"rendered":"Terra Incognita"},"content":{"rendered":"<p>\u0130nsanl\u0131k y\u00fczy\u0131llar boyunca \u00fczerinde ya\u015fad\u0131\u011f\u0131 d\u00fcnyay\u0131 anlamaya \u00e7al\u0131\u015f\u0131rken, asl\u0131nda onun hakk\u0131nda ne kadar az \u015fey bildi\u011fini fark edebildi mi? Haritalarda \u201cTerra Incognita\u201d olarak i\u015faretlenen ke\u015ffedilmemi\u015f b\u00f6lgeler, bilinmeyenin yaratt\u0131\u011f\u0131 korkular\u0131 nas\u0131l \u015fekillendirdi? Cehalet, insanlar\u0131n hayal g\u00fcc\u00fcn\u00fc nas\u0131l besledi ve bilimsel ke\u015fiflere giden yolu nas\u0131l a\u00e7t\u0131?Alain Corbin Terra Incognita, On Sekizinci ve On Dokuzuncu Y\u00fczy\u0131lda Cehaletin Tarihi\u2019nde, cehaletin ve bilgi eksikliklerinin insanl\u0131k tarihinin geli\u015fiminde \u00fcstlendi\u011fi rol\u00fc ara\u015ft\u0131r\u0131yor. Konu edindi\u011fi y\u00fczy\u0131llarda volkanlardan kutup b\u00f6lgelerine, okyanuslar\u0131n derinliklerinden stratosfere kadar, d\u00fcnyan\u0131n \u00e7e\u015fitli gizemlerini anlat\u0131rken, bu b\u00f6lgeler hakk\u0131ndaki her yeni ke\u015ffin ne b\u00fcy\u00fck hatalar, \u00f6nyarg\u0131lar ve hayranl\u0131k uyand\u0131ran hislerle harmanland\u0131\u011f\u0131n\u0131 ortaya koyuyor. Bir yandan da toplumlar\u0131n bilgiye eri\u015fimindeki s\u0131n\u0131rlar\u0131n yol a\u00e7t\u0131\u011f\u0131 tutars\u0131zl\u0131klar\u0131 ve bu s\u00fcre\u00e7ten do\u011fan d\u00fc\u015f\u00fcnsel d\u00f6n\u00fc\u015f\u00fcmleri inceliyor. Yal\u0131n \u00fcslubuyla Corbin, okurunun hem bilinmeyene duydu\u011fu merak\u0131 k\u00f6r\u00fckl\u00fcyor hem de d\u00fcnyay\u0131 anlama tutkusunu canland\u0131r\u0131yor. <\/p>\n","protected":false},"excerpt":{"rendered":"<p>\u0130nsanl\u0131k y\u00fczy\u0131llar boyunca \u00fczerinde ya\u015fad\u0131\u011f\u0131 d\u00fcnyay\u0131 anlamaya \u00e7al\u0131\u015f\u0131rken, asl\u0131nda onun hakk\u0131nda ne kadar az \u015fey bildi\u011fini fark edebildi mi? Haritalarda \u201cTerra Incognita\u201d olarak i\u015faretlenen ke\u015ffedilmemi\u015f b\u00f6lgeler,<span class=\"excerpt-hellip\"> [\u2026]<\/span><\/p>\n","protected":false},"featured_media":0,"template":"","meta":{"_monsterinsights_skip_tracking":false,"_monsterinsights_sitenote_active":false,"_monsterinsights_sitenote_note":"","_monsterinsights_sitenote_category":0},"product_brand":[],"product_cat":[12305,12304],"product_tag":[],"class_list":{"0":"post-767825","1":"product","2":"type-product","3":"status-publish","5":"product_cat-dunya-tarihi","6":"product_cat-tarih","7":"pa_cilt-ciltsiz","8":"pa_tur-kitap","9":"pa_yayinevi-kolektif-kitap","10":"pa_yazar-alain-corbin","12":"first","13":"instock","14":"sale","15":"shipping-taxable","16":"purchasable","17":"product-type-simple"},"_links":{"self":[{"href":"https:\/\/roveyayinevi.com.tr\/index.php\/wp-json\/wp\/v2\/product\/767825","targetHints":{"allow":["GET"]}}],"collection":[{"href":"https:\/\/roveyayinevi.com.tr\/index.php\/wp-json\/wp\/v2\/product"}],"about":[{"href":"https:\/\/roveyayinevi.com.tr\/index.php\/wp-json\/wp\/v2\/types\/product"}],"wp:attachment":[{"href":"https:\/\/roveyayinevi.com.tr\/index.php\/wp-json\/wp\/v2\/media?parent=767825"}],"wp:term":[{"taxonomy":"product_brand","embeddable":true,"href":"https:\/\/roveyayinevi.com.tr\/index.php\/wp-json\/wp\/v2\/product_brand?post=767825"},{"taxonomy":"product_cat","embeddable":true,"href":"https:\/\/roveyayinevi.com.tr\/index.php\/wp-json\/wp\/v2\/product_cat?post=767825"},{"taxonomy":"product_tag","embeddable":true,"href":"https:\/\/roveyayinevi.com.tr\/index.php\/wp-json\/wp\/v2\/product_tag?post=767825"}],"curies":[{"name":"wp","href":"https:\/\/api.w.org\/{rel}","templated":true}]}}