{"id":767822,"date":"2025-08-28T13:00:26","date_gmt":"2025-08-28T10:00:26","guid":{"rendered":"https:\/\/roveyayinevi.com.tr\/index.php\/urun\/benim-sairlerim\/"},"modified":"2026-03-12T03:30:48","modified_gmt":"2026-03-12T00:30:48","slug":"benim-sairlerim","status":"publish","type":"product","link":"https:\/\/roveyayinevi.com.tr\/index.php\/urun\/benim-sairlerim\/","title":{"rendered":"Benim \u015eairlerim"},"content":{"rendered":"<p>\u201c\u015eiir, s\u00f6zc\u00fckler okyanusundan hay\u00e2li bir oltayla en g\u00fczel kelimeleri yakalama, yakalad\u0131\u011f\u0131 kelimeleri g\u00f6zya\u015f\u0131 \u00e7e\u015fmesinde temizleyip, yak\u0131t\u0131 emek, sab\u0131r ve hasret olan bir sevda ate\u015finde pi\u015firerek, her tadan\u0131n onda kendince lezzet bulaca\u011f\u0131 bir yemek ortaya koyma sanat\u0131.\u201d Bu kitapta \u201cMana, \u015fairin karn\u0131nda gizlidir.\u201d d\u00fcsturunu g\u00f6z ard\u0131 etmeden, son d\u00f6nem T\u00fcrk \u015fiirine ismini derin hatlarla nak\u015fetmi\u015f yedi \u015fairimizle ilgili k\u0131sa bir biyografinin ard\u0131ndan na\u00e7izane inceleme ve de\u011ferlendirmelerimi bulacak, onlar\u0131n baz\u0131 \u015fiirleriyle ilgili tahlillerime rastlayacaks\u0131n\u0131z. \u201cBenim \u015eairlerim\u2019in sizin de \u015fairleriniz olmas\u0131 dileklerimle\u2026 <\/p>\n","protected":false},"excerpt":{"rendered":"<p>\u201c\u015eiir, s\u00f6zc\u00fckler okyanusundan hay\u00e2li bir oltayla en g\u00fczel kelimeleri yakalama, yakalad\u0131\u011f\u0131 kelimeleri g\u00f6zya\u015f\u0131 \u00e7e\u015fmesinde temizleyip, yak\u0131t\u0131 emek, sab\u0131r ve hasret olan bir sevda ate\u015finde pi\u015firerek, her<span class=\"excerpt-hellip\"> [\u2026]<\/span><\/p>\n","protected":false},"featured_media":0,"template":"","meta":{"_monsterinsights_skip_tracking":false,"_monsterinsights_sitenote_active":false,"_monsterinsights_sitenote_note":"","_monsterinsights_sitenote_category":0},"product_brand":[],"product_cat":[13072,12291],"product_tag":[],"class_list":{"0":"post-767822","1":"product","2":"type-product","3":"status-publish","5":"product_cat-arastirma-inceleme-referans","6":"product_cat-edebiyat","7":"pa_cilt-ciltsiz","8":"pa_tur-kitap","9":"pa_yayinevi-kirmizi-cati-yayinlari","10":"pa_yazar-ismail-guctas","12":"first","13":"instock","14":"sale","15":"shipping-taxable","16":"purchasable","17":"product-type-simple"},"_links":{"self":[{"href":"https:\/\/roveyayinevi.com.tr\/index.php\/wp-json\/wp\/v2\/product\/767822","targetHints":{"allow":["GET"]}}],"collection":[{"href":"https:\/\/roveyayinevi.com.tr\/index.php\/wp-json\/wp\/v2\/product"}],"about":[{"href":"https:\/\/roveyayinevi.com.tr\/index.php\/wp-json\/wp\/v2\/types\/product"}],"wp:attachment":[{"href":"https:\/\/roveyayinevi.com.tr\/index.php\/wp-json\/wp\/v2\/media?parent=767822"}],"wp:term":[{"taxonomy":"product_brand","embeddable":true,"href":"https:\/\/roveyayinevi.com.tr\/index.php\/wp-json\/wp\/v2\/product_brand?post=767822"},{"taxonomy":"product_cat","embeddable":true,"href":"https:\/\/roveyayinevi.com.tr\/index.php\/wp-json\/wp\/v2\/product_cat?post=767822"},{"taxonomy":"product_tag","embeddable":true,"href":"https:\/\/roveyayinevi.com.tr\/index.php\/wp-json\/wp\/v2\/product_tag?post=767822"}],"curies":[{"name":"wp","href":"https:\/\/api.w.org\/{rel}","templated":true}]}}