{"id":767820,"date":"2025-08-28T13:00:21","date_gmt":"2025-08-28T10:00:21","guid":{"rendered":"https:\/\/roveyayinevi.com.tr\/index.php\/urun\/micanoglu\/"},"modified":"2026-03-12T03:30:48","modified_gmt":"2026-03-12T00:30:48","slug":"micanoglu","status":"publish","type":"product","link":"https:\/\/roveyayinevi.com.tr\/index.php\/urun\/micanoglu\/","title":{"rendered":"Micano\u011flu"},"content":{"rendered":"<p>On dokuzuncu y\u00fczy\u0131lda Giresun y\u00f6resinde ya\u015fam\u0131\u015f olan Micano\u011flu, medrese e\u011fitimi ald\u0131\u011f\u0131 halde kar\u015f\u0131la\u015ft\u0131\u011f\u0131 haks\u0131zl\u0131klara dayanamayarak e\u015fk\u0131yal\u0131\u011fa ba\u015flam\u0131\u015ft\u0131. \u015eebinkarahisar yak\u0131nlar\u0131ndaki,  \u0130ngilizlerin i\u015fletti\u011fi maden i\u015fletmesine verdi\u011fi zararlar nedeniyle Sultan Abdulhamit taraf\u0131ndan hakk\u0131nda idam ferman\u0131 \u00e7\u0131kart\u0131lm\u0131\u015ft\u0131. Zenginlerden ald\u0131\u011f\u0131n\u0131n bir k\u0131sm\u0131n\u0131 yoksul k\u00f6yl\u00fclere da\u011f\u0131tan Micano\u011flu,  k\u00f6yl\u00fcler taraf\u0131ndan korunup kollan\u0131yordu. Yapt\u0131\u011f\u0131 bask\u0131n ve soygunlar, yoksul k\u00f6yl\u00fclere yard\u0131mlar\u0131 ve ya\u015fad\u0131\u011f\u0131 a\u015fklar nedeniyle ad\u0131na t\u00fcrk\u00fcler yak\u0131lm\u0131\u015f ve b\u00f6lgede efsane haline gelmi\u015f bir isimdir. <\/p>\n","protected":false},"excerpt":{"rendered":"<p>On dokuzuncu y\u00fczy\u0131lda Giresun y\u00f6resinde ya\u015fam\u0131\u015f olan Micano\u011flu, medrese e\u011fitimi ald\u0131\u011f\u0131 halde kar\u015f\u0131la\u015ft\u0131\u011f\u0131 haks\u0131zl\u0131klara dayanamayarak e\u015fk\u0131yal\u0131\u011fa ba\u015flam\u0131\u015ft\u0131. \u015eebinkarahisar yak\u0131nlar\u0131ndaki, \u0130ngilizlerin i\u015fletti\u011fi maden i\u015fletmesine verdi\u011fi zararlar nedeniyle<span class=\"excerpt-hellip\"> [\u2026]<\/span><\/p>\n","protected":false},"featured_media":0,"template":"","meta":{"_monsterinsights_skip_tracking":false,"_monsterinsights_sitenote_active":false,"_monsterinsights_sitenote_note":"","_monsterinsights_sitenote_category":0},"product_brand":[],"product_cat":[12291,12711],"product_tag":[],"class_list":{"0":"post-767820","1":"product","2":"type-product","3":"status-publish","5":"product_cat-edebiyat","6":"product_cat-roman-oyku","7":"pa_cilt-ciltsiz","8":"pa_tur-kitap","9":"pa_yayinevi-kirmizi-cati-yayinlari","10":"pa_yazar-sevgin-akkaya","12":"first","13":"instock","14":"sale","15":"shipping-taxable","16":"purchasable","17":"product-type-simple"},"_links":{"self":[{"href":"https:\/\/roveyayinevi.com.tr\/index.php\/wp-json\/wp\/v2\/product\/767820","targetHints":{"allow":["GET"]}}],"collection":[{"href":"https:\/\/roveyayinevi.com.tr\/index.php\/wp-json\/wp\/v2\/product"}],"about":[{"href":"https:\/\/roveyayinevi.com.tr\/index.php\/wp-json\/wp\/v2\/types\/product"}],"wp:attachment":[{"href":"https:\/\/roveyayinevi.com.tr\/index.php\/wp-json\/wp\/v2\/media?parent=767820"}],"wp:term":[{"taxonomy":"product_brand","embeddable":true,"href":"https:\/\/roveyayinevi.com.tr\/index.php\/wp-json\/wp\/v2\/product_brand?post=767820"},{"taxonomy":"product_cat","embeddable":true,"href":"https:\/\/roveyayinevi.com.tr\/index.php\/wp-json\/wp\/v2\/product_cat?post=767820"},{"taxonomy":"product_tag","embeddable":true,"href":"https:\/\/roveyayinevi.com.tr\/index.php\/wp-json\/wp\/v2\/product_tag?post=767820"}],"curies":[{"name":"wp","href":"https:\/\/api.w.org\/{rel}","templated":true}]}}