{"id":767819,"date":"2025-08-28T13:00:19","date_gmt":"2025-08-28T10:00:19","guid":{"rendered":"https:\/\/roveyayinevi.com.tr\/index.php\/urun\/gercekten-esit-miyiz\/"},"modified":"2026-04-15T03:33:33","modified_gmt":"2026-04-15T00:33:33","slug":"gercekten-esit-miyiz","status":"publish","type":"product","link":"https:\/\/roveyayinevi.com.tr\/index.php\/urun\/gercekten-esit-miyiz\/","title":{"rendered":"Ger\u00e7ekten E\u015fit miyiz?"},"content":{"rendered":"<p>Etraf\u0131nda olan bitenleri merakl\u0131 g\u00f6zlerle izleyen bir \u00e7ocuk&#8230; Yeti\u015fkinlerin, \u00e7ocuklar\u0131n cinsiyetine g\u00f6re ne kadar da farkl\u0131 davrand\u0131klar\u0131 dikkatinden ka\u00e7maz. Farkl\u0131l\u0131klar\u0131 g\u00f6r\u00fcr ama bu durum onu y\u0131ld\u0131rmaz. \u00c7\u00fcnk\u00fc onun i\u00e7in herkesin hakk\u0131 ayn\u0131d\u0131r. Birbirlerini insanca kucaklayabilenlere&#8230; Tu\u011f\u00e7e Tatari, cinsiyet e\u015fitsizli\u011fini bir k\u0131z \u00e7ocu\u011funun bak\u0131\u015f a\u00e7\u0131s\u0131yla anlat\u0131yor. Aysun Alt\u0131nda\u011f\u2019\u0131n iki renkli g\u00f6rselleriyse okumaya bamba\u015fka bir boyut kat\u0131yor. Kitap okul \u00f6ncesi d\u00f6nemle okul d\u00f6nemindeki t\u00fcm \u00e7ocuklara ve yeti\u015fkinlere hitap ediyor. <\/p>\n","protected":false},"excerpt":{"rendered":"<p>Etraf\u0131nda olan bitenleri merakl\u0131 g\u00f6zlerle izleyen bir \u00e7ocuk&#8230; Yeti\u015fkinlerin, \u00e7ocuklar\u0131n cinsiyetine g\u00f6re ne kadar da farkl\u0131 davrand\u0131klar\u0131 dikkatinden ka\u00e7maz. Farkl\u0131l\u0131klar\u0131 g\u00f6r\u00fcr ama bu durum onu y\u0131ld\u0131rmaz.<span class=\"excerpt-hellip\"> [\u2026]<\/span><\/p>\n","protected":false},"featured_media":0,"template":"","meta":{"_monsterinsights_skip_tracking":false,"_monsterinsights_sitenote_active":false,"_monsterinsights_sitenote_note":"","_monsterinsights_sitenote_category":0},"product_brand":[],"product_cat":[12274,12518],"product_tag":[],"class_list":{"0":"post-767819","1":"product","2":"type-product","3":"status-publish","5":"product_cat-cocuk-ve-genclik-kitaplari","6":"product_cat-okul-oncesi-kitaplar","7":"pa_cilt-ciltsiz","8":"pa_tur-kitap","9":"pa_yayinevi-literatur-yayinevi","10":"pa_yazar-tugce-tatari","12":"first","13":"instock","14":"sale","15":"shipping-taxable","16":"purchasable","17":"product-type-simple"},"_links":{"self":[{"href":"https:\/\/roveyayinevi.com.tr\/index.php\/wp-json\/wp\/v2\/product\/767819","targetHints":{"allow":["GET"]}}],"collection":[{"href":"https:\/\/roveyayinevi.com.tr\/index.php\/wp-json\/wp\/v2\/product"}],"about":[{"href":"https:\/\/roveyayinevi.com.tr\/index.php\/wp-json\/wp\/v2\/types\/product"}],"wp:attachment":[{"href":"https:\/\/roveyayinevi.com.tr\/index.php\/wp-json\/wp\/v2\/media?parent=767819"}],"wp:term":[{"taxonomy":"product_brand","embeddable":true,"href":"https:\/\/roveyayinevi.com.tr\/index.php\/wp-json\/wp\/v2\/product_brand?post=767819"},{"taxonomy":"product_cat","embeddable":true,"href":"https:\/\/roveyayinevi.com.tr\/index.php\/wp-json\/wp\/v2\/product_cat?post=767819"},{"taxonomy":"product_tag","embeddable":true,"href":"https:\/\/roveyayinevi.com.tr\/index.php\/wp-json\/wp\/v2\/product_tag?post=767819"}],"curies":[{"name":"wp","href":"https:\/\/api.w.org\/{rel}","templated":true}]}}