{"id":767818,"date":"2025-08-28T13:00:18","date_gmt":"2025-08-28T10:00:18","guid":{"rendered":"https:\/\/roveyayinevi.com.tr\/index.php\/urun\/benim-yesil-gezegenim\/"},"modified":"2026-04-15T03:33:33","modified_gmt":"2026-04-15T00:33:33","slug":"benim-yesil-gezegenim","status":"publish","type":"product","link":"https:\/\/roveyayinevi.com.tr\/index.php\/urun\/benim-yesil-gezegenim\/","title":{"rendered":"Benim Ye\u015fil Gezegenim"},"content":{"rendered":"<p>D\u00fcnyada olan bitenleri, k\u00f6t\u00fc gidi\u015fat\u0131 hayretle izleyen bir erkek \u00e7ocu\u011fu&#8230; Umut dolu olmaktan vazge\u00e7mez. Geni\u015f ormanlar\u0131n, tertemiz sular\u0131n, zaman\u0131nda a\u00e7an \u00e7i\u00e7eklerin, sevgiyle sarmalanan hayvanlar\u0131n hayalini kurar. Gelece\u011fi, hayalleriyle s\u0131ms\u0131k\u0131 kucaklar. Tu\u011f\u00e7e Tatari, bu kez iklim krizini bir \u00e7ocu\u011fun g\u00f6z\u00fcnden ele al\u0131yor. Aysun Alt\u0131nda\u011f\u2019\u0131n siyah ve ye\u015fil a\u011f\u0131rl\u0131kta oldu\u011fu g\u00f6rselleriyse okumaya bamba\u015fka bir boyut kat\u0131yor. Kitap okul \u00f6ncesi d\u00f6nemle okul d\u00f6nemindeki t\u00fcm \u00e7ocuklara ve yeti\u015fkinlere hitap ediyor<\/p>\n","protected":false},"excerpt":{"rendered":"<p>D\u00fcnyada olan bitenleri, k\u00f6t\u00fc gidi\u015fat\u0131 hayretle izleyen bir erkek \u00e7ocu\u011fu&#8230; Umut dolu olmaktan vazge\u00e7mez. Geni\u015f ormanlar\u0131n, tertemiz sular\u0131n, zaman\u0131nda a\u00e7an \u00e7i\u00e7eklerin, sevgiyle sarmalanan hayvanlar\u0131n hayalini kurar.<span class=\"excerpt-hellip\"> [\u2026]<\/span><\/p>\n","protected":false},"featured_media":0,"template":"","meta":{"_monsterinsights_skip_tracking":false,"_monsterinsights_sitenote_active":false,"_monsterinsights_sitenote_note":"","_monsterinsights_sitenote_category":0},"product_brand":[],"product_cat":[12274,12518],"product_tag":[],"class_list":{"0":"post-767818","1":"product","2":"type-product","3":"status-publish","5":"product_cat-cocuk-ve-genclik-kitaplari","6":"product_cat-okul-oncesi-kitaplar","7":"pa_cilt-ciltsiz","8":"pa_tur-kitap","9":"pa_yayinevi-literatur-yayinevi","10":"pa_yazar-tugce-tatari","12":"first","13":"instock","14":"sale","15":"shipping-taxable","16":"purchasable","17":"product-type-simple"},"_links":{"self":[{"href":"https:\/\/roveyayinevi.com.tr\/index.php\/wp-json\/wp\/v2\/product\/767818","targetHints":{"allow":["GET"]}}],"collection":[{"href":"https:\/\/roveyayinevi.com.tr\/index.php\/wp-json\/wp\/v2\/product"}],"about":[{"href":"https:\/\/roveyayinevi.com.tr\/index.php\/wp-json\/wp\/v2\/types\/product"}],"wp:attachment":[{"href":"https:\/\/roveyayinevi.com.tr\/index.php\/wp-json\/wp\/v2\/media?parent=767818"}],"wp:term":[{"taxonomy":"product_brand","embeddable":true,"href":"https:\/\/roveyayinevi.com.tr\/index.php\/wp-json\/wp\/v2\/product_brand?post=767818"},{"taxonomy":"product_cat","embeddable":true,"href":"https:\/\/roveyayinevi.com.tr\/index.php\/wp-json\/wp\/v2\/product_cat?post=767818"},{"taxonomy":"product_tag","embeddable":true,"href":"https:\/\/roveyayinevi.com.tr\/index.php\/wp-json\/wp\/v2\/product_tag?post=767818"}],"curies":[{"name":"wp","href":"https:\/\/api.w.org\/{rel}","templated":true}]}}