{"id":767809,"date":"2025-08-28T13:00:04","date_gmt":"2025-08-28T10:00:04","guid":{"rendered":"https:\/\/roveyayinevi.com.tr\/index.php\/urun\/lutfen-ellerinizi-kaldirir-misiniz\/"},"modified":"2026-04-15T03:33:33","modified_gmt":"2026-04-15T00:33:33","slug":"lutfen-ellerinizi-kaldirir-misiniz","status":"publish","type":"product","link":"https:\/\/roveyayinevi.com.tr\/index.php\/urun\/lutfen-ellerinizi-kaldirir-misiniz\/","title":{"rendered":"&#8220;L\u00fctfen Ellerinizi Kald\u0131r\u0131r m\u0131s\u0131n\u0131z?&#8221;"},"content":{"rendered":"<p>\u201c\u0130neg\u00f6l\u2019de hat\u0131r\u0131 say\u0131l\u0131r bir g\u00fc\u00e7 olmu\u015ftuk. O zamanlar halk\u0131n b\u00fcy\u00fck \u00e7o\u011funlu\u011funun sa\u011fc\u0131 ve tutucu oldu\u011fu bir yerde solcu olmak, \u2018Sosyalistim, kom\u00fcnistim\u2019 diye ortal\u0131k yerde konu\u015fmak zordu.\u201d Sosyalist hareketin canland\u0131\u011f\u0131 1975-1980 y\u0131llar\u0131 aras\u0131nda, ad\u0131n\u0131 belki daha \u00f6nce duymad\u0131\u011f\u0131m\u0131z binlerce gen\u00e7 kendini \u201cdevrimci\u201d olarak tarif ediyordu. \u0130hsan Zafer\u2019in k\u00fc\u00e7\u00fck bir kasabada ba\u015flay\u0131p b\u00fcy\u00fck \u015fehirlere, oradan da cezaevine uzanan hayat hik\u00e2yesini anlat\u0131\u015f\u0131ndaki rahatl\u0131k, o d\u00f6nem gen\u00e7li\u011fini en do\u011fal haliyle tan\u0131mam\u0131z\u0131 sa\u011fl\u0131yor. Zafer, sosyalizm fikriyle nas\u0131l tan\u0131\u015ft\u0131\u011f\u0131n\u0131, Kurtulu\u015f hareketi i\u00e7inde \u00f6zel olarak g\u00f6revlendirilip \u201ckibar bir bi\u00e7imde\u201d yapt\u0131\u011f\u0131 banka soygunlar\u0131n\u0131, cezaevi g\u00fcnlerini ve idama mahk\u00fbm edili\u015fini \u015fa\u015f\u0131rt\u0131c\u0131 bir heyecanla, mizah dozu y\u00fcksek bir dille ve macera tad\u0131nda anlat\u0131yor. \u201cProfesyonel devrimcilik\u201d hayat\u0131n\u0131 anlat\u0131rken ki\u015fili\u011finin geli\u015fmesinde \u00f6nemli yer tutan \u00c7erkes geleneklerini, yeti\u015fti\u011fi \u0130neg\u00f6l\u2019\u00fc, aile ili\u015fkilerini, \u00e2\u015f\u0131k oldu\u011fu kad\u0131nlar\u0131 da es ge\u00e7miyor. \u201cKamula\u015ft\u0131rma\u201d i\u00e7in girdi\u011fi bankadaki memureyle bak\u0131\u015fmalar\u0131n\u0131, ko\u011fu\u015fta nas\u0131l rak\u0131 yapt\u0131klar\u0131n\u0131 anlat\u0131\u015f\u0131ndaki ayr\u0131nt\u0131lar\u0131n canl\u0131l\u0131\u011f\u0131 kadar bug\u00fcnden ge\u00e7mi\u015fe bak\u0131p yapt\u0131\u011f\u0131 de\u011ferlendirmeler de okunmaya de\u011fer. \u201cL\u00fctfen Ellerinizi Kald\u0131r\u0131r m\u0131s\u0131n\u0131z?\u201d, al\u0131\u015f\u0131lmad\u0131k bir \u201978\u2019li hik\u00e2yesi\u2026<\/p>\n","protected":false},"excerpt":{"rendered":"<p>\u201c\u0130neg\u00f6l\u2019de hat\u0131r\u0131 say\u0131l\u0131r bir g\u00fc\u00e7 olmu\u015ftuk. O zamanlar halk\u0131n b\u00fcy\u00fck \u00e7o\u011funlu\u011funun sa\u011fc\u0131 ve tutucu oldu\u011fu bir yerde solcu olmak, \u2018Sosyalistim, kom\u00fcnistim\u2019 diye ortal\u0131k yerde konu\u015fmak zordu.\u201d<span class=\"excerpt-hellip\"> [\u2026]<\/span><\/p>\n","protected":false},"featured_media":0,"template":"","meta":{"_monsterinsights_skip_tracking":false,"_monsterinsights_sitenote_active":false,"_monsterinsights_sitenote_note":"","_monsterinsights_sitenote_category":0},"product_brand":[],"product_cat":[13701,12291],"product_tag":[],"class_list":{"0":"post-767809","1":"product","2":"type-product","3":"status-publish","5":"product_cat-ani-mektup-gunluk","6":"product_cat-edebiyat","7":"pa_cilt-ciltsiz","8":"pa_tur-kitap","9":"pa_yayinevi-iletisim-yayinlari","10":"pa_yazar-ihsan-zafer","12":"first","13":"instock","14":"sale","15":"shipping-taxable","16":"purchasable","17":"product-type-simple"},"_links":{"self":[{"href":"https:\/\/roveyayinevi.com.tr\/index.php\/wp-json\/wp\/v2\/product\/767809","targetHints":{"allow":["GET"]}}],"collection":[{"href":"https:\/\/roveyayinevi.com.tr\/index.php\/wp-json\/wp\/v2\/product"}],"about":[{"href":"https:\/\/roveyayinevi.com.tr\/index.php\/wp-json\/wp\/v2\/types\/product"}],"wp:attachment":[{"href":"https:\/\/roveyayinevi.com.tr\/index.php\/wp-json\/wp\/v2\/media?parent=767809"}],"wp:term":[{"taxonomy":"product_brand","embeddable":true,"href":"https:\/\/roveyayinevi.com.tr\/index.php\/wp-json\/wp\/v2\/product_brand?post=767809"},{"taxonomy":"product_cat","embeddable":true,"href":"https:\/\/roveyayinevi.com.tr\/index.php\/wp-json\/wp\/v2\/product_cat?post=767809"},{"taxonomy":"product_tag","embeddable":true,"href":"https:\/\/roveyayinevi.com.tr\/index.php\/wp-json\/wp\/v2\/product_tag?post=767809"}],"curies":[{"name":"wp","href":"https:\/\/api.w.org\/{rel}","templated":true}]}}