{"id":767776,"date":"2025-08-28T12:58:54","date_gmt":"2025-08-28T09:58:54","guid":{"rendered":"https:\/\/roveyayinevi.com.tr\/index.php\/urun\/ici-bos-krallik\/"},"modified":"2026-04-15T03:33:32","modified_gmt":"2026-04-15T00:33:32","slug":"ici-bos-krallik","status":"publish","type":"product","link":"https:\/\/roveyayinevi.com.tr\/index.php\/urun\/ici-bos-krallik\/","title":{"rendered":"\u0130\u00e7i Bo\u015f Krall\u0131k"},"content":{"rendered":"<p>Seattle\u2019\u0131n Ravenna semtindeki k\u00fc\u00e7\u00fck bir evde ya\u015fayan karga B.P.\u2019nin g\u00f6z\u00fcnden, b\u00fcy\u00fck bir felakete s\u00fcr\u00fcklenen d\u00fcnyay\u0131 izliyoruz. B.P., insan dostu \u0130ri Jim\u2019in tuhaf ve korkun\u00e7 de\u011fi\u015fimlerine tan\u0131k olurken, bir yandan da d\u0131\u015f d\u00fcnyada ak\u0131l almaz olaylar ya\u015fan\u0131yor. Evcil hayvanlardan olu\u015fan bir ekip, insanl\u0131\u011f\u0131n t\u00fckeni\u015fine kar\u015f\u0131 hayatta kalmaya \u00e7al\u0131\u015f\u0131rken korkun\u00e7 s\u0131rlar ortaya \u00e7\u0131k\u0131yor.   \u0130\u00e7i Bo\u015f Krall\u0131k, hem kara mizahla dolu bir macera hem de do\u011fan\u0131n, insanl\u0131\u011f\u0131n ve dostlu\u011fun s\u0131n\u0131rlar\u0131n\u0131 zorlayan bir hik\u00e2ye.   B.P. ve arkada\u015flar\u0131, tuhafl\u0131klarla dolu bu d\u00fcnyada hem kendi hayatlar\u0131n\u0131 hem de sevdiklerini kurtarabilecek mi? Bu benzersiz ve karanl\u0131k mizah y\u00fckl\u00fc roman, okurlar\u0131n\u0131 al\u0131\u015f\u0131lmad\u0131k bir maceraya davet ediyor<\/p>\n","protected":false},"excerpt":{"rendered":"<p>Seattle\u2019\u0131n Ravenna semtindeki k\u00fc\u00e7\u00fck bir evde ya\u015fayan karga B.P.\u2019nin g\u00f6z\u00fcnden, b\u00fcy\u00fck bir felakete s\u00fcr\u00fcklenen d\u00fcnyay\u0131 izliyoruz. B.P., insan dostu \u0130ri Jim\u2019in tuhaf ve korkun\u00e7 de\u011fi\u015fimlerine tan\u0131k<span class=\"excerpt-hellip\"> [\u2026]<\/span><\/p>\n","protected":false},"featured_media":0,"template":"","meta":{"_monsterinsights_skip_tracking":false,"_monsterinsights_sitenote_active":false,"_monsterinsights_sitenote_note":"","_monsterinsights_sitenote_category":0},"product_brand":[],"product_cat":[12291,12711],"product_tag":[],"class_list":{"0":"post-767776","1":"product","2":"type-product","3":"status-publish","5":"product_cat-edebiyat","6":"product_cat-roman-oyku","7":"pa_cilt-ciltsiz","8":"pa_tur-kitap","9":"pa_yayinevi-epsilon-yayinlari","10":"pa_yazar-kira-jane-buxton","12":"first","13":"instock","14":"sale","15":"shipping-taxable","16":"purchasable","17":"product-type-simple"},"_links":{"self":[{"href":"https:\/\/roveyayinevi.com.tr\/index.php\/wp-json\/wp\/v2\/product\/767776","targetHints":{"allow":["GET"]}}],"collection":[{"href":"https:\/\/roveyayinevi.com.tr\/index.php\/wp-json\/wp\/v2\/product"}],"about":[{"href":"https:\/\/roveyayinevi.com.tr\/index.php\/wp-json\/wp\/v2\/types\/product"}],"wp:attachment":[{"href":"https:\/\/roveyayinevi.com.tr\/index.php\/wp-json\/wp\/v2\/media?parent=767776"}],"wp:term":[{"taxonomy":"product_brand","embeddable":true,"href":"https:\/\/roveyayinevi.com.tr\/index.php\/wp-json\/wp\/v2\/product_brand?post=767776"},{"taxonomy":"product_cat","embeddable":true,"href":"https:\/\/roveyayinevi.com.tr\/index.php\/wp-json\/wp\/v2\/product_cat?post=767776"},{"taxonomy":"product_tag","embeddable":true,"href":"https:\/\/roveyayinevi.com.tr\/index.php\/wp-json\/wp\/v2\/product_tag?post=767776"}],"curies":[{"name":"wp","href":"https:\/\/api.w.org\/{rel}","templated":true}]}}