{"id":767771,"date":"2025-08-28T12:58:45","date_gmt":"2025-08-28T09:58:45","guid":{"rendered":"https:\/\/roveyayinevi.com.tr\/index.php\/urun\/varoluscu-danismanlikta-ve-psikoterapide-beceriler\/"},"modified":"2026-04-15T03:33:32","modified_gmt":"2026-04-15T00:33:32","slug":"varoluscu-danismanlikta-ve-psikoterapide-beceriler","status":"publish","type":"product","link":"https:\/\/roveyayinevi.com.tr\/index.php\/urun\/varoluscu-danismanlikta-ve-psikoterapide-beceriler\/","title":{"rendered":"Varolu\u015f\u00e7u Dan\u0131\u015fmanl\u0131kta ve Psikoterapide Beceriler"},"content":{"rendered":"<p>Terap\u00f6tik ili\u015fkiler nas\u0131l kurulur ve geli\u015ftirilir?Dan\u0131\u015fan de\u011fi\u015fimine nas\u0131l yard\u0131mc\u0131 olunur?Dan\u0131\u015fan i\u00e7in bir yakla\u015f\u0131m\u0131n ya da tekni\u011fin uygunlu\u011funas\u0131l belirlenir? Varolu\u015f\u00e7u Dan\u0131\u015fmanl\u0131k ve Psikoterapide Beceriler, stajyerler,pratisyen hekimler, bilgilerini tazelemek isteyen tecr\u00fcbeli terapistlerve varolu\u015f\u00e7u yakla\u015f\u0131m\u0131 tan\u0131mak isteyenler i\u00e7in haz\u0131rlanm\u0131\u015f uygulama rehberi niteli\u011finde \u00f6nemli bir eser. Kitapta tedavi edici \u00e7al\u0131\u015fmalar ve dan\u0131\u015fan gruplar\u0131 hakk\u0131ndaki yakla\u015f\u0131mlarla ilgili temel beceriler ve teknikler sunuluyor. Yazarlar, somut ve fark edilir becerileri, yap\u0131lmas\u0131 gerekenleri veetkile\u015fimleri varolu\u015f\u00e7u bak\u0131\u015f a\u00e7\u0131s\u0131 ile ele al\u0131yor. Varolu\u015f\u00e7u terapininkuramsal arka plan\u0131 ve \u00e7\u0131k\u0131\u015f noktas\u0131 ile ilgili altyap\u0131 olu\u015fturacakbilgiler verildikten sonra varolu\u015f\u00e7u terapinin merkezinde yer alanfenomenolojik y\u00f6ntem ayr\u0131nt\u0131l\u0131 bir \u015fekilde inceleniyor. Varolu\u015f\u00e7u terapistlerin hangi \u00f6zelliklere sahip olmas\u0131 gerekti\u011fi aktar\u0131l\u0131rkendan\u0131\u015fanlara da ya\u015fam hakk\u0131nda daha fazla d\u00fc\u015f\u00fcnme ve daha fazlasorumluluk alabilmelerini nas\u0131l sa\u011flayacaklar\u0131 ile ilgili pratik bilgilerveriliyor. Psikoterapide varolu\u015f\u00e7u yakla\u015f\u0131m\u0131 tan\u0131mak ve sunduklar\u0131n\u0131ke\u015ffetmek isteyenler i\u00e7in benzersiz bir kaynak\u2026<\/p>\n","protected":false},"excerpt":{"rendered":"<p>Terap\u00f6tik ili\u015fkiler nas\u0131l kurulur ve geli\u015ftirilir?Dan\u0131\u015fan de\u011fi\u015fimine nas\u0131l yard\u0131mc\u0131 olunur?Dan\u0131\u015fan i\u00e7in bir yakla\u015f\u0131m\u0131n ya da tekni\u011fin uygunlu\u011funas\u0131l belirlenir? Varolu\u015f\u00e7u Dan\u0131\u015fmanl\u0131k ve Psikoterapide Beceriler, stajyerler,pratisyen hekimler, bilgilerini<span class=\"excerpt-hellip\"> [\u2026]<\/span><\/p>\n","protected":false},"featured_media":0,"template":"","meta":{"_monsterinsights_skip_tracking":false,"_monsterinsights_sitenote_active":false,"_monsterinsights_sitenote_note":"","_monsterinsights_sitenote_category":0},"product_brand":[],"product_cat":[12357],"product_tag":[],"class_list":{"0":"post-767771","1":"product","2":"type-product","3":"status-publish","5":"product_cat-psikoloji","6":"pa_cilt-ciltsiz","7":"pa_tur-kitap","8":"pa_yayinevi-epsilon-yayinlari","9":"pa_yazar-emmy-van-deurzen-martin-adams","11":"first","12":"instock","13":"sale","14":"shipping-taxable","15":"purchasable","16":"product-type-simple"},"_links":{"self":[{"href":"https:\/\/roveyayinevi.com.tr\/index.php\/wp-json\/wp\/v2\/product\/767771","targetHints":{"allow":["GET"]}}],"collection":[{"href":"https:\/\/roveyayinevi.com.tr\/index.php\/wp-json\/wp\/v2\/product"}],"about":[{"href":"https:\/\/roveyayinevi.com.tr\/index.php\/wp-json\/wp\/v2\/types\/product"}],"wp:attachment":[{"href":"https:\/\/roveyayinevi.com.tr\/index.php\/wp-json\/wp\/v2\/media?parent=767771"}],"wp:term":[{"taxonomy":"product_brand","embeddable":true,"href":"https:\/\/roveyayinevi.com.tr\/index.php\/wp-json\/wp\/v2\/product_brand?post=767771"},{"taxonomy":"product_cat","embeddable":true,"href":"https:\/\/roveyayinevi.com.tr\/index.php\/wp-json\/wp\/v2\/product_cat?post=767771"},{"taxonomy":"product_tag","embeddable":true,"href":"https:\/\/roveyayinevi.com.tr\/index.php\/wp-json\/wp\/v2\/product_tag?post=767771"}],"curies":[{"name":"wp","href":"https:\/\/api.w.org\/{rel}","templated":true}]}}