{"id":767765,"date":"2025-08-28T12:58:31","date_gmt":"2025-08-28T09:58:31","guid":{"rendered":"https:\/\/roveyayinevi.com.tr\/index.php\/urun\/kalpten-kaleme\/"},"modified":"2026-04-15T03:33:32","modified_gmt":"2026-04-15T00:33:32","slug":"kalpten-kaleme","status":"publish","type":"product","link":"https:\/\/roveyayinevi.com.tr\/index.php\/urun\/kalpten-kaleme\/","title":{"rendered":"Kalpten Kaleme"},"content":{"rendered":"<p>Bir uykusuz var uyuyamaz geceleri \u015ea\u015f\u0131rm\u0131\u015f akla karay\u0131 g\u00fcn ile geceyi \u015ea\u015f\u0131rm\u0131\u015f s\u00f6zlerini c\u00fcmleyi heceyi Bir uykusuz var uyuyamaz geceleri   D\u00fcnyay\u0131 tutar ah\u0131m ahuzar\u0131m Acep ne zaman kaz\u0131l\u0131r mezar\u0131m Garibim derdimi b\u00f6yle yazar\u0131m Bir uykusuz var uyuyamaz geceleri <\/p>\n","protected":false},"excerpt":{"rendered":"<p>Bir uykusuz var uyuyamaz geceleri \u015ea\u015f\u0131rm\u0131\u015f akla karay\u0131 g\u00fcn ile geceyi \u015ea\u015f\u0131rm\u0131\u015f s\u00f6zlerini c\u00fcmleyi heceyi Bir uykusuz var uyuyamaz geceleri D\u00fcnyay\u0131 tutar ah\u0131m ahuzar\u0131m Acep ne<span class=\"excerpt-hellip\"> [\u2026]<\/span><\/p>\n","protected":false},"featured_media":0,"template":"","meta":{"_monsterinsights_skip_tracking":false,"_monsterinsights_sitenote_active":false,"_monsterinsights_sitenote_note":"","_monsterinsights_sitenote_category":0},"product_brand":[],"product_cat":[12291,12509],"product_tag":[],"class_list":{"0":"post-767765","1":"product","2":"type-product","3":"status-publish","5":"product_cat-edebiyat","6":"product_cat-siir","7":"pa_cilt-ciltsiz","8":"pa_tur-kitap","9":"pa_yayinevi-kmd-yayinlari","10":"pa_yazar-erdogan-serbez","12":"first","13":"instock","14":"sale","15":"shipping-taxable","16":"purchasable","17":"product-type-simple"},"_links":{"self":[{"href":"https:\/\/roveyayinevi.com.tr\/index.php\/wp-json\/wp\/v2\/product\/767765","targetHints":{"allow":["GET"]}}],"collection":[{"href":"https:\/\/roveyayinevi.com.tr\/index.php\/wp-json\/wp\/v2\/product"}],"about":[{"href":"https:\/\/roveyayinevi.com.tr\/index.php\/wp-json\/wp\/v2\/types\/product"}],"wp:attachment":[{"href":"https:\/\/roveyayinevi.com.tr\/index.php\/wp-json\/wp\/v2\/media?parent=767765"}],"wp:term":[{"taxonomy":"product_brand","embeddable":true,"href":"https:\/\/roveyayinevi.com.tr\/index.php\/wp-json\/wp\/v2\/product_brand?post=767765"},{"taxonomy":"product_cat","embeddable":true,"href":"https:\/\/roveyayinevi.com.tr\/index.php\/wp-json\/wp\/v2\/product_cat?post=767765"},{"taxonomy":"product_tag","embeddable":true,"href":"https:\/\/roveyayinevi.com.tr\/index.php\/wp-json\/wp\/v2\/product_tag?post=767765"}],"curies":[{"name":"wp","href":"https:\/\/api.w.org\/{rel}","templated":true}]}}