{"id":767746,"date":"2025-08-28T12:57:54","date_gmt":"2025-08-28T09:57:54","guid":{"rendered":"https:\/\/roveyayinevi.com.tr\/index.php\/urun\/faust-bir-tragedya\/"},"modified":"2026-04-15T03:33:31","modified_gmt":"2026-04-15T00:33:31","slug":"faust-bir-tragedya","status":"publish","type":"product","link":"https:\/\/roveyayinevi.com.tr\/index.php\/urun\/faust-bir-tragedya\/","title":{"rendered":"Faust &#8211; Bir Tragedya"},"content":{"rendered":"<p>Johann Wolfgang von Goethe (1749-1832): Alman edebiyat\u0131n\u0131n d\u00fcnyaca \u00fcnl\u00fc, en \u00f6nemli yazarlar\u0131ndand\u0131r. Hukuk e\u011fitimi alan ve resim sanat\u0131na da ilgi duyan Goethe, do\u011fa bilimleriyle de u\u011fra\u015fm\u0131\u015f, ara\u015ft\u0131rmalar yapm\u0131\u015f, yaz\u0131lar yazm\u0131\u015ft\u0131r. \u0130lk roman\u0131 Gen\u00e7 Werther\u2019in Ac\u0131lar\u0131 ile birlikte Goethe\u2019nin belki de d\u00fcnya edebiyat\u0131na en b\u00fcy\u00fck arma\u011fan\u0131 olan Faust, yazar\u0131n y\u00fczy\u0131llard\u0131r s\u00fcren edebi \u00fcn\u00fcn\u00fc peki\u015ftirmi\u015ftir. Goethe Faust\u2019un yaz\u0131m\u0131 i\u00e7in altm\u0131\u015f y\u0131la yak\u0131n \u00e7al\u0131\u015ft\u0131. Alman halk efsanelerinde ruhunu \u015feytana satan Faust, Goethe\u2019nin kalemiyle \u201cg\u00f6ky\u00fcz\u00fcnden en g\u00fczel y\u0131ld\u0131zlar\u0131, yery\u00fcz\u00fcnden ise en b\u00fcy\u00fck hazlar\u0131 arzulayan\u201d ve bu u\u011furda \u015feytanla anla\u015fmaktan \u00e7ekinmeyen, ne elindekilerle ne de hayalleriyle tatmin olan, cesur bir insana d\u00f6n\u00fc\u015ft\u00fc. Goethe\u2019nin miras\u0131n\u0131n en de\u011ferli hazinesi Faust, Almanca asl\u0131ndan yepyeni bir \u00e7eviriyle Hasan \u00c2li Y\u00fccel Klasikler Dizisinde yerini al\u0131yor. <\/p>\n","protected":false},"excerpt":{"rendered":"<p>Johann Wolfgang von Goethe (1749-1832): Alman edebiyat\u0131n\u0131n d\u00fcnyaca \u00fcnl\u00fc, en \u00f6nemli yazarlar\u0131ndand\u0131r. Hukuk e\u011fitimi alan ve resim sanat\u0131na da ilgi duyan Goethe, do\u011fa bilimleriyle de u\u011fra\u015fm\u0131\u015f,<span class=\"excerpt-hellip\"> [\u2026]<\/span><\/p>\n","protected":false},"featured_media":0,"template":"","meta":{"_monsterinsights_skip_tracking":false,"_monsterinsights_sitenote_active":false,"_monsterinsights_sitenote_note":"","_monsterinsights_sitenote_category":0},"product_brand":[],"product_cat":[12291,12711],"product_tag":[],"class_list":{"0":"post-767746","1":"product","2":"type-product","3":"status-publish","5":"product_cat-edebiyat","6":"product_cat-roman-oyku","7":"pa_cilt-ciltsiz","8":"pa_tur-kitap","9":"pa_yayinevi-is-bankasi-kultur-yayinlari","10":"pa_yazar-johann-wolfgang-von-goethe","12":"first","13":"instock","14":"sale","15":"shipping-taxable","16":"purchasable","17":"product-type-simple"},"_links":{"self":[{"href":"https:\/\/roveyayinevi.com.tr\/index.php\/wp-json\/wp\/v2\/product\/767746","targetHints":{"allow":["GET"]}}],"collection":[{"href":"https:\/\/roveyayinevi.com.tr\/index.php\/wp-json\/wp\/v2\/product"}],"about":[{"href":"https:\/\/roveyayinevi.com.tr\/index.php\/wp-json\/wp\/v2\/types\/product"}],"wp:attachment":[{"href":"https:\/\/roveyayinevi.com.tr\/index.php\/wp-json\/wp\/v2\/media?parent=767746"}],"wp:term":[{"taxonomy":"product_brand","embeddable":true,"href":"https:\/\/roveyayinevi.com.tr\/index.php\/wp-json\/wp\/v2\/product_brand?post=767746"},{"taxonomy":"product_cat","embeddable":true,"href":"https:\/\/roveyayinevi.com.tr\/index.php\/wp-json\/wp\/v2\/product_cat?post=767746"},{"taxonomy":"product_tag","embeddable":true,"href":"https:\/\/roveyayinevi.com.tr\/index.php\/wp-json\/wp\/v2\/product_tag?post=767746"}],"curies":[{"name":"wp","href":"https:\/\/api.w.org\/{rel}","templated":true}]}}