{"id":767737,"date":"2025-08-28T12:57:34","date_gmt":"2025-08-28T09:57:34","guid":{"rendered":"https:\/\/roveyayinevi.com.tr\/index.php\/urun\/ben-buyum-iste\/"},"modified":"2026-04-15T03:33:31","modified_gmt":"2026-04-15T00:33:31","slug":"ben-buyum-iste","status":"publish","type":"product","link":"https:\/\/roveyayinevi.com.tr\/index.php\/urun\/ben-buyum-iste\/","title":{"rendered":"Ben Buyum \u0130\u015fte!"},"content":{"rendered":"<p>\u201cN\u00e2z\u0131m Hikmet bir \u015fiirinde, &#8220;yetmi\u015finde bile, mesela, zeytin dikeceksin&#8221; der. Haldun Dormen, N\u00e2z\u0131m Hikmet&#8217;e 20 y\u0131l fark atm\u0131\u015ft\u0131r! \u00c7\u00fcnk\u00fc o, doksan\u0131ndan sonra bile zeytin dikmeye devam ediyor. \u00d6\u011frenci yeti\u015ftiriyor, ders veriyor, oyun ve kitap yaz\u0131yor. T\u00fcm bunlarla birlikte y\u00f6netmenlik yapmay\u0131 s\u00fcrd\u00fcr\u00fcyor. Hatta son olarak bir filmde birlikte oynad\u0131k, yani hala film de \u00e7ekiyor! Haldun&#8217;la ge\u00e7irdi\u011fim y\u0131llar boyunca bir tek &#8220;ke\u015fke&#8221;m var: Ne yaz\u0131k ki onun \u00f6\u011frencisi olamad\u0131m. Ancak Geceye Selam M\u00fczikali&#8217;nde birlikte oynama \u015fans\u0131n\u0131 yakalad\u0131m. Bu nedenle Haldun&#8217;un sahnedeki disiplinini, i\u015fine olan derin ba\u011fl\u0131l\u0131\u011f\u0131n\u0131 ve her detayda m\u00fckemmeliyet aray\u0131\u015f\u0131n\u0131 \u00e7ok iyi bilirim. O, sahnede yaln\u0131zca kendisi i\u00e7in de\u011fil, birlikte \u00e7al\u0131\u015ft\u0131\u011f\u0131 herkesin en iyisini ortaya koymas\u0131n\u0131 sa\u011flayan bir ustad\u0131r. 50 y\u0131la yakla an dostlu\u011fumuzda, onun kadar nazik, kibar ve zarif bir insan tan\u0131mad\u0131m. Bu kibarl\u0131k o kadar ileri seviyededir ki; Koronavir\u00fcs tedavisi sonras\u0131 hastaneden taburcu olaca\u011f\u0131 g\u00fcn, hastane personeline ay\u0131p olmas\u0131n diye yemek tepsisini kendisi kald\u0131rmaya \u00e7al\u0131\u015f\u0131rken d\u00fc\u015f\u00fcp kal\u00e7as\u0131n\u0131 k\u0131rd\u0131 ve taburcu olamad\u0131! Uzun laf\u0131n k\u0131sas\u0131, Haldun Dormen deyince akl\u0131ma umut, disiplin, yarat\u0131c\u0131l\u0131k, nezaket, hi\u00e7 t\u00fckenmeyen ya\u015fam sevinci, inan\u0131lmaz bir yurtseverlik ve tam 50 y\u0131ll\u0131k, hi\u00e7bir \u00e7\u0131kar g\u00fcd\u00fclmeden ya\u015fanm\u0131\u015f ger\u00e7ek dostluk gelir. Haldun&#8217;un \u00f6\u011frenme ve \u00fcretme a\u015fk\u0131n\u0131, t\u00fckenmek bilmeyen enerjisini, bitmeyen \u00e7al\u0131\u015fkanl\u0131\u011f\u0131n\u0131 ve azmini her zaman hayranl\u0131kla izlerim. Haldun Dormen, her ya\u015fan insana ilham veren ve \u00f6rnek al\u0131nacak bir ya\u015fam ustas\u0131d\u0131r\u2026\u201dMustafa Alabora<\/p>\n","protected":false},"excerpt":{"rendered":"<p>\u201cN\u00e2z\u0131m Hikmet bir \u015fiirinde, &#8220;yetmi\u015finde bile, mesela, zeytin dikeceksin&#8221; der. Haldun Dormen, N\u00e2z\u0131m Hikmet&#8217;e 20 y\u0131l fark atm\u0131\u015ft\u0131r! \u00c7\u00fcnk\u00fc o, doksan\u0131ndan sonra bile zeytin dikmeye devam<span class=\"excerpt-hellip\"> [\u2026]<\/span><\/p>\n","protected":false},"featured_media":0,"template":"","meta":{"_monsterinsights_skip_tracking":false,"_monsterinsights_sitenote_active":false,"_monsterinsights_sitenote_note":"","_monsterinsights_sitenote_category":0},"product_brand":[],"product_cat":[12291,30969],"product_tag":[],"class_list":{"0":"post-767737","1":"product","2":"type-product","3":"status-publish","5":"product_cat-edebiyat","6":"product_cat-soylesi-edebiyat","7":"pa_cilt-ciltsiz","8":"pa_tur-kitap","9":"pa_yayinevi-masa-kitap","10":"pa_yazar-haldun-dormen","12":"first","13":"instock","14":"sale","15":"shipping-taxable","16":"purchasable","17":"product-type-simple"},"_links":{"self":[{"href":"https:\/\/roveyayinevi.com.tr\/index.php\/wp-json\/wp\/v2\/product\/767737","targetHints":{"allow":["GET"]}}],"collection":[{"href":"https:\/\/roveyayinevi.com.tr\/index.php\/wp-json\/wp\/v2\/product"}],"about":[{"href":"https:\/\/roveyayinevi.com.tr\/index.php\/wp-json\/wp\/v2\/types\/product"}],"wp:attachment":[{"href":"https:\/\/roveyayinevi.com.tr\/index.php\/wp-json\/wp\/v2\/media?parent=767737"}],"wp:term":[{"taxonomy":"product_brand","embeddable":true,"href":"https:\/\/roveyayinevi.com.tr\/index.php\/wp-json\/wp\/v2\/product_brand?post=767737"},{"taxonomy":"product_cat","embeddable":true,"href":"https:\/\/roveyayinevi.com.tr\/index.php\/wp-json\/wp\/v2\/product_cat?post=767737"},{"taxonomy":"product_tag","embeddable":true,"href":"https:\/\/roveyayinevi.com.tr\/index.php\/wp-json\/wp\/v2\/product_tag?post=767737"}],"curies":[{"name":"wp","href":"https:\/\/api.w.org\/{rel}","templated":true}]}}