{"id":767720,"date":"2025-08-28T12:57:03","date_gmt":"2025-08-28T09:57:03","guid":{"rendered":"https:\/\/roveyayinevi.com.tr\/index.php\/urun\/peter-pan-yeni-ceviri\/"},"modified":"2026-04-15T03:33:30","modified_gmt":"2026-04-15T00:33:30","slug":"peter-pan-yeni-ceviri","status":"publish","type":"product","link":"https:\/\/roveyayinevi.com.tr\/index.php\/urun\/peter-pan-yeni-ceviri\/","title":{"rendered":"Peter Pan (Yeni \u00c7eviri)"},"content":{"rendered":"<p>Pencerenizi t\u0131klatan Peter Pan ile u\u00e7maya haz\u0131r m\u0131s\u0131n\u0131z? \u00d6yleyse perilerin ya\u015fad\u0131\u011f\u0131, \u00e7ocuklar\u0131n u\u00e7abildi\u011fi Yok\u00fclke\u2019ye do\u011fru Peter\u2019\u0131 takip eden Wendy, Micheal ve John\u2019a siz de kat\u0131l\u0131n!   B\u00fcy\u00fcmeyi reddeden Peter, Yok\u00fclke\u2019nin sihirli d\u00fcnyas\u0131nda korsanlar, periler ve denizk\u0131zlar\u0131yla birlikte ya\u015famaktad\u0131r. Wendy, Micheal, John ve Kay\u0131p \u00c7ocuklar\u0131n yard\u0131m\u0131yla Peter, sihirli adadaki bitmek bilmeyen kovalamacada Kaptan Kanca\u2019yla cesurca sava\u015f\u0131r. Yok\u00fclke\u2019de her zaman, ya\u015fanacak yeni bir macera vard\u0131r.    \u201cPeter Pan\u201d her ya\u015ftan okuru i\u00e7lerindeki \u00e7ocu\u011fu kucaklamaya ve hayal kurmaktan asla vazge\u00e7memeye davet ediyor. <\/p>\n","protected":false},"excerpt":{"rendered":"<p>Pencerenizi t\u0131klatan Peter Pan ile u\u00e7maya haz\u0131r m\u0131s\u0131n\u0131z? \u00d6yleyse perilerin ya\u015fad\u0131\u011f\u0131, \u00e7ocuklar\u0131n u\u00e7abildi\u011fi Yok\u00fclke\u2019ye do\u011fru Peter\u2019\u0131 takip eden Wendy, Micheal ve John\u2019a siz de kat\u0131l\u0131n! B\u00fcy\u00fcmeyi<span class=\"excerpt-hellip\"> [\u2026]<\/span><\/p>\n","protected":false},"featured_media":0,"template":"","meta":{"_monsterinsights_skip_tracking":false,"_monsterinsights_sitenote_active":false,"_monsterinsights_sitenote_note":"","_monsterinsights_sitenote_category":0},"product_brand":[],"product_cat":[12274,12467],"product_tag":[],"class_list":{"0":"post-767720","1":"product","2":"type-product","3":"status-publish","5":"product_cat-cocuk-ve-genclik-kitaplari","6":"product_cat-dunya-klasikleri","7":"pa_cilt-ciltsiz","8":"pa_tur-kitap","9":"pa_yayinevi-can-cocuk-yayinlari","10":"pa_yazar-james-matthew-barrie","12":"first","13":"instock","14":"sale","15":"shipping-taxable","16":"purchasable","17":"product-type-simple"},"_links":{"self":[{"href":"https:\/\/roveyayinevi.com.tr\/index.php\/wp-json\/wp\/v2\/product\/767720","targetHints":{"allow":["GET"]}}],"collection":[{"href":"https:\/\/roveyayinevi.com.tr\/index.php\/wp-json\/wp\/v2\/product"}],"about":[{"href":"https:\/\/roveyayinevi.com.tr\/index.php\/wp-json\/wp\/v2\/types\/product"}],"wp:attachment":[{"href":"https:\/\/roveyayinevi.com.tr\/index.php\/wp-json\/wp\/v2\/media?parent=767720"}],"wp:term":[{"taxonomy":"product_brand","embeddable":true,"href":"https:\/\/roveyayinevi.com.tr\/index.php\/wp-json\/wp\/v2\/product_brand?post=767720"},{"taxonomy":"product_cat","embeddable":true,"href":"https:\/\/roveyayinevi.com.tr\/index.php\/wp-json\/wp\/v2\/product_cat?post=767720"},{"taxonomy":"product_tag","embeddable":true,"href":"https:\/\/roveyayinevi.com.tr\/index.php\/wp-json\/wp\/v2\/product_tag?post=767720"}],"curies":[{"name":"wp","href":"https:\/\/api.w.org\/{rel}","templated":true}]}}