{"id":767688,"date":"2025-08-28T12:56:02","date_gmt":"2025-08-28T09:56:02","guid":{"rendered":"https:\/\/roveyayinevi.com.tr\/index.php\/urun\/bugun-yeniden-basliyorsun\/"},"modified":"2026-04-15T03:33:30","modified_gmt":"2026-04-15T00:33:30","slug":"bugun-yeniden-basliyorsun","status":"publish","type":"product","link":"https:\/\/roveyayinevi.com.tr\/index.php\/urun\/bugun-yeniden-basliyorsun\/","title":{"rendered":"Bugu\u0308n Yeniden Ba\u015fl\u0131yorsun"},"content":{"rendered":"<p>Att\u0131\u011f\u0131m\u0131z her ad\u0131m\u0131n temelinde psikoloji var. Eylemlerimizde, kararlar\u0131m\u0131zda, vazge\u00e7i\u015flerimizde, arzular\u0131m\u0131zda\u2026 \u0130nsan olman\u0131n do\u011fas\u0131nda duygu, dolay\u0131s\u0131yla psikoloji var ve hissetti\u011finiz bu\u0308tu\u0308n o duygular o kadar do\u011fal ve ge\u00e7ici ki\u2026 Yeter ki bunun fark\u0131nda olal\u0131m.   Uzman Klinik Psikolog Lucy Maddox\u2019un da belirtti\u011fi gibi, biz bir hava durumu de\u011filiz, g\u00f6kyu\u0308zu\u0308nu\u0308n kendisiyiz. Ruhumuzda ya\u011fmurlar ya\u011f\u0131yorsa bir daha hi\u00e7 gu\u0308ne\u015f a\u00e7mayaca\u011f\u0131n\u0131 du\u0308\u015fu\u0308nmek faydas\u0131z, kald\u0131 ki bu do\u011fru da de\u011fil.   Maddox, Bugu\u0308n Yeniden Ba\u015fl\u0131yorsun\u2019da y\u0131l\u0131 aylara b\u00f6lerek bu su\u0308re\u00e7lerde duygu durumumuzda olacak muhtemel de\u011fi\u015fimleri ve bunlar\u0131 nas\u0131l faydal\u0131 hale d\u00f6nu\u0308\u015ftu\u0308rebilece\u011fimizi, dan\u0131\u015fanlar\u0131ndan \u00f6rnekler vererek a\u00e7\u0131kl\u0131yor.   Aylar\u0131n da kimlikleri var, bu kimliklerin bizim ruhumuzda da bir tezahu\u0308ru\u0308&#8230; Yeni bir sen i\u00e7in yeni bir y\u0131la haz\u0131r m\u0131s\u0131n? O zaman haydi, bugu\u0308n yeniden ba\u015fl\u0131yorsun.<\/p>\n","protected":false},"excerpt":{"rendered":"<p>Att\u0131\u011f\u0131m\u0131z her ad\u0131m\u0131n temelinde psikoloji var. Eylemlerimizde, kararlar\u0131m\u0131zda, vazge\u00e7i\u015flerimizde, arzular\u0131m\u0131zda\u2026 \u0130nsan olman\u0131n do\u011fas\u0131nda duygu, dolay\u0131s\u0131yla psikoloji var ve hissetti\u011finiz bu\u0308tu\u0308n o duygular o kadar do\u011fal ve<span class=\"excerpt-hellip\"> [\u2026]<\/span><\/p>\n","protected":false},"featured_media":0,"template":"","meta":{"_monsterinsights_skip_tracking":false,"_monsterinsights_sitenote_active":false,"_monsterinsights_sitenote_note":"","_monsterinsights_sitenote_category":0},"product_brand":[],"product_cat":[12358,12357],"product_tag":[],"class_list":{"0":"post-767688","1":"product","2":"type-product","3":"status-publish","5":"product_cat-genel-psikoloji","6":"product_cat-psikoloji","7":"pa_cilt-ciltsiz","8":"pa_tur-kitap","9":"pa_yayinevi-dusbaz-kitaplar","10":"pa_yazar-lucy-maddox","12":"first","13":"instock","14":"sale","15":"shipping-taxable","16":"purchasable","17":"product-type-simple"},"_links":{"self":[{"href":"https:\/\/roveyayinevi.com.tr\/index.php\/wp-json\/wp\/v2\/product\/767688","targetHints":{"allow":["GET"]}}],"collection":[{"href":"https:\/\/roveyayinevi.com.tr\/index.php\/wp-json\/wp\/v2\/product"}],"about":[{"href":"https:\/\/roveyayinevi.com.tr\/index.php\/wp-json\/wp\/v2\/types\/product"}],"wp:attachment":[{"href":"https:\/\/roveyayinevi.com.tr\/index.php\/wp-json\/wp\/v2\/media?parent=767688"}],"wp:term":[{"taxonomy":"product_brand","embeddable":true,"href":"https:\/\/roveyayinevi.com.tr\/index.php\/wp-json\/wp\/v2\/product_brand?post=767688"},{"taxonomy":"product_cat","embeddable":true,"href":"https:\/\/roveyayinevi.com.tr\/index.php\/wp-json\/wp\/v2\/product_cat?post=767688"},{"taxonomy":"product_tag","embeddable":true,"href":"https:\/\/roveyayinevi.com.tr\/index.php\/wp-json\/wp\/v2\/product_tag?post=767688"}],"curies":[{"name":"wp","href":"https:\/\/api.w.org\/{rel}","templated":true}]}}