{"id":767680,"date":"2025-08-28T12:55:38","date_gmt":"2025-08-28T09:55:38","guid":{"rendered":"https:\/\/roveyayinevi.com.tr\/index.php\/urun\/digerleri-2\/"},"modified":"2026-04-08T03:30:08","modified_gmt":"2026-04-08T00:30:08","slug":"digerleri-2","status":"publish","type":"product","link":"https:\/\/roveyayinevi.com.tr\/index.php\/urun\/digerleri-2\/","title":{"rendered":"Di\u011ferleri"},"content":{"rendered":"<p>\u201cK\u00f6t\u00fc olan insanlard\u0131 \u00e7\u00fcnk\u00fc bahar kimseyi \u00f6ld\u00fcrmezdi, \u015fehir kimseye k\u0131ymazd\u0131, gen\u00e7lik can almazd\u0131. Ne bela varsa insandand\u0131.\u201d   Di\u011ferleri, 70\u2019lerin T\u00fcrkiye\u2019sinde bir mahallenin, eski bir kona\u011f\u0131n ve burada kesi\u015fen hayatlar\u0131n roman\u0131. \u00d6b\u00fcrk\u00fcler\u2019den tan\u0131d\u0131\u011f\u0131m\u0131z Sacide ve arkada\u015f\u0131 Cahide\u2019nin hik\u00e2yesi, ge\u00e7mi\u015fin g\u00f6lgelerinde kaybolmu\u015f Hayganu\u015f ve Artin Bo\u011fosyan\u2019\u0131n d\u00fcnyas\u0131yla birle\u015fiyor, \u201cdi\u011ferleri\u201dnin \u015fa\u015f\u0131rt\u0131c\u0131 varl\u0131\u011f\u0131yla \u015fekilleniyor. Pansiyoncu olarak geldikleri evde \u00fcniversite \u00f6\u011frencisi gen\u00e7ler Artin Bey\u2019in d\u00fcnya d\u0131\u015f\u0131 \u00e2lemlere a\u00e7\u0131lan kap\u0131lar\u0131yla kar\u015f\u0131la\u015f\u0131yor.   Mahir \u00dcnsal Eri\u015f, detaylara olan titizli\u011fi ve duygu y\u00fckl\u00fc anlat\u0131m\u0131yla okurlar\u0131n\u0131 ta\u015fra ile metropol aras\u0131nda s\u0131k\u0131\u015fm\u0131\u015f hayatlar\u0131n i\u00e7ine \u00e7ekiyor. B\u00fcy\u00fck hayallerle dolu devrimci gen\u00e7ler, konakta saklanan s\u0131rlar ve her k\u00f6\u015fesinden insan olman\u0131n derin karma\u015f\u0131kl\u0131\u011f\u0131 s\u0131zan bu roman, hem kahkahalar att\u0131r\u0131yor hem de y\u00fcre\u011finizi burkuyor.   Her bir karakterin bir par\u00e7as\u0131n\u0131 ta\u015f\u0131d\u0131\u011f\u0131 Di\u011ferleri, insan olman\u0131n karma\u015f\u0131k g\u00fczelliklerini ve zorluklar\u0131n\u0131 hat\u0131rlat\u0131yor, ge\u00e7mi\u015fin g\u00f6lgeleriyle bug\u00fcn\u00fcn umutlar\u0131n\u0131 bulu\u015fturuyor ve her sat\u0131r\u0131nda okurunu derinden etkiliyor. \u00d6b\u00fcrk\u00fcler ile ba\u015flayan macera Di\u011ferleri ile yepyeni bir manzaraya a\u00e7\u0131l\u0131yor. <\/p>\n","protected":false},"excerpt":{"rendered":"<p>\u201cK\u00f6t\u00fc olan insanlard\u0131 \u00e7\u00fcnk\u00fc bahar kimseyi \u00f6ld\u00fcrmezdi, \u015fehir kimseye k\u0131ymazd\u0131, gen\u00e7lik can almazd\u0131. Ne bela varsa insandand\u0131.\u201d Di\u011ferleri, 70\u2019lerin T\u00fcrkiye\u2019sinde bir mahallenin, eski bir kona\u011f\u0131n ve<span class=\"excerpt-hellip\"> [\u2026]<\/span><\/p>\n","protected":false},"featured_media":0,"template":"","meta":{"_monsterinsights_skip_tracking":false,"_monsterinsights_sitenote_active":false,"_monsterinsights_sitenote_note":"","_monsterinsights_sitenote_category":0},"product_brand":[],"product_cat":[12291,12711],"product_tag":[],"class_list":{"0":"post-767680","1":"product","2":"type-product","3":"status-publish","5":"product_cat-edebiyat","6":"product_cat-roman-oyku","7":"pa_cilt-ciltsiz","8":"pa_tur-kitap","9":"pa_yayinevi-dogan-kitap","10":"pa_yazar-mahir-unsal-eris","12":"first","13":"instock","14":"sale","15":"shipping-taxable","16":"purchasable","17":"product-type-simple"},"_links":{"self":[{"href":"https:\/\/roveyayinevi.com.tr\/index.php\/wp-json\/wp\/v2\/product\/767680","targetHints":{"allow":["GET"]}}],"collection":[{"href":"https:\/\/roveyayinevi.com.tr\/index.php\/wp-json\/wp\/v2\/product"}],"about":[{"href":"https:\/\/roveyayinevi.com.tr\/index.php\/wp-json\/wp\/v2\/types\/product"}],"wp:attachment":[{"href":"https:\/\/roveyayinevi.com.tr\/index.php\/wp-json\/wp\/v2\/media?parent=767680"}],"wp:term":[{"taxonomy":"product_brand","embeddable":true,"href":"https:\/\/roveyayinevi.com.tr\/index.php\/wp-json\/wp\/v2\/product_brand?post=767680"},{"taxonomy":"product_cat","embeddable":true,"href":"https:\/\/roveyayinevi.com.tr\/index.php\/wp-json\/wp\/v2\/product_cat?post=767680"},{"taxonomy":"product_tag","embeddable":true,"href":"https:\/\/roveyayinevi.com.tr\/index.php\/wp-json\/wp\/v2\/product_tag?post=767680"}],"curies":[{"name":"wp","href":"https:\/\/api.w.org\/{rel}","templated":true}]}}