{"id":767675,"date":"2025-08-28T12:55:23","date_gmt":"2025-08-28T09:55:23","guid":{"rendered":"https:\/\/roveyayinevi.com.tr\/index.php\/urun\/dunya-bu-kadar-2\/"},"modified":"2026-04-12T03:24:55","modified_gmt":"2026-04-12T00:24:55","slug":"dunya-bu-kadar-2","status":"publish","type":"product","link":"https:\/\/roveyayinevi.com.tr\/index.php\/urun\/dunya-bu-kadar-2\/","title":{"rendered":"D\u00fcnya Bu Kadar"},"content":{"rendered":"<p>Bu d\u00fcnya, ge\u00e7mi\u015fin an\u0131lar\u0131 ve gelece\u011fin belirsizli\u011fiyle \u015fekillenirken, her insan kendi hik\u00e2yesini yazmaya \u00e7al\u0131\u015f\u0131yor\u2026   D\u00fcnya Bu Kadar, k\u00fc\u00e7\u00fck bir \u201cikindi kahvalt\u0131s\u0131\u201dn\u0131n etraf\u0131nda \u015fekillenen nesillerin, olaylar\u0131n ve duygular\u0131n i\u00e7 i\u00e7e ge\u00e7ti\u011fi bir hik\u00e2ye. G\u00fcne\u015f\u2019in hik\u00e2yesiyle ba\u015flayan olaylar bizi Kore Sava\u015f\u0131\u2019n\u0131n tozlu yollar\u0131na, M\u00fckerrem Han\u0131m\u2019\u0131n dantellerle bezeli d\u00fcnyas\u0131na, ansiklopedilerin tozlu sayfalar\u0131 aras\u0131nda kaybolmu\u015f Korhan\u2019la Fevziye\u2019nin hayatlar\u0131na ve daha nicelerine ta\u015f\u0131yor. Dantel motifleri gibi i\u015flenmi\u015f bu hik\u00e2yelerde, g\u00fcndelik hayat\u0131n s\u0131radan gibi g\u00f6r\u00fcnen detaylar\u0131yla y\u00fczle\u015fecek, kendinizi bazen bir sofrada, bazen de kalabal\u0131klar i\u00e7inde yaln\u0131z hissedeceksiniz.   D\u00fcnya, ger\u00e7ekten bu kadar m\u0131? Yoksa daha fazlas\u0131n\u0131 g\u00f6rebilmek i\u00e7in ba\u015fka bir yerden mi bakmam\u0131z gerekiyor? <\/p>\n","protected":false},"excerpt":{"rendered":"<p>Bu d\u00fcnya, ge\u00e7mi\u015fin an\u0131lar\u0131 ve gelece\u011fin belirsizli\u011fiyle \u015fekillenirken, her insan kendi hik\u00e2yesini yazmaya \u00e7al\u0131\u015f\u0131yor\u2026 D\u00fcnya Bu Kadar, k\u00fc\u00e7\u00fck bir \u201cikindi kahvalt\u0131s\u0131\u201dn\u0131n etraf\u0131nda \u015fekillenen nesillerin, olaylar\u0131n ve<span class=\"excerpt-hellip\"> [\u2026]<\/span><\/p>\n","protected":false},"featured_media":0,"template":"","meta":{"_monsterinsights_skip_tracking":false,"_monsterinsights_sitenote_active":false,"_monsterinsights_sitenote_note":"","_monsterinsights_sitenote_category":0},"product_brand":[],"product_cat":[12291,12711],"product_tag":[],"class_list":{"0":"post-767675","1":"product","2":"type-product","3":"status-publish","5":"product_cat-edebiyat","6":"product_cat-roman-oyku","7":"pa_cilt-ciltsiz","8":"pa_tur-kitap","9":"pa_yayinevi-dogan-kitap","10":"pa_yazar-mahir-unsal-eris","12":"first","13":"instock","14":"sale","15":"shipping-taxable","16":"purchasable","17":"product-type-simple"},"_links":{"self":[{"href":"https:\/\/roveyayinevi.com.tr\/index.php\/wp-json\/wp\/v2\/product\/767675","targetHints":{"allow":["GET"]}}],"collection":[{"href":"https:\/\/roveyayinevi.com.tr\/index.php\/wp-json\/wp\/v2\/product"}],"about":[{"href":"https:\/\/roveyayinevi.com.tr\/index.php\/wp-json\/wp\/v2\/types\/product"}],"wp:attachment":[{"href":"https:\/\/roveyayinevi.com.tr\/index.php\/wp-json\/wp\/v2\/media?parent=767675"}],"wp:term":[{"taxonomy":"product_brand","embeddable":true,"href":"https:\/\/roveyayinevi.com.tr\/index.php\/wp-json\/wp\/v2\/product_brand?post=767675"},{"taxonomy":"product_cat","embeddable":true,"href":"https:\/\/roveyayinevi.com.tr\/index.php\/wp-json\/wp\/v2\/product_cat?post=767675"},{"taxonomy":"product_tag","embeddable":true,"href":"https:\/\/roveyayinevi.com.tr\/index.php\/wp-json\/wp\/v2\/product_tag?post=767675"}],"curies":[{"name":"wp","href":"https:\/\/api.w.org\/{rel}","templated":true}]}}