{"id":767657,"date":"2025-08-28T12:54:41","date_gmt":"2025-08-28T09:54:41","guid":{"rendered":"https:\/\/roveyayinevi.com.tr\/index.php\/urun\/afet-yonetimi-el-kitabi\/"},"modified":"2026-04-15T03:33:29","modified_gmt":"2026-04-15T00:33:29","slug":"afet-yonetimi-el-kitabi","status":"publish","type":"product","link":"https:\/\/roveyayinevi.com.tr\/index.php\/urun\/afet-yonetimi-el-kitabi\/","title":{"rendered":"Afet Y\u00f6netimi El Kitab\u0131"},"content":{"rendered":"<p>\u0130\u00e7indekiler :   1 B\u00d6L\u00dcM: Afet Y\u00f6netiminin Tarih\u00e7esi   2 B\u00d6L\u00dcM: S\u00fcrd\u00fcr\u00fclebilir Kalk\u0131nmada Afet Y\u00f6netiminin Yeri   3 B\u00d6L\u00dcM: Afet Y\u00f6netim Sisteminde Jeofizik M\u00fchendisli\u011finin Yeri Ve \u00d6nemi   4 B\u00d6L\u00dcM: Afetlerde B\u00fct\u00fcnle\u015fik \u00c7evre Y\u00f6netim Stratejileri   5 B\u00d6L\u00dcM: Afet Y\u00f6netimi \u0130\u00e7erisinde Afet Lojisti\u011finin Yeri   6 B\u00d6L\u00dcM: Afet Y\u00f6netiminin Farkl\u0131 Evreleri \u0130\u00e7inde Halk Sa\u011fl\u0131\u011f\u0131 Uygulamalar\u0131na Bir Bak\u0131\u015f   7 B\u00d6L\u00dcM: End\u00fcstriyel Afetlerde Kimyasallar\u0131n Rol\u00fc   8 B\u00d6L\u00dcM: Afet Y\u00f6netiminde Liderlik   9 B\u00d6L\u00dcM: Afetlerde Risk Azaltma Stratejileri     10 B\u00d6L\u00dcM: Afetlerde Hassas Gruplar   11 B\u00d6L\u00dcM: Afetlerde E\u011fitim   12 B\u00d6L\u00dcM: S\u00fcrd\u00fcr\u00fclebilirlik Odakl\u0131 B\u00fct\u00fcnle\u015fik At\u0131k ve Afet Y\u00f6netimi   13 B\u00d6L\u00dcM: Afetlerde M\u00fcdahale S\u00fcrecinin Y\u00f6netimi   14 B\u00d6L\u00dcM: Afet Y\u00f6netiminde KBRN <\/p>\n","protected":false},"excerpt":{"rendered":"<p>\u0130\u00e7indekiler : 1 B\u00d6L\u00dcM: Afet Y\u00f6netiminin Tarih\u00e7esi 2 B\u00d6L\u00dcM: S\u00fcrd\u00fcr\u00fclebilir Kalk\u0131nmada Afet Y\u00f6netiminin Yeri 3 B\u00d6L\u00dcM: Afet Y\u00f6netim Sisteminde Jeofizik M\u00fchendisli\u011finin Yeri Ve \u00d6nemi 4 B\u00d6L\u00dcM:<span class=\"excerpt-hellip\"> [\u2026]<\/span><\/p>\n","protected":false},"featured_media":0,"template":"","meta":{"_monsterinsights_skip_tracking":false,"_monsterinsights_sitenote_active":false,"_monsterinsights_sitenote_note":"","_monsterinsights_sitenote_category":0},"product_brand":[],"product_cat":[13005,40995],"product_tag":[],"class_list":{"0":"post-767657","1":"product","2":"type-product","3":"status-publish","5":"product_cat-bilim-muhendislik","6":"product_cat-sosyal-bilimler","7":"pa_cilt-ciltsiz","8":"pa_tur-kitap","9":"pa_yayinevi-gazi-kitabevi","10":"pa_yazar-kolektif","12":"first","13":"instock","14":"sale","15":"shipping-taxable","16":"purchasable","17":"product-type-simple"},"_links":{"self":[{"href":"https:\/\/roveyayinevi.com.tr\/index.php\/wp-json\/wp\/v2\/product\/767657","targetHints":{"allow":["GET"]}}],"collection":[{"href":"https:\/\/roveyayinevi.com.tr\/index.php\/wp-json\/wp\/v2\/product"}],"about":[{"href":"https:\/\/roveyayinevi.com.tr\/index.php\/wp-json\/wp\/v2\/types\/product"}],"wp:attachment":[{"href":"https:\/\/roveyayinevi.com.tr\/index.php\/wp-json\/wp\/v2\/media?parent=767657"}],"wp:term":[{"taxonomy":"product_brand","embeddable":true,"href":"https:\/\/roveyayinevi.com.tr\/index.php\/wp-json\/wp\/v2\/product_brand?post=767657"},{"taxonomy":"product_cat","embeddable":true,"href":"https:\/\/roveyayinevi.com.tr\/index.php\/wp-json\/wp\/v2\/product_cat?post=767657"},{"taxonomy":"product_tag","embeddable":true,"href":"https:\/\/roveyayinevi.com.tr\/index.php\/wp-json\/wp\/v2\/product_tag?post=767657"}],"curies":[{"name":"wp","href":"https:\/\/api.w.org\/{rel}","templated":true}]}}