{"id":767654,"date":"2025-08-28T12:54:37","date_gmt":"2025-08-28T09:54:37","guid":{"rendered":"https:\/\/roveyayinevi.com.tr\/index.php\/urun\/kirilan-cicek-kulilka-ku-sikest\/"},"modified":"2026-04-15T03:33:29","modified_gmt":"2026-04-15T00:33:29","slug":"kirilan-cicek-kulilka-ku-sikest","status":"publish","type":"product","link":"https:\/\/roveyayinevi.com.tr\/index.php\/urun\/kirilan-cicek-kulilka-ku-sikest\/","title":{"rendered":"K\u0131r\u0131lan \u00c7i\u00e7ek &amp; Kulilka Ku \u015eikest"},"content":{"rendered":"<p>&#8220;K\u0131r\u0131lan \u00c7i\u00e7ek&#8221;, hayatta sevgi, ac\u0131, umut ve diren\u00e7 gibi evrensel temalar\u0131, bir halk\u0131n k\u00fclt\u00fcr\u00fcne ve tarihine \u00f6zg\u00fc bir bak\u0131\u015f a\u00e7\u0131s\u0131yla harmanlayan etkileyici bir romand\u0131r. Bu eser, K\u00fcrt\u00e7e olarak ta ele al\u0131rken, bir \u00e7i\u00e7e\u011fin k\u0131r\u0131lmas\u0131yla ba\u015flayan bir yolculu\u011fun i\u00e7sel ve d\u0131\u015fsal \u00e7at\u0131\u015fmalar\u0131n\u0131 g\u00f6zler \u00f6n\u00fcne seriyor. Zengin dil ve anlat\u0131m, okuru s\u00fcr\u00fcklerken, K\u00fcrt halk\u0131n\u0131n ya\u015fad\u0131\u011f\u0131 zorluklar\u0131, direncini ve insan olman\u0131n evrensel anlam\u0131n\u0131 sorgulat\u0131yor. K\u0131r\u0131lan \u00c7i\u00e7ek, sadece bir halk\u0131n hikayesi de\u011fil, insan olman\u0131n evrensel yolculu\u011funun da bir yans\u0131mas\u0131d\u0131r.&#8221;<\/p>\n","protected":false},"excerpt":{"rendered":"<p>&#8220;K\u0131r\u0131lan \u00c7i\u00e7ek&#8221;, hayatta sevgi, ac\u0131, umut ve diren\u00e7 gibi evrensel temalar\u0131, bir halk\u0131n k\u00fclt\u00fcr\u00fcne ve tarihine \u00f6zg\u00fc bir bak\u0131\u015f a\u00e7\u0131s\u0131yla harmanlayan etkileyici bir romand\u0131r. Bu eser,<span class=\"excerpt-hellip\"> [\u2026]<\/span><\/p>\n","protected":false},"featured_media":0,"template":"","meta":{"_monsterinsights_skip_tracking":false,"_monsterinsights_sitenote_active":false,"_monsterinsights_sitenote_note":"","_monsterinsights_sitenote_category":0},"product_brand":[],"product_cat":[12291,12711],"product_tag":[],"class_list":{"0":"post-767654","1":"product","2":"type-product","3":"status-publish","5":"product_cat-edebiyat","6":"product_cat-roman-oyku","7":"pa_cilt-ciltsiz","8":"pa_tur-kitap","9":"pa_yayinevi-kalem-lugat-yayincilik","10":"pa_yazar-zubeyt-bozkurt","12":"first","13":"instock","14":"sale","15":"shipping-taxable","16":"purchasable","17":"product-type-simple"},"_links":{"self":[{"href":"https:\/\/roveyayinevi.com.tr\/index.php\/wp-json\/wp\/v2\/product\/767654","targetHints":{"allow":["GET"]}}],"collection":[{"href":"https:\/\/roveyayinevi.com.tr\/index.php\/wp-json\/wp\/v2\/product"}],"about":[{"href":"https:\/\/roveyayinevi.com.tr\/index.php\/wp-json\/wp\/v2\/types\/product"}],"wp:attachment":[{"href":"https:\/\/roveyayinevi.com.tr\/index.php\/wp-json\/wp\/v2\/media?parent=767654"}],"wp:term":[{"taxonomy":"product_brand","embeddable":true,"href":"https:\/\/roveyayinevi.com.tr\/index.php\/wp-json\/wp\/v2\/product_brand?post=767654"},{"taxonomy":"product_cat","embeddable":true,"href":"https:\/\/roveyayinevi.com.tr\/index.php\/wp-json\/wp\/v2\/product_cat?post=767654"},{"taxonomy":"product_tag","embeddable":true,"href":"https:\/\/roveyayinevi.com.tr\/index.php\/wp-json\/wp\/v2\/product_tag?post=767654"}],"curies":[{"name":"wp","href":"https:\/\/api.w.org\/{rel}","templated":true}]}}