{"id":767652,"date":"2025-08-28T12:54:34","date_gmt":"2025-08-28T09:54:34","guid":{"rendered":"https:\/\/roveyayinevi.com.tr\/index.php\/urun\/benimle-kal\/"},"modified":"2026-04-15T03:33:29","modified_gmt":"2026-04-15T00:33:29","slug":"benimle-kal","status":"publish","type":"product","link":"https:\/\/roveyayinevi.com.tr\/index.php\/urun\/benimle-kal\/","title":{"rendered":"Benimle Kal"},"content":{"rendered":"<p>Sar\u0131lmalar\u0131n as\u0131l\u0131 kald\u0131\u011f\u0131 g\u00fcnlerden ge\u00e7iyoruz \u2026.. Ne bahar geldi Ne sen kalabildin G\u00fcl\u00fc\u015f\u00fcne karlar ya\u011fd\u0131 Sa\u00e7lar\u0131nda deli r\u00fczg\u00e2rlar Oysa; Y\u00fcrekler yine temmuz s\u0131ca\u011f\u0131  Ziyan\u0131 yok sen \u00fc\u015f\u00fcme \u015eiir \u00f6rtt\u00fcm \u00fcst\u00fcne G\u00f6kku\u015fa\u011f\u0131 ile s\u00fcsl\u00fc Mavi d\u00fc\u015flerle G\u00fcne\u015fle hep kal diye  \u2026\u2026!   Evet, sevgi ile h\u00fcz\u00fcn benim i\u00e7imde yan yanad\u0131r. Ac\u0131 ile tatl\u0131 gibi. \u00dcmitsizlik duygusunun i\u00e7ine b\u0131rakmam y\u00fcre\u011fimi, b\u0131rak\u0131rsam \u00fcmitsiz \u015fiirler d\u00f6k\u00fcl\u00fcr kalemimden. Oysa umutlar insan\u0131 ayakta tutan, umuttur ne kadar k\u00f6t\u00fcl\u00fck olursa olsun bir iyilik aratan duygu. \u00d6yle bir hale geldik ki iki dost, iki karde\u015f, art\u0131k oturup sohbet bile etmiyorlar. Payla\u015fm\u0131yorlar, bana dokunmayan y\u0131lan bin y\u0131l ya\u015fas\u0131n misali her birey kendi \u00e7\u0131karlar\u0131 do\u011frultusunda kafas\u0131n\u0131 kuma g\u00f6m\u00fcp ya\u015f\u0131yor.<\/p>\n","protected":false},"excerpt":{"rendered":"<p>Sar\u0131lmalar\u0131n as\u0131l\u0131 kald\u0131\u011f\u0131 g\u00fcnlerden ge\u00e7iyoruz \u2026.. Ne bahar geldi Ne sen kalabildin G\u00fcl\u00fc\u015f\u00fcne karlar ya\u011fd\u0131 Sa\u00e7lar\u0131nda deli r\u00fczg\u00e2rlar Oysa; Y\u00fcrekler yine temmuz s\u0131ca\u011f\u0131 Ziyan\u0131 yok sen<span class=\"excerpt-hellip\"> [\u2026]<\/span><\/p>\n","protected":false},"featured_media":0,"template":"","meta":{"_monsterinsights_skip_tracking":false,"_monsterinsights_sitenote_active":false,"_monsterinsights_sitenote_note":"","_monsterinsights_sitenote_category":0},"product_brand":[],"product_cat":[12291,12509],"product_tag":[],"class_list":{"0":"post-767652","1":"product","2":"type-product","3":"status-publish","5":"product_cat-edebiyat","6":"product_cat-siir","7":"pa_cilt-ciltsiz","8":"pa_tur-kitap","9":"pa_yayinevi-kalem-lugat-yayincilik","10":"pa_yazar-zubeyt-bozkurt","12":"first","13":"instock","14":"sale","15":"shipping-taxable","16":"purchasable","17":"product-type-simple"},"_links":{"self":[{"href":"https:\/\/roveyayinevi.com.tr\/index.php\/wp-json\/wp\/v2\/product\/767652","targetHints":{"allow":["GET"]}}],"collection":[{"href":"https:\/\/roveyayinevi.com.tr\/index.php\/wp-json\/wp\/v2\/product"}],"about":[{"href":"https:\/\/roveyayinevi.com.tr\/index.php\/wp-json\/wp\/v2\/types\/product"}],"wp:attachment":[{"href":"https:\/\/roveyayinevi.com.tr\/index.php\/wp-json\/wp\/v2\/media?parent=767652"}],"wp:term":[{"taxonomy":"product_brand","embeddable":true,"href":"https:\/\/roveyayinevi.com.tr\/index.php\/wp-json\/wp\/v2\/product_brand?post=767652"},{"taxonomy":"product_cat","embeddable":true,"href":"https:\/\/roveyayinevi.com.tr\/index.php\/wp-json\/wp\/v2\/product_cat?post=767652"},{"taxonomy":"product_tag","embeddable":true,"href":"https:\/\/roveyayinevi.com.tr\/index.php\/wp-json\/wp\/v2\/product_tag?post=767652"}],"curies":[{"name":"wp","href":"https:\/\/api.w.org\/{rel}","templated":true}]}}