{"id":767650,"date":"2025-08-28T12:54:31","date_gmt":"2025-08-28T09:54:31","guid":{"rendered":"https:\/\/roveyayinevi.com.tr\/index.php\/urun\/islam-ve-genclik\/"},"modified":"2026-04-15T03:33:29","modified_gmt":"2026-04-15T00:33:29","slug":"islam-ve-genclik","status":"publish","type":"product","link":"https:\/\/roveyayinevi.com.tr\/index.php\/urun\/islam-ve-genclik\/","title":{"rendered":"\u0130slam ve Gen\u00e7lik"},"content":{"rendered":"<p>Gen\u00e7lik, insan\u0131n do\u011fumundan \u00f6l\u00fcm\u00fcne kadarki ya\u015fam s\u00fcrecinde \u00f6nemli bir s\u00fcre\u00e7tir. Bu d\u00f6nemde hayat\u0131m\u0131za att\u0131\u011f\u0131m\u0131z tohumlar gelece\u011fimizi y\u00f6nlendirir. Peki, M\u00fcsl\u00fcman bir gencin hayat\u0131n\u0131 y\u00f6nlendirmesinde ehemmiyet ta\u015f\u0131yan Referanslar neler olmal\u0131? Kur\u2019an-\u0131 Kerim \u2018in yol g\u00f6sterili\u011finde Peygamber Efendimizin di\u011fer peygamberlerin hayatlar\u0131ndan ders alarak ilerlemek i\u00e7in en sa\u011fl\u0131kl\u0131 yoldur. Gen\u00e7lerimizi yeti\u015ftirirken dinimizin temel iki kayna\u011f\u0131 olan Kur\u2019an-\u0131 Kerim ve peygamberimizin s\u00fcnnetini rehber edinmek bizleri ba\u015far\u0131l\u0131 k\u0131lar. Peygamber Efendimizi anlamak Kelime-i tevhit ve Kelime-i \u015fehadet ile ba\u015flar.   Gen\u00e7leri e\u011fitirken yap\u0131lan her t\u00fcrl\u00fc ihmal ve hatal\u0131 davran\u0131\u015f geleceklerini ve hatta ahiret hayatlar\u0131na bile zarar verebilir. Gen\u00e7lik, cemiyetin b\u00fct\u00fcn\u00fcne g\u00fc\u00e7 veren, toplumun varl\u0131\u011f\u0131na hayatiyet kazand\u0131ran ve onun devam\u0131n\u0131 sa\u011flayan ilahi bir hazinedir. \u0130slam\u2019da yeri ve de\u011feri y\u00fcksek olan gen\u00e7lik, peygamberimizin lisan\u0131 ile \u00f6v\u00fclm\u00fc\u015ft\u00fcr. Buna g\u00f6re \u201c Gen\u00e7lerimizin en hay\u0131rl\u0131s\u0131 bilgi, edep ve terbiyede ergin insanlara benzeyen, b\u00fcy\u00fckler gibi k\u00e2mil olanlard\u0131r.\u201d<\/p>\n","protected":false},"excerpt":{"rendered":"<p>Gen\u00e7lik, insan\u0131n do\u011fumundan \u00f6l\u00fcm\u00fcne kadarki ya\u015fam s\u00fcrecinde \u00f6nemli bir s\u00fcre\u00e7tir. Bu d\u00f6nemde hayat\u0131m\u0131za att\u0131\u011f\u0131m\u0131z tohumlar gelece\u011fimizi y\u00f6nlendirir. Peki, M\u00fcsl\u00fcman bir gencin hayat\u0131n\u0131 y\u00f6nlendirmesinde ehemmiyet ta\u015f\u0131yan Referanslar<span class=\"excerpt-hellip\"> [\u2026]<\/span><\/p>\n","protected":false},"featured_media":0,"template":"","meta":{"_monsterinsights_skip_tracking":false,"_monsterinsights_sitenote_active":false,"_monsterinsights_sitenote_note":"","_monsterinsights_sitenote_category":0},"product_brand":[],"product_cat":[12718,12719],"product_tag":[],"class_list":{"0":"post-767650","1":"product","2":"type-product","3":"status-publish","5":"product_cat-din","6":"product_cat-islam","7":"pa_cilt-ciltsiz","8":"pa_tur-kitap","9":"pa_yayinevi-kalem-lugat-yayincilik","10":"pa_yazar-zubeyt-bozkurt","12":"first","13":"instock","14":"sale","15":"shipping-taxable","16":"purchasable","17":"product-type-simple"},"_links":{"self":[{"href":"https:\/\/roveyayinevi.com.tr\/index.php\/wp-json\/wp\/v2\/product\/767650","targetHints":{"allow":["GET"]}}],"collection":[{"href":"https:\/\/roveyayinevi.com.tr\/index.php\/wp-json\/wp\/v2\/product"}],"about":[{"href":"https:\/\/roveyayinevi.com.tr\/index.php\/wp-json\/wp\/v2\/types\/product"}],"wp:attachment":[{"href":"https:\/\/roveyayinevi.com.tr\/index.php\/wp-json\/wp\/v2\/media?parent=767650"}],"wp:term":[{"taxonomy":"product_brand","embeddable":true,"href":"https:\/\/roveyayinevi.com.tr\/index.php\/wp-json\/wp\/v2\/product_brand?post=767650"},{"taxonomy":"product_cat","embeddable":true,"href":"https:\/\/roveyayinevi.com.tr\/index.php\/wp-json\/wp\/v2\/product_cat?post=767650"},{"taxonomy":"product_tag","embeddable":true,"href":"https:\/\/roveyayinevi.com.tr\/index.php\/wp-json\/wp\/v2\/product_tag?post=767650"}],"curies":[{"name":"wp","href":"https:\/\/api.w.org\/{rel}","templated":true}]}}