{"id":767647,"date":"2025-08-28T12:54:27","date_gmt":"2025-08-28T09:54:27","guid":{"rendered":"https:\/\/roveyayinevi.com.tr\/index.php\/urun\/bitmeyen-sticker-ulkemi-taniyorum\/"},"modified":"2026-04-15T03:33:29","modified_gmt":"2026-04-15T00:33:29","slug":"bitmeyen-sticker-ulkemi-taniyorum","status":"publish","type":"product","link":"https:\/\/roveyayinevi.com.tr\/index.php\/urun\/bitmeyen-sticker-ulkemi-taniyorum\/","title":{"rendered":"Bitmeyen Sticker \u00dclkemi Tan\u0131yorum"},"content":{"rendered":"<p>\u00dclkemizi ne kadar tan\u0131yorsunuz \u00e7ocuklar? B\u00f6lgeleri, denizleri, \u015fehirleri biliyor musunuz mesela? Yeti\u015ftirilen bitkileri, bir de \u00fclkemizde ya\u015fayan hayvanlar\u0131n ka\u00e7 tanesini tan\u0131yorsunuz? Mesela do\u011fdu\u011funuz \u015fehrin haritada nerede oldu\u011funu biliyor musunuz?   Dahas\u0131 da var bu kitapta. Nasreddin Hoca, Hacivat Karag\u00f6z. Hatta Yunuslar, tilkiler, kediler bile var. \u00c7\u00fcnk\u00fc hepsi \u00fclkemizde var.     Bu kitapla hem \u00fclkemizi tan\u0131yacak hem de stickerlarla e\u011flenceli vakit ge\u00e7ireceksiniz.<\/p>\n","protected":false},"excerpt":{"rendered":"<p>\u00dclkemizi ne kadar tan\u0131yorsunuz \u00e7ocuklar? B\u00f6lgeleri, denizleri, \u015fehirleri biliyor musunuz mesela? Yeti\u015ftirilen bitkileri, bir de \u00fclkemizde ya\u015fayan hayvanlar\u0131n ka\u00e7 tanesini tan\u0131yorsunuz? Mesela do\u011fdu\u011funuz \u015fehrin haritada nerede<span class=\"excerpt-hellip\"> [\u2026]<\/span><\/p>\n","protected":false},"featured_media":0,"template":"","meta":{"_monsterinsights_skip_tracking":false,"_monsterinsights_sitenote_active":false,"_monsterinsights_sitenote_note":"","_monsterinsights_sitenote_category":0},"product_brand":[],"product_cat":[12274,12518],"product_tag":[],"class_list":{"0":"post-767647","1":"product","2":"type-product","3":"status-publish","5":"product_cat-cocuk-ve-genclik-kitaplari","6":"product_cat-okul-oncesi-kitaplar","7":"pa_cilt-ciltsiz","8":"pa_tur-kitap","9":"pa_yayinevi-bicirik-yayinlari","10":"pa_yazar-erdi-dogan","12":"first","13":"instock","14":"sale","15":"shipping-taxable","16":"purchasable","17":"product-type-simple"},"_links":{"self":[{"href":"https:\/\/roveyayinevi.com.tr\/index.php\/wp-json\/wp\/v2\/product\/767647","targetHints":{"allow":["GET"]}}],"collection":[{"href":"https:\/\/roveyayinevi.com.tr\/index.php\/wp-json\/wp\/v2\/product"}],"about":[{"href":"https:\/\/roveyayinevi.com.tr\/index.php\/wp-json\/wp\/v2\/types\/product"}],"wp:attachment":[{"href":"https:\/\/roveyayinevi.com.tr\/index.php\/wp-json\/wp\/v2\/media?parent=767647"}],"wp:term":[{"taxonomy":"product_brand","embeddable":true,"href":"https:\/\/roveyayinevi.com.tr\/index.php\/wp-json\/wp\/v2\/product_brand?post=767647"},{"taxonomy":"product_cat","embeddable":true,"href":"https:\/\/roveyayinevi.com.tr\/index.php\/wp-json\/wp\/v2\/product_cat?post=767647"},{"taxonomy":"product_tag","embeddable":true,"href":"https:\/\/roveyayinevi.com.tr\/index.php\/wp-json\/wp\/v2\/product_tag?post=767647"}],"curies":[{"name":"wp","href":"https:\/\/api.w.org\/{rel}","templated":true}]}}