{"id":767645,"date":"2025-08-28T12:54:24","date_gmt":"2025-08-28T09:54:24","guid":{"rendered":"https:\/\/roveyayinevi.com.tr\/index.php\/urun\/cennetle-mujdelenen-sahabe-zubeyr-b-avvam-2\/"},"modified":"2026-04-15T03:33:29","modified_gmt":"2026-04-15T00:33:29","slug":"cennetle-mujdelenen-sahabe-zubeyr-b-avvam-2","status":"publish","type":"product","link":"https:\/\/roveyayinevi.com.tr\/index.php\/urun\/cennetle-mujdelenen-sahabe-zubeyr-b-avvam-2\/","title":{"rendered":"Cennetle M\u00fcjdelenen Sahabe: Z\u00fcbeyr B. Avvam"},"content":{"rendered":"<p>Cennetle M\u00fcjdelenen Sahabe: Z\u00fcbeyr B. Avvam Z\u00fcbeyr bin Avvam, \u0130slam\u2019\u0131n ilk y\u0131llar\u0131ndan itibaren m\u00fccadele eden, Peygamber Efendimizin en yak\u0131n sahabelerinden biriydi. Hem cesareti hem de fedak\u00e2rl\u0131\u011f\u0131yla tan\u0131nan Z\u00fcbeyr, sava\u015f alanlar\u0131nda oldu\u011fu kadar, \u0130slam&#8217;\u0131n yay\u0131lmas\u0131 i\u00e7in g\u00f6sterdi\u011fi gayretle de \u00f6rnek bir karakterdi. Bu kitap, Z\u00fcbeyr bin Avvam\u2019\u0131n hayat\u0131n\u0131, \u0130slam tarihindeki \u00f6nemli rol\u00fcn\u00fc ve onun \u00f6rnek al\u0131nacak ki\u015fili\u011fini derinlemesine ele al\u0131yor. Cesur bir sava\u015f\u00e7\u0131, sad\u0131k bir dost, adaletli bir lider olarak hayat\u0131na \u0131\u015f\u0131k tutan bu eser, onun sava\u015flardaki kahramanl\u0131klar\u0131ndan, Peygamber Efendimizin yan\u0131ndaki yeri ve manevi b\u00fcy\u00fckl\u00fc\u011f\u00fcne kadar pek \u00e7ok y\u00f6n\u00fcn\u00fc g\u00f6zler \u00f6n\u00fcne seriyor. Z\u00fcbeyr bin Avvam, sadece sava\u015flarla de\u011fil, ayn\u0131 zamanda ahlaki de\u011ferleri ve \u0130slam\u2019a olan derin ba\u011fl\u0131l\u0131\u011f\u0131yla da cennetle m\u00fcjdelenmi\u015f bir sahabedir. Onun hayat\u0131n\u0131 okumak, sadece tarih\u00ee bir fig\u00fcr\u00fc anlamak de\u011fil; ayn\u0131 zamanda bug\u00fcn\u00fcn insan\u0131na ilham verecek dersler \u00e7\u0131karmakt\u0131r. Z\u00fcbeyr\u2019in cesaretini, inanc\u0131n\u0131, ve Peygamberimizle olan dostlu\u011funu ke\u015ffedin\u2026 Cennetle m\u00fcjdelenenlerin izinden gidin.<\/p>\n","protected":false},"excerpt":{"rendered":"<p>Cennetle M\u00fcjdelenen Sahabe: Z\u00fcbeyr B. Avvam Z\u00fcbeyr bin Avvam, \u0130slam\u2019\u0131n ilk y\u0131llar\u0131ndan itibaren m\u00fccadele eden, Peygamber Efendimizin en yak\u0131n sahabelerinden biriydi. Hem cesareti hem de fedak\u00e2rl\u0131\u011f\u0131yla<span class=\"excerpt-hellip\"> [\u2026]<\/span><\/p>\n","protected":false},"featured_media":0,"template":"","meta":{"_monsterinsights_skip_tracking":false,"_monsterinsights_sitenote_active":false,"_monsterinsights_sitenote_note":"","_monsterinsights_sitenote_category":0},"product_brand":[],"product_cat":[12718,12719],"product_tag":[],"class_list":{"0":"post-767645","1":"product","2":"type-product","3":"status-publish","5":"product_cat-din","6":"product_cat-islam","7":"pa_cilt-ciltsiz","8":"pa_tur-kitap","9":"pa_yayinevi-kalem-lugat-yayincilik","10":"pa_yazar-zubeyt-bozkurt","12":"first","13":"instock","14":"sale","15":"shipping-taxable","16":"purchasable","17":"product-type-simple"},"_links":{"self":[{"href":"https:\/\/roveyayinevi.com.tr\/index.php\/wp-json\/wp\/v2\/product\/767645","targetHints":{"allow":["GET"]}}],"collection":[{"href":"https:\/\/roveyayinevi.com.tr\/index.php\/wp-json\/wp\/v2\/product"}],"about":[{"href":"https:\/\/roveyayinevi.com.tr\/index.php\/wp-json\/wp\/v2\/types\/product"}],"wp:attachment":[{"href":"https:\/\/roveyayinevi.com.tr\/index.php\/wp-json\/wp\/v2\/media?parent=767645"}],"wp:term":[{"taxonomy":"product_brand","embeddable":true,"href":"https:\/\/roveyayinevi.com.tr\/index.php\/wp-json\/wp\/v2\/product_brand?post=767645"},{"taxonomy":"product_cat","embeddable":true,"href":"https:\/\/roveyayinevi.com.tr\/index.php\/wp-json\/wp\/v2\/product_cat?post=767645"},{"taxonomy":"product_tag","embeddable":true,"href":"https:\/\/roveyayinevi.com.tr\/index.php\/wp-json\/wp\/v2\/product_tag?post=767645"}],"curies":[{"name":"wp","href":"https:\/\/api.w.org\/{rel}","templated":true}]}}