{"id":767641,"date":"2025-08-28T12:54:17","date_gmt":"2025-08-28T09:54:17","guid":{"rendered":"https:\/\/roveyayinevi.com.tr\/index.php\/urun\/asayisten-afete-jandarma\/"},"modified":"2026-04-15T03:33:29","modified_gmt":"2026-04-15T00:33:29","slug":"asayisten-afete-jandarma","status":"publish","type":"product","link":"https:\/\/roveyayinevi.com.tr\/index.php\/urun\/asayisten-afete-jandarma\/","title":{"rendered":"Asayi\u015ften Afete Jandarma"},"content":{"rendered":"<p>Afetler, insanl\u0131k tarihi boyunca toplumlar\u0131n kar\u015f\u0131la\u015ft\u0131\u011f\u0131 en b\u00fcy\u00fck problemlerden biri olmu\u015ftur. Depremler, seller, yang\u0131nlar ve di\u011fer do\u011fal afetler, yaln\u0131zca can ve mal kay\u0131plar\u0131na neden olmakla kalmam\u0131\u015f, ayn\u0131 zamanda toplumlar\u0131n sosyal, ekonomik ve k\u00fclt\u00fcrel yap\u0131lar\u0131nda derin izler b\u0131rakm\u0131\u015ft\u0131r. T\u00fcrk Devleti, ya\u015fanan afetlerde her zaman vatanda\u015f\u0131n\u0131n yan\u0131nda yer alm\u0131\u015f ve onun yaralar\u0131n\u0131 sarm\u0131\u015ft\u0131r. \u00dclkemizde ge\u00e7mi\u015ften bug\u00fcne afetlere m\u00fcdahale eden devlet kurumlar\u0131ndan birisi Jandarma Te\u015fkilat\u0131\u2019d\u0131r.   Bu eser, \u00f6zellikle Cumhuriyet D\u00f6nemi\u2019nde T\u00fcrkiye&#8217;de ya\u015fanan afetlerde Jandarma Te\u015fkilat\u0131\u2019n\u0131n \u00fcstlendi\u011fi kritik rol\u00fc ayr\u0131nt\u0131l\u0131 bir \u015fekilde ortaya koymaktad\u0131r. \u00c7al\u0131\u015fmada, Osmanl\u0131&#8217;dan Cumhuriyet&#8217;e uzanan s\u00fcre\u00e7te, afet y\u00f6netimiyle ilgili hukuki d\u00fczenlemelerin geli\u015fimi, jandarman\u0131n afetlere m\u00fcdahalesi ve oynad\u0131\u011f\u0131 kritik rol detayl\u0131 bir \u015fekilde ortaya konulmaktad\u0131r. Ba\u015fka bir deyi\u015fle kanun ordusu olarak tan\u0131mlanan T\u00fcrk Jandarmas\u0131\u2019n\u0131n, milletimiz i\u00e7in yapt\u0131\u011f\u0131 fedak\u00e2rl\u0131klar\u0131n sadece bir boyutu ar\u015fiv belgeleri, s\u00fcreli yay\u0131nlar ve tetkik eserler \u0131\u015f\u0131\u011f\u0131nda okuyucunun bilgisine sunulmaktad\u0131r. <\/p>\n","protected":false},"excerpt":{"rendered":"<p>Afetler, insanl\u0131k tarihi boyunca toplumlar\u0131n kar\u015f\u0131la\u015ft\u0131\u011f\u0131 en b\u00fcy\u00fck problemlerden biri olmu\u015ftur. Depremler, seller, yang\u0131nlar ve di\u011fer do\u011fal afetler, yaln\u0131zca can ve mal kay\u0131plar\u0131na neden olmakla kalmam\u0131\u015f,<span class=\"excerpt-hellip\"> [\u2026]<\/span><\/p>\n","protected":false},"featured_media":0,"template":"","meta":{"_monsterinsights_skip_tracking":false,"_monsterinsights_sitenote_active":false,"_monsterinsights_sitenote_note":"","_monsterinsights_sitenote_category":0},"product_brand":[],"product_cat":[12370,12304],"product_tag":[],"class_list":{"0":"post-767641","1":"product","2":"type-product","3":"status-publish","5":"product_cat-arastirma-inceleme","6":"product_cat-tarih","7":"pa_cilt-ciltsiz","8":"pa_tur-kitap","9":"pa_yayinevi-yeditepe-yayinevi-ders-kitaplari","10":"pa_yazar-ismail-demircioglu-onur-guven-duygu-yilmaz","12":"first","13":"instock","14":"sale","15":"shipping-taxable","16":"purchasable","17":"product-type-simple"},"_links":{"self":[{"href":"https:\/\/roveyayinevi.com.tr\/index.php\/wp-json\/wp\/v2\/product\/767641","targetHints":{"allow":["GET"]}}],"collection":[{"href":"https:\/\/roveyayinevi.com.tr\/index.php\/wp-json\/wp\/v2\/product"}],"about":[{"href":"https:\/\/roveyayinevi.com.tr\/index.php\/wp-json\/wp\/v2\/types\/product"}],"wp:attachment":[{"href":"https:\/\/roveyayinevi.com.tr\/index.php\/wp-json\/wp\/v2\/media?parent=767641"}],"wp:term":[{"taxonomy":"product_brand","embeddable":true,"href":"https:\/\/roveyayinevi.com.tr\/index.php\/wp-json\/wp\/v2\/product_brand?post=767641"},{"taxonomy":"product_cat","embeddable":true,"href":"https:\/\/roveyayinevi.com.tr\/index.php\/wp-json\/wp\/v2\/product_cat?post=767641"},{"taxonomy":"product_tag","embeddable":true,"href":"https:\/\/roveyayinevi.com.tr\/index.php\/wp-json\/wp\/v2\/product_tag?post=767641"}],"curies":[{"name":"wp","href":"https:\/\/api.w.org\/{rel}","templated":true}]}}