{"id":767626,"date":"2025-08-28T12:53:11","date_gmt":"2025-08-28T09:53:11","guid":{"rendered":"https:\/\/roveyayinevi.com.tr\/index.php\/urun\/tasinim-olaylari\/"},"modified":"2026-04-15T03:33:28","modified_gmt":"2026-04-15T00:33:28","slug":"tasinim-olaylari","status":"publish","type":"product","link":"https:\/\/roveyayinevi.com.tr\/index.php\/urun\/tasinim-olaylari\/","title":{"rendered":"Ta\u015f\u0131n\u0131m Olaylar\u0131"},"content":{"rendered":"<p>\u0130\u00e7indekiler :   B\u00d6L\u00dcM 1: Giri\u015f   B\u00d6L\u00dcM 2: Ta\u015f\u0131n\u0131m \u00d6zellikleri   B\u00d6L\u00dcM 3: K\u00fctle Denklikleri   B\u00d6L\u00dcM 4: Kabuk Denkli\u011fi Metodu ile Momentum Transferi   B\u00d6L\u00dcM 5: Kabuk Denkli\u011fi Metodu ile Is\u0131 Transferi   B\u00d6L\u00dcM 6: Kabuk Denkli\u011fi Metodu ile K\u00fctle Transferi   B\u00d6L\u00dcM 7: Genel De\u011fi\u015fim Denklemleri Metodu ile Momentum Transferi \u2013 Hareket Denklemi   B\u00d6L\u00dcM 8: Genel De\u011fi\u015fim Denklemleri Metodu ile Is\u0131 Transferi \u2013 Enerji Denklemi   B\u00d6L\u00dcM 9: Genel De\u011fi\u015fim Denklemleri Metodu ile K\u00fctle Transferi \u2013 Bile\u015fen \u0130\u00e7in K\u00fctle Denkli\u011fi (S\u00fcreklilik Denklemi)     B\u00d6L\u00dcM 10: T\u00fcrb\u00fclant Ak\u0131\u015f   B\u00d6L\u00dcM 11: S\u0131n\u0131r Tabakas\u0131   B\u00d6L\u00dcM 12: Transfer Katsay\u0131lar\u0131   B\u00d6L\u00dcM 13: Transfer Katsay\u0131lar\u0131 \u0130\u00e7in Modeller ve Benzerlik Teorileri   B\u00d6L\u00dcM 14: \u00c7e\u015fitli Konular ve Karma \u00d6rnekler <\/p>\n","protected":false},"excerpt":{"rendered":"<p>\u0130\u00e7indekiler : B\u00d6L\u00dcM 1: Giri\u015f B\u00d6L\u00dcM 2: Ta\u015f\u0131n\u0131m \u00d6zellikleri B\u00d6L\u00dcM 3: K\u00fctle Denklikleri B\u00d6L\u00dcM 4: Kabuk Denkli\u011fi Metodu ile Momentum Transferi B\u00d6L\u00dcM 5: Kabuk Denkli\u011fi Metodu<span class=\"excerpt-hellip\"> [\u2026]<\/span><\/p>\n","protected":false},"featured_media":0,"template":"","meta":{"_monsterinsights_skip_tracking":false,"_monsterinsights_sitenote_active":false,"_monsterinsights_sitenote_note":"","_monsterinsights_sitenote_category":0},"product_brand":[],"product_cat":[13005,18664],"product_tag":[],"class_list":{"0":"post-767626","1":"product","2":"type-product","3":"status-publish","5":"product_cat-bilim-muhendislik","6":"product_cat-muhendislik","7":"pa_cilt-ciltsiz","8":"pa_tur-kitap","9":"pa_yayinevi-gazi-kitabevi","10":"pa_yazar-bekir-zuhtu-uysal","12":"first","13":"instock","14":"sale","15":"shipping-taxable","16":"purchasable","17":"product-type-simple"},"_links":{"self":[{"href":"https:\/\/roveyayinevi.com.tr\/index.php\/wp-json\/wp\/v2\/product\/767626","targetHints":{"allow":["GET"]}}],"collection":[{"href":"https:\/\/roveyayinevi.com.tr\/index.php\/wp-json\/wp\/v2\/product"}],"about":[{"href":"https:\/\/roveyayinevi.com.tr\/index.php\/wp-json\/wp\/v2\/types\/product"}],"wp:attachment":[{"href":"https:\/\/roveyayinevi.com.tr\/index.php\/wp-json\/wp\/v2\/media?parent=767626"}],"wp:term":[{"taxonomy":"product_brand","embeddable":true,"href":"https:\/\/roveyayinevi.com.tr\/index.php\/wp-json\/wp\/v2\/product_brand?post=767626"},{"taxonomy":"product_cat","embeddable":true,"href":"https:\/\/roveyayinevi.com.tr\/index.php\/wp-json\/wp\/v2\/product_cat?post=767626"},{"taxonomy":"product_tag","embeddable":true,"href":"https:\/\/roveyayinevi.com.tr\/index.php\/wp-json\/wp\/v2\/product_tag?post=767626"}],"curies":[{"name":"wp","href":"https:\/\/api.w.org\/{rel}","templated":true}]}}