{"id":767619,"date":"2025-08-28T12:53:01","date_gmt":"2025-08-28T09:53:01","guid":{"rendered":"https:\/\/roveyayinevi.com.tr\/index.php\/urun\/azdahak\/"},"modified":"2026-04-15T03:33:28","modified_gmt":"2026-04-15T00:33:28","slug":"azdahak","status":"publish","type":"product","link":"https:\/\/roveyayinevi.com.tr\/index.php\/urun\/azdahak\/","title":{"rendered":"Azdahak"},"content":{"rendered":"<p>\u201cBu topraklardaki zul\u00fcm hi\u00e7 bitmeyecek, karga\u015fa hep s\u00fcrecek, kan ak\u0131\u015f\u0131 durmadan k\u00f6r\u00fcklenecek. Beklenen kurtar\u0131c\u0131n\u0131n gelmesi i\u00e7in \u015fiddet ve \u00f6l\u00fcmler daim\u00ee olmak zorunda. Buray\u0131 cehenneme \u00e7evirenlerin inanc\u0131, \u2018Kan\u0131 ne kadar \u00e7o\u011falt\u0131rsan\u0131z cennete o kadar yakla\u015facaks\u0131n\u0131z!\u2019 diyor. K\u0131yameti isteyen bu sapk\u0131n ak\u0131llar, bunu ba\u015fararak kendilerini kurtaracaklar\u0131n\u0131 d\u00fc\u015f\u00fcn\u00fcyorlar. Hay\u0131r, buna m\u00fcsaade edemeyiz!\u201d C\u00fcmleler 1577 y\u0131l\u0131n\u0131n \u0130stanbul\u2019undan\u2026 Ama sanki trajedinin, ac\u0131n\u0131n, feryatlar\u0131n hi\u00e7 bitmedi\u011fi g\u00fcn\u00fcm\u00fcz Ortado\u011fu\u2019sunu anlat\u0131yor. \u0130nsanl\u0131k tarihi biraz da zul\u00fcmler tarihidir. Kan ve \u015fiddet \u00fczerinden yap\u0131lan hesaplar d\u00fcnyay\u0131 kaosa s\u00fcr\u00fcklemeye ba\u015flad\u0131\u011f\u0131nda sapk\u0131n ak\u0131llar, g\u00f6kten inecek muhayyel bir kurtar\u0131c\u0131 i\u00e7in cinayetler i\u015flemeyi, zul\u00fcmler \u00fcretmeyi masum bir iman olarak g\u00f6r\u00fcrler. Gerisi insanl\u0131\u011f\u0131n kaderidir. Elinizdeki kitap, bir kurtar\u0131c\u0131 u\u011fruna ak\u0131l almaz cinayetlere, zul\u00fcmlere, ac\u0131lara inan\u00e7 diye ko\u015fan k\u00f6t\u00fclerin ve elbette onlar\u0131 durdurmak isteyen iyilerin nefes kesen hik\u00e2yesi. D\u00fcnyada olup bitenleri anlamak i\u00e7in\u2026 \u0130skender Pala\u2019n\u0131n her zamanki yetkin kaleminden\u2026<\/p>\n","protected":false},"excerpt":{"rendered":"<p>\u201cBu topraklardaki zul\u00fcm hi\u00e7 bitmeyecek, karga\u015fa hep s\u00fcrecek, kan ak\u0131\u015f\u0131 durmadan k\u00f6r\u00fcklenecek. Beklenen kurtar\u0131c\u0131n\u0131n gelmesi i\u00e7in \u015fiddet ve \u00f6l\u00fcmler daim\u00ee olmak zorunda. Buray\u0131 cehenneme \u00e7evirenlerin inanc\u0131,<span class=\"excerpt-hellip\"> [\u2026]<\/span><\/p>\n","protected":false},"featured_media":0,"template":"","meta":{"_monsterinsights_skip_tracking":false,"_monsterinsights_sitenote_active":false,"_monsterinsights_sitenote_note":"","_monsterinsights_sitenote_category":0},"product_brand":[],"product_cat":[12291,12711],"product_tag":[],"class_list":{"0":"post-767619","1":"product","2":"type-product","3":"status-publish","5":"product_cat-edebiyat","6":"product_cat-roman-oyku","7":"pa_cilt-ciltsiz","8":"pa_tur-kitap","9":"pa_yayinevi-kapi-yayinlari","10":"pa_yazar-iskender-pala","12":"first","13":"instock","14":"sale","15":"shipping-taxable","16":"purchasable","17":"product-type-simple"},"_links":{"self":[{"href":"https:\/\/roveyayinevi.com.tr\/index.php\/wp-json\/wp\/v2\/product\/767619","targetHints":{"allow":["GET"]}}],"collection":[{"href":"https:\/\/roveyayinevi.com.tr\/index.php\/wp-json\/wp\/v2\/product"}],"about":[{"href":"https:\/\/roveyayinevi.com.tr\/index.php\/wp-json\/wp\/v2\/types\/product"}],"wp:attachment":[{"href":"https:\/\/roveyayinevi.com.tr\/index.php\/wp-json\/wp\/v2\/media?parent=767619"}],"wp:term":[{"taxonomy":"product_brand","embeddable":true,"href":"https:\/\/roveyayinevi.com.tr\/index.php\/wp-json\/wp\/v2\/product_brand?post=767619"},{"taxonomy":"product_cat","embeddable":true,"href":"https:\/\/roveyayinevi.com.tr\/index.php\/wp-json\/wp\/v2\/product_cat?post=767619"},{"taxonomy":"product_tag","embeddable":true,"href":"https:\/\/roveyayinevi.com.tr\/index.php\/wp-json\/wp\/v2\/product_tag?post=767619"}],"curies":[{"name":"wp","href":"https:\/\/api.w.org\/{rel}","templated":true}]}}