{"id":767611,"date":"2025-08-28T12:52:46","date_gmt":"2025-08-28T09:52:46","guid":{"rendered":"https:\/\/roveyayinevi.com.tr\/index.php\/urun\/cocugumun-asil-mirasi\/"},"modified":"2026-01-30T04:03:52","modified_gmt":"2026-01-30T01:03:52","slug":"cocugumun-asil-mirasi","status":"publish","type":"product","link":"https:\/\/roveyayinevi.com.tr\/index.php\/urun\/cocugumun-asil-mirasi\/","title":{"rendered":"\u00c7ocu\u011fumun As\u0131l Miras\u0131"},"content":{"rendered":"<p>Vuran, k\u0131ran, par\u00e7alayan duygusal veya fiziksel \u015fiddet g\u00f6stermek i\u00e7in tetikte bekleyen, yoktan meselelere al\u0131n\u0131p, kolayl\u0131kla dar\u0131lan, ya \u00e7ok empati kurarak kendini feda eden ya da empati nedir bilmeyip insanlara zulmeden, pire i\u00e7in yorgan yakan insanlar\u0131n as\u0131l problemi genellikle kar\u015f\u0131s\u0131ndakiyle de\u011fil asl\u0131nda \u00f6z benlikleriyledir. Her insan\u0131n kula\u011f\u0131n\u0131n ard\u0131nda ona f\u0131s\u0131ldayan bir ses vard\u0131r. Ya \u00e7ok de\u011ferlisin der ya da \u00e7ok de\u011fersiz ya ba\u015faraca\u011f\u0131na inand\u0131r\u0131r ya da asla ba\u015faramayaca\u011f\u0131na\u2026 Peki nedir o ses tesad\u00fcf m\u00fcd\u00fcr sahi? Elbette ki de\u011fildir. O ses bizim i\u00e7 sesimizdir. Ebeveynlerimizin bizlere \u00e7ocukluk y\u0131llar\u0131nda g\u00f6stermi\u015f olduklar\u0131 do\u011fru veya yanl\u0131\u015f ebeveyn tutumunun sonucu meydana gelir. Bir\u00e7ok ebeveynin en b\u00fcy\u00fck yan\u0131lg\u0131s\u0131 \u00e7ocuk yeti\u015ftirmeyi fiziksel ihtiya\u00e7lar\u0131n kar\u015f\u0131lanmas\u0131ndan ibaret sanmalar\u0131d\u0131r. Oysa ki fiziksel ihtiya\u00e7lar kadar duygusal ihtiya\u00e7larda ciddi derecede \u00f6nem ta\u015f\u0131r. Ve bir ebeveynin \u00e7ocu\u011funa b\u0131rakabilece\u011fi en de\u011ferli miras duyarl\u0131 bir kalp ve duygusal sa\u011fl\u0131kt\u0131r. \u00c7ocu\u011fumuzun as\u0131l miras\u0131na sahip \u00e7\u0131kal\u0131m onlara sa\u011fl\u0131kl\u0131 duygular b\u0131rakal\u0131m.<\/p>\n","protected":false},"excerpt":{"rendered":"<p>Vuran, k\u0131ran, par\u00e7alayan duygusal veya fiziksel \u015fiddet g\u00f6stermek i\u00e7in tetikte bekleyen, yoktan meselelere al\u0131n\u0131p, kolayl\u0131kla dar\u0131lan, ya \u00e7ok empati kurarak kendini feda eden ya da empati<span class=\"excerpt-hellip\"> [\u2026]<\/span><\/p>\n","protected":false},"featured_media":0,"template":"","meta":{"_monsterinsights_skip_tracking":false,"_monsterinsights_sitenote_active":false,"_monsterinsights_sitenote_note":"","_monsterinsights_sitenote_category":0},"product_brand":[],"product_cat":[12831,12324],"product_tag":[],"class_list":{"0":"post-767611","1":"product","2":"type-product","3":"status-publish","5":"product_cat-aile-ve-cocuk","6":"product_cat-sosyoloji","7":"pa_cilt-ciltsiz","8":"pa_tur-kitap","9":"pa_yayinevi-vova-yayinlari","10":"pa_yazar-merve-inan-meral","12":"first","13":"instock","14":"sale","15":"shipping-taxable","16":"purchasable","17":"product-type-simple"},"_links":{"self":[{"href":"https:\/\/roveyayinevi.com.tr\/index.php\/wp-json\/wp\/v2\/product\/767611","targetHints":{"allow":["GET"]}}],"collection":[{"href":"https:\/\/roveyayinevi.com.tr\/index.php\/wp-json\/wp\/v2\/product"}],"about":[{"href":"https:\/\/roveyayinevi.com.tr\/index.php\/wp-json\/wp\/v2\/types\/product"}],"wp:attachment":[{"href":"https:\/\/roveyayinevi.com.tr\/index.php\/wp-json\/wp\/v2\/media?parent=767611"}],"wp:term":[{"taxonomy":"product_brand","embeddable":true,"href":"https:\/\/roveyayinevi.com.tr\/index.php\/wp-json\/wp\/v2\/product_brand?post=767611"},{"taxonomy":"product_cat","embeddable":true,"href":"https:\/\/roveyayinevi.com.tr\/index.php\/wp-json\/wp\/v2\/product_cat?post=767611"},{"taxonomy":"product_tag","embeddable":true,"href":"https:\/\/roveyayinevi.com.tr\/index.php\/wp-json\/wp\/v2\/product_tag?post=767611"}],"curies":[{"name":"wp","href":"https:\/\/api.w.org\/{rel}","templated":true}]}}