{"id":767601,"date":"2025-08-28T12:52:32","date_gmt":"2025-08-28T09:52:32","guid":{"rendered":"https:\/\/roveyayinevi.com.tr\/index.php\/urun\/gece-gidenler\/"},"modified":"2026-04-15T03:33:28","modified_gmt":"2026-04-15T00:33:28","slug":"gece-gidenler","status":"publish","type":"product","link":"https:\/\/roveyayinevi.com.tr\/index.php\/urun\/gece-gidenler\/","title":{"rendered":"Gece Gidenler"},"content":{"rendered":"<p>Catherine Sterling annesini \u00e7ok iyi tan\u0131d\u0131\u011f\u0131na inanmaktad\u0131r. Annesi Ruth Sterling sessiz, \u00e7al\u0131\u015fkan ve k\u0131z\u0131 i\u00e7in ya\u015fayan biridir. Hayat\u0131 boyunca d\u00fcnyaya kar\u015f\u0131 k\u0131z\u0131yla ba\u015f ba\u015fa m\u00fccadele etmi\u015flerdir. Catherine art\u0131k kanatlar\u0131n\u0131 a\u00e7maya, evden ta\u015f\u0131nmaya ve yeni bir kariyere ba\u015flamaya haz\u0131rd\u0131r ve annesi bunu engellemek i\u00e7in her \u015feyi yapacakt\u0131r.   Ruth Sterling k\u0131z\u0131n\u0131 \u00e7ok iyi tan\u0131d\u0131\u011f\u0131na inanmaktad\u0131r. Catherine asla isyan etmeyecek, annesinin ge\u00e7mi\u015fiyle ilgili hi\u00e7bir \u015feyi sorgulamayacakt\u0131r. Ancak Ruth\u2019un k\u0131z\u0131n\u0131 yan\u0131nda tutmak i\u00e7in giri\u015fti\u011fi umutsuz aray\u0131\u015f, \u00f6zenle in\u015fa etti\u011fi d\u00fcnyas\u0131ndaki \u00e7atlaklar\u0131 ortaya \u00e7\u0131karmaya ba\u015flad\u0131\u011f\u0131nda hem anne hem de k\u0131z\u0131 aldatmacalarla dolu bir dansa giri\u015firler. D\u00fcnyada en sevdi\u011finiz ki\u015fiyi korumak i\u00e7in ne kadar ileri giderdiniz?<\/p>\n","protected":false},"excerpt":{"rendered":"<p>Catherine Sterling annesini \u00e7ok iyi tan\u0131d\u0131\u011f\u0131na inanmaktad\u0131r. Annesi Ruth Sterling sessiz, \u00e7al\u0131\u015fkan ve k\u0131z\u0131 i\u00e7in ya\u015fayan biridir. Hayat\u0131 boyunca d\u00fcnyaya kar\u015f\u0131 k\u0131z\u0131yla ba\u015f ba\u015fa m\u00fccadele etmi\u015flerdir.<span class=\"excerpt-hellip\"> [\u2026]<\/span><\/p>\n","protected":false},"featured_media":0,"template":"","meta":{"_monsterinsights_skip_tracking":false,"_monsterinsights_sitenote_active":false,"_monsterinsights_sitenote_note":"","_monsterinsights_sitenote_category":0},"product_brand":[],"product_cat":[12291,12711],"product_tag":[],"class_list":{"0":"post-767601","1":"product","2":"type-product","3":"status-publish","5":"product_cat-edebiyat","6":"product_cat-roman-oyku","7":"pa_cilt-ciltsiz","8":"pa_tur-kitap","9":"pa_yayinevi-artemis-yayinlari","10":"pa_yazar-sarah-pekkanen","12":"first","13":"instock","14":"sale","15":"shipping-taxable","16":"purchasable","17":"product-type-simple"},"_links":{"self":[{"href":"https:\/\/roveyayinevi.com.tr\/index.php\/wp-json\/wp\/v2\/product\/767601","targetHints":{"allow":["GET"]}}],"collection":[{"href":"https:\/\/roveyayinevi.com.tr\/index.php\/wp-json\/wp\/v2\/product"}],"about":[{"href":"https:\/\/roveyayinevi.com.tr\/index.php\/wp-json\/wp\/v2\/types\/product"}],"wp:attachment":[{"href":"https:\/\/roveyayinevi.com.tr\/index.php\/wp-json\/wp\/v2\/media?parent=767601"}],"wp:term":[{"taxonomy":"product_brand","embeddable":true,"href":"https:\/\/roveyayinevi.com.tr\/index.php\/wp-json\/wp\/v2\/product_brand?post=767601"},{"taxonomy":"product_cat","embeddable":true,"href":"https:\/\/roveyayinevi.com.tr\/index.php\/wp-json\/wp\/v2\/product_cat?post=767601"},{"taxonomy":"product_tag","embeddable":true,"href":"https:\/\/roveyayinevi.com.tr\/index.php\/wp-json\/wp\/v2\/product_tag?post=767601"}],"curies":[{"name":"wp","href":"https:\/\/api.w.org\/{rel}","templated":true}]}}