{"id":767595,"date":"2025-08-28T12:52:19","date_gmt":"2025-08-28T09:52:19","guid":{"rendered":"https:\/\/roveyayinevi.com.tr\/index.php\/urun\/birtakim-insanlar\/"},"modified":"2026-04-15T03:33:27","modified_gmt":"2026-04-15T00:33:27","slug":"birtakim-insanlar","status":"publish","type":"product","link":"https:\/\/roveyayinevi.com.tr\/index.php\/urun\/birtakim-insanlar\/","title":{"rendered":"Birtak\u0131m \u0130nsanlar"},"content":{"rendered":"<p>\u201cSait Faik bir sevgi peygamberiydi. K\u0131rk sekiz y\u0131ll\u0131k, i\u00e7ine en ufak bir haks\u0131zl\u0131k kar\u0131\u015ft\u0131rmam\u0131\u015f, tertemiz bir \u00f6mr\u00fcn ak\u0131\u015f\u0131nda i\u00e7imize insan sevgisinin o \u0131l\u0131k, o tatl\u0131, o aziz b\u00fcy\u00fcs\u00fcn\u00fc en asli taraf\u0131yla bir o salabildi: Sevmek, bir insan\u0131 sevmekle ba\u015flar her \u015fey.\u201d                                                                                      Vedat G\u00fcnyol   \u201cNe ondan evvel onun gibi sanat\u00e7\u0131 ya\u015fad\u0131; ne de ondan sonra ya\u015fayacakt\u0131r.\u201d                                                                                                      \u0130lhan Tarus   \u015eu kar\u015f\u0131ki sandal\u0131 g\u00f6r\u00fcyor musun? Bak\u0131n sahile yakla\u015f\u0131yor. Onu y\u00fcr\u00fcten \u015fey nedir? K\u00fcrekleri de\u011fil mi? Ya \u015fu u\u00e7an mart\u0131lar! Kanatlar\u0131 yolunsa art\u0131k u\u00e7abilir mi? D\u00fc\u015f\u00fcnce de b\u00f6yledir. D\u00f6rt duvar aras\u0131na kapat\u0131lmak istenirse kanats\u0131z ku\u015f, k\u00fcreksiz sandal oluverir ve b\u00fct\u00fcn manas\u0131n\u0131 kaybeder.   diyen b\u00fcy\u00fck yazar\u0131n ilk kez 1944 y\u0131l\u0131nda yay\u0131mlanan roman\u0131 Birtak\u0131m \u0130nsanlar yeniden g\u00f6zden ge\u00e7irilerek yay\u0131na haz\u0131rland\u0131. <\/p>\n","protected":false},"excerpt":{"rendered":"<p>\u201cSait Faik bir sevgi peygamberiydi. K\u0131rk sekiz y\u0131ll\u0131k, i\u00e7ine en ufak bir haks\u0131zl\u0131k kar\u0131\u015ft\u0131rmam\u0131\u015f, tertemiz bir \u00f6mr\u00fcn ak\u0131\u015f\u0131nda i\u00e7imize insan sevgisinin o \u0131l\u0131k, o tatl\u0131, o<span class=\"excerpt-hellip\"> [\u2026]<\/span><\/p>\n","protected":false},"featured_media":0,"template":"","meta":{"_monsterinsights_skip_tracking":false,"_monsterinsights_sitenote_active":false,"_monsterinsights_sitenote_note":"","_monsterinsights_sitenote_category":0},"product_brand":[],"product_cat":[12291,12292],"product_tag":[],"class_list":{"0":"post-767595","1":"product","2":"type-product","3":"status-publish","5":"product_cat-edebiyat","6":"product_cat-turk-edebiyati","7":"pa_cilt-ciltsiz","8":"pa_tur-kitap","9":"pa_yayinevi-yapi-kredi-yayinlari","10":"pa_yazar-sait-faik-abasiyanik","12":"first","13":"instock","14":"sale","15":"shipping-taxable","16":"purchasable","17":"product-type-simple"},"_links":{"self":[{"href":"https:\/\/roveyayinevi.com.tr\/index.php\/wp-json\/wp\/v2\/product\/767595","targetHints":{"allow":["GET"]}}],"collection":[{"href":"https:\/\/roveyayinevi.com.tr\/index.php\/wp-json\/wp\/v2\/product"}],"about":[{"href":"https:\/\/roveyayinevi.com.tr\/index.php\/wp-json\/wp\/v2\/types\/product"}],"wp:attachment":[{"href":"https:\/\/roveyayinevi.com.tr\/index.php\/wp-json\/wp\/v2\/media?parent=767595"}],"wp:term":[{"taxonomy":"product_brand","embeddable":true,"href":"https:\/\/roveyayinevi.com.tr\/index.php\/wp-json\/wp\/v2\/product_brand?post=767595"},{"taxonomy":"product_cat","embeddable":true,"href":"https:\/\/roveyayinevi.com.tr\/index.php\/wp-json\/wp\/v2\/product_cat?post=767595"},{"taxonomy":"product_tag","embeddable":true,"href":"https:\/\/roveyayinevi.com.tr\/index.php\/wp-json\/wp\/v2\/product_tag?post=767595"}],"curies":[{"name":"wp","href":"https:\/\/api.w.org\/{rel}","templated":true}]}}