{"id":767585,"date":"2025-08-28T12:51:59","date_gmt":"2025-08-28T09:51:59","guid":{"rendered":"https:\/\/roveyayinevi.com.tr\/index.php\/urun\/yapay-zeka-toplum-ve-kultur\/"},"modified":"2026-01-29T04:03:43","modified_gmt":"2026-01-29T01:03:43","slug":"yapay-zeka-toplum-ve-kultur","status":"publish","type":"product","link":"https:\/\/roveyayinevi.com.tr\/index.php\/urun\/yapay-zeka-toplum-ve-kultur\/","title":{"rendered":"Yapay Zeka, Toplum ve K\u00fclt\u00fcr."},"content":{"rendered":"<p>Yapay zek\u00e2 teknolojilerinin son d\u00f6nemde h\u0131zla yayg\u0131nla\u015fmas\u0131 ve giderek hayat\u0131n ayr\u0131lmaz bir par\u00e7as\u0131 haline gelmesi, toplum bilimlerinin toplum ve k\u00fclt\u00fcr gibi yakla\u015f\u0131k iki y\u00fczy\u0131l boyunca yayg\u0131n kabul g\u00f6ren h\u00fcmanist ve antroposentrik kavramlar\u0131n\u0131n sorgulanmas\u0131na yol a\u00e7maktad\u0131r. Bu \u00e7er\u00e7evede, g\u00fcn\u00fcm\u00fczde sadece uzmanlar\u0131n ve homo academicus\u2019un de\u011fil, meslekten olmayanlar\u0131n da kafas\u0131n\u0131 \u00e7ok \u00f6nemli bir soru kar\u0131\u015ft\u0131rmaktad\u0131r: \u0130nsan zek\u00e2s\u0131na \u00f6yk\u00fcnerek geli\u015ftirilen yapay teknolojiler konvansiyonel insan\u0131 t\u00fcm\u00fcyle ortadan kald\u0131rabilir mi? Burada sorun sadece yapay zek\u00e2 teknolojilerinin insan\u0131 giderek daha fazla ku\u015fatmas\u0131 de\u011fil, bununla birlikte insan\u0131n kendisinin de giderek konvansiyonel karakterinin ba\u015fkala\u015fmas\u0131d\u0131r. Elinizdeki kitapta, bu temel sorun, yapay zek\u00e2 teknolojilerinin; bir taraftan duygular, bilin\u00e7, \u00f6zne, benlik, emek, medya, ileti\u015fim, oyun, \u00f6\u011frenim, insan\u0131n de\u011feri, insan\u0131n d\u00f6n\u00fc\u015f\u00fcm\u00fc, toplumsal hareketler, siyaset, demokrasi, di\u011fer taraftan algoritmalar, tam otomasyon, tekillik gibi toplumsal ve k\u00fclt\u00fcrel ger\u00e7ekli\u011fimizin farkl\u0131 boyutlar\u0131n\u0131 ifade eden kavram ve olgularla ili\u015fkisi ba\u011flam\u0131nda incelenmektedir&#8230; <\/p>\n","protected":false},"excerpt":{"rendered":"<p>Yapay zek\u00e2 teknolojilerinin son d\u00f6nemde h\u0131zla yayg\u0131nla\u015fmas\u0131 ve giderek hayat\u0131n ayr\u0131lmaz bir par\u00e7as\u0131 haline gelmesi, toplum bilimlerinin toplum ve k\u00fclt\u00fcr gibi yakla\u015f\u0131k iki y\u00fczy\u0131l boyunca yayg\u0131n<span class=\"excerpt-hellip\"> [\u2026]<\/span><\/p>\n","protected":false},"featured_media":0,"template":"","meta":{"_monsterinsights_skip_tracking":false,"_monsterinsights_sitenote_active":false,"_monsterinsights_sitenote_note":"","_monsterinsights_sitenote_category":0},"product_brand":[],"product_cat":[15983,13488],"product_tag":[],"class_list":{"0":"post-767585","1":"product","2":"type-product","3":"status-publish","5":"product_cat-iletisim-ve-medya","6":"product_cat-toplum-ve-insan","7":"pa_cilt-ciltsiz","8":"pa_tur-kitap","9":"pa_yayinevi-utopya-yayinevi","10":"pa_yazar-kolektif","12":"first","13":"instock","14":"sale","15":"shipping-taxable","16":"purchasable","17":"product-type-simple"},"_links":{"self":[{"href":"https:\/\/roveyayinevi.com.tr\/index.php\/wp-json\/wp\/v2\/product\/767585","targetHints":{"allow":["GET"]}}],"collection":[{"href":"https:\/\/roveyayinevi.com.tr\/index.php\/wp-json\/wp\/v2\/product"}],"about":[{"href":"https:\/\/roveyayinevi.com.tr\/index.php\/wp-json\/wp\/v2\/types\/product"}],"wp:attachment":[{"href":"https:\/\/roveyayinevi.com.tr\/index.php\/wp-json\/wp\/v2\/media?parent=767585"}],"wp:term":[{"taxonomy":"product_brand","embeddable":true,"href":"https:\/\/roveyayinevi.com.tr\/index.php\/wp-json\/wp\/v2\/product_brand?post=767585"},{"taxonomy":"product_cat","embeddable":true,"href":"https:\/\/roveyayinevi.com.tr\/index.php\/wp-json\/wp\/v2\/product_cat?post=767585"},{"taxonomy":"product_tag","embeddable":true,"href":"https:\/\/roveyayinevi.com.tr\/index.php\/wp-json\/wp\/v2\/product_tag?post=767585"}],"curies":[{"name":"wp","href":"https:\/\/api.w.org\/{rel}","templated":true}]}}