{"id":767583,"date":"2025-08-28T12:51:56","date_gmt":"2025-08-28T09:51:56","guid":{"rendered":"https:\/\/roveyayinevi.com.tr\/index.php\/urun\/turkiyede-mubadiller-ve-balkan-muhacirleri\/"},"modified":"2026-01-29T04:03:43","modified_gmt":"2026-01-29T01:03:43","slug":"turkiyede-mubadiller-ve-balkan-muhacirleri","status":"publish","type":"product","link":"https:\/\/roveyayinevi.com.tr\/index.php\/urun\/turkiyede-mubadiller-ve-balkan-muhacirleri\/","title":{"rendered":"T\u00fcrkiye\u2019de M\u00fcbadiller ve Balkan  Muhacirleri"},"content":{"rendered":"<p>19. ve 20. y\u00fczy\u0131l, homojenle\u015fmeyi esas alan yeni siyasal-mek\u00e2nsal in\u015fa hedeflerinden kaynakl\u0131 kitlesel g\u00f6\u00e7lerin sert \u015fekilde ya\u015fand\u0131\u011f\u0131 bir d\u00f6nemdi. \u00d6ncelikle Avrupa ve \u00e7evresi olmak \u00fczere hemen t\u00fcm co\u011frafyalarda dilsel, dinsel siyasal-k\u00fclt\u00fcrel haritay\u0131 de\u011fi\u015ftirmenin ve \u2018yabanc\u0131 kan\u0131ndan ar\u0131nm\u0131\u015f\u2019 topluluklar in\u015fa etmenin bir arac\u0131 olarak milyonlarca insan g\u00f6\u00e7 yollar\u0131na b\u0131rak\u0131lm\u0131\u015ft\u0131. \u0130lgili literat\u00fcrde buna \u2018millile\u015ftirme siyaseti\u2019 deniliyordu ve say\u0131s\u0131 bile hesaplanamayan g\u00f6\u00e7menler i\u00e7in bu bir \u2018yeni vatan\u2019 aray\u0131\u015f\u0131\u2019 demekti. Muhacirlerin-m\u00fcbadillerin \u00f6yk\u00fcs\u00fcn\u00fc bu ba\u011flamda d\u00fc\u015f\u00fcnmek-anlamak m\u00fcmk\u00fcn. Elinizdeki kitap buradan ba\u015flayarak Cumhuriyetin kurulu\u015f ve y\u00fcz y\u0131ll\u0131k deneyiminde T\u00fcrkiye\u2019deki m\u00fcbadillerin ve Balkan muhacirlerinin \u00f6yk\u00fclerine odaklan\u0131yor. \u015e\u00fckr\u00fc Aslan <\/p>\n","protected":false},"excerpt":{"rendered":"<p>19. ve 20. y\u00fczy\u0131l, homojenle\u015fmeyi esas alan yeni siyasal-mek\u00e2nsal in\u015fa hedeflerinden kaynakl\u0131 kitlesel g\u00f6\u00e7lerin sert \u015fekilde ya\u015fand\u0131\u011f\u0131 bir d\u00f6nemdi. \u00d6ncelikle Avrupa ve \u00e7evresi olmak \u00fczere hemen<span class=\"excerpt-hellip\"> [\u2026]<\/span><\/p>\n","protected":false},"featured_media":0,"template":"","meta":{"_monsterinsights_skip_tracking":false,"_monsterinsights_sitenote_active":false,"_monsterinsights_sitenote_note":"","_monsterinsights_sitenote_category":0},"product_brand":[],"product_cat":[13590,12337],"product_tag":[],"class_list":{"0":"post-767583","1":"product","2":"type-product","3":"status-publish","5":"product_cat-arastirma-inceleme-politika-siyaset","6":"product_cat-politika-siyaset","7":"pa_cilt-ciltsiz","8":"pa_tur-kitap","9":"pa_yayinevi-utopya-yayinevi","10":"pa_yazar-kolektif","12":"first","13":"instock","14":"sale","15":"shipping-taxable","16":"purchasable","17":"product-type-simple"},"_links":{"self":[{"href":"https:\/\/roveyayinevi.com.tr\/index.php\/wp-json\/wp\/v2\/product\/767583","targetHints":{"allow":["GET"]}}],"collection":[{"href":"https:\/\/roveyayinevi.com.tr\/index.php\/wp-json\/wp\/v2\/product"}],"about":[{"href":"https:\/\/roveyayinevi.com.tr\/index.php\/wp-json\/wp\/v2\/types\/product"}],"wp:attachment":[{"href":"https:\/\/roveyayinevi.com.tr\/index.php\/wp-json\/wp\/v2\/media?parent=767583"}],"wp:term":[{"taxonomy":"product_brand","embeddable":true,"href":"https:\/\/roveyayinevi.com.tr\/index.php\/wp-json\/wp\/v2\/product_brand?post=767583"},{"taxonomy":"product_cat","embeddable":true,"href":"https:\/\/roveyayinevi.com.tr\/index.php\/wp-json\/wp\/v2\/product_cat?post=767583"},{"taxonomy":"product_tag","embeddable":true,"href":"https:\/\/roveyayinevi.com.tr\/index.php\/wp-json\/wp\/v2\/product_tag?post=767583"}],"curies":[{"name":"wp","href":"https:\/\/api.w.org\/{rel}","templated":true}]}}