{"id":767579,"date":"2025-08-28T12:51:50","date_gmt":"2025-08-28T09:51:50","guid":{"rendered":"https:\/\/roveyayinevi.com.tr\/index.php\/urun\/kucuk-esnek-dusunebilen-nokta\/"},"modified":"2026-04-15T03:33:27","modified_gmt":"2026-04-15T00:33:27","slug":"kucuk-esnek-dusunebilen-nokta","status":"publish","type":"product","link":"https:\/\/roveyayinevi.com.tr\/index.php\/urun\/kucuk-esnek-dusunebilen-nokta\/","title":{"rendered":"K\u00fc\u00e7\u00fck Esnek D\u00fc\u015f\u00fcnebilen Nokta"},"content":{"rendered":"<p>\u0130nsanlar bizi hangi \u00f6zelliklerimizle tan\u0131r? Sayg\u0131l\u0131 ve d\u00fcr\u00fcst olmam\u0131zla m\u0131? D\u00fczenli ve sorumluluk sahibi olmam\u0131zla m\u0131? Bizi di\u011fer insanlardan ay\u0131ran ve ayn\u0131 zamanda onlarla uyum i\u00e7erisinde ya\u015famam\u0131z\u0131 sa\u011flayan baz\u0131 \u00f6zelliklerimiz vard\u0131r. Bu \u00f6zelliklerimizle ya\u015fad\u0131\u011f\u0131m\u0131z toplumda yer edinir; do\u011fru tercihler yapt\u0131\u011f\u0131m\u0131zda sayg\u0131 g\u00f6r\u00fcr, sevgiyle kucaklan\u0131l\u0131r\u0131z. \u201cDaha \u0130yi Bir SEN \u0130\u00e7in!\u201d serisindeki hik\u00e2yeler, insan \u00f6zelliklerini \u00e7ocuklara tan\u0131tmak amac\u0131yla olu\u015fturuldu. Her kitapta bu \u00f6zellikler, \u00f6rneklerle ele al\u0131n\u0131p anla\u015f\u0131l\u0131r ve g\u00fcnl\u00fck hayatta uygulanmas\u0131 kolay ba\u015f etme y\u00f6ntemleriyle a\u00e7\u0131klan\u0131yor. Esnek d\u00fc\u015f\u00fcnebilmek i\u00e7in neler yapmak gerekti\u011fini \u00f6\u011frenmek ister misiniz? Haydi, k\u00fc\u00e7\u00fck noktalar\u0131n e\u011flenceli d\u00fcnyas\u0131na girin ve \u00f6zelliklerinizi ke\u015ffedin! <\/p>\n","protected":false},"excerpt":{"rendered":"<p>\u0130nsanlar bizi hangi \u00f6zelliklerimizle tan\u0131r? Sayg\u0131l\u0131 ve d\u00fcr\u00fcst olmam\u0131zla m\u0131? D\u00fczenli ve sorumluluk sahibi olmam\u0131zla m\u0131? Bizi di\u011fer insanlardan ay\u0131ran ve ayn\u0131 zamanda onlarla uyum i\u00e7erisinde<span class=\"excerpt-hellip\"> [\u2026]<\/span><\/p>\n","protected":false},"featured_media":0,"template":"","meta":{"_monsterinsights_skip_tracking":false,"_monsterinsights_sitenote_active":false,"_monsterinsights_sitenote_note":"","_monsterinsights_sitenote_category":0},"product_brand":[],"product_cat":[12274,12518],"product_tag":[],"class_list":{"0":"post-767579","1":"product","2":"type-product","3":"status-publish","5":"product_cat-cocuk-ve-genclik-kitaplari","6":"product_cat-okul-oncesi-kitaplar","7":"pa_cilt-ciltsiz","8":"pa_tur-kitap","9":"pa_yayinevi-beta-kids","10":"pa_yazar-diane-alber","12":"first","13":"instock","14":"sale","15":"shipping-taxable","16":"purchasable","17":"product-type-simple"},"_links":{"self":[{"href":"https:\/\/roveyayinevi.com.tr\/index.php\/wp-json\/wp\/v2\/product\/767579","targetHints":{"allow":["GET"]}}],"collection":[{"href":"https:\/\/roveyayinevi.com.tr\/index.php\/wp-json\/wp\/v2\/product"}],"about":[{"href":"https:\/\/roveyayinevi.com.tr\/index.php\/wp-json\/wp\/v2\/types\/product"}],"wp:attachment":[{"href":"https:\/\/roveyayinevi.com.tr\/index.php\/wp-json\/wp\/v2\/media?parent=767579"}],"wp:term":[{"taxonomy":"product_brand","embeddable":true,"href":"https:\/\/roveyayinevi.com.tr\/index.php\/wp-json\/wp\/v2\/product_brand?post=767579"},{"taxonomy":"product_cat","embeddable":true,"href":"https:\/\/roveyayinevi.com.tr\/index.php\/wp-json\/wp\/v2\/product_cat?post=767579"},{"taxonomy":"product_tag","embeddable":true,"href":"https:\/\/roveyayinevi.com.tr\/index.php\/wp-json\/wp\/v2\/product_tag?post=767579"}],"curies":[{"name":"wp","href":"https:\/\/api.w.org\/{rel}","templated":true}]}}