{"id":767575,"date":"2025-08-28T12:51:43","date_gmt":"2025-08-28T09:51:43","guid":{"rendered":"https:\/\/roveyayinevi.com.tr\/index.php\/urun\/harry-nelson-pillsbury\/"},"modified":"2026-04-15T03:33:27","modified_gmt":"2026-04-15T00:33:27","slug":"harry-nelson-pillsbury","status":"publish","type":"product","link":"https:\/\/roveyayinevi.com.tr\/index.php\/urun\/harry-nelson-pillsbury\/","title":{"rendered":"Harry Nelson Pillsbury"},"content":{"rendered":"<p>\u201cTurnuva haz\u0131rl\u0131\u011f\u0131 m\u0131? Bir turnuvaya kat\u0131lmadan \u00f6nce e\u011fer yapabilirsem uzun ve iyi bir uyku \u00e7ekerim. Bildi\u011fim yegane turnuva haz\u0131rl\u0131\u011f\u0131 y\u00f6ntemi budur.\u201d (H. N. Pillsbury)   Pillsbury\u2019nin baz\u0131 s\u0131ra d\u0131\u015f\u0131 entelekt\u00fcel becerileri ve ola\u011fan\u00fcst\u00fc bir haf\u0131zas\u0131 vard\u0131. Kendisinin fantastik performanslar\u0131yla ilgili \u00e7ok say\u0131da kitap yaz\u0131lm\u0131\u015ft\u0131r. \u00d6rne\u011fin, Hastings turnuvas\u0131 sonras\u0131 ABD\u2019ye d\u00f6nd\u00fc\u011f\u00fc s\u0131ralarda, bir simultane k\u00f6rleme g\u00f6sterisi \u00f6ncesinde kendisi bir deneye tabi tutularak, a\u015fa\u011f\u0131daki 30 kelimeye g\u00f6z atmas\u0131 istenmi\u015ftir: Antiphlogistine, Periosteum, Takadiastase, Plasmon, Ambrosia, Threlkeld, Streptococcus, Staphylococcus, Micrococcus, Plasmodium, Mississippi, Freiheit, Philadelphia, Cincinatti, Athletics, No War, Etchenberg, American, Russian, Philosophy, Piet Potgleter\u2019s Rost, Salmagundi, Oomisillecootsi, Bangmanvate, Schlechter\u2019s Neck, Manzinyama, Theosophy, Catechism, Madjescomalops. Pillsbury, d\u00f6rt saat s\u00fcren yorucu k\u00f6rleme ma\u00e7lardan sonra, yukar\u0131daki kelimeleri, s\u0131ras\u0131yla ba\u015ftan sona ve sonra sondan ba\u015fa do\u011fru hatas\u0131z tekrar eder. Garry Kasporov dahil bir\u00e7ok otoriteye g\u00f6re Pillsbury, Capablanca\u2019dan \u00f6nce Dr. Emanuel Lasker\u2019i ma\u011flup edecek olan ki\u015fidir, fakat bunu yapmaya otuz \u00fc\u00e7 ya\u015f\u0131nda \u00f6len talihsiz oyuncunun \u00f6mr\u00fc vefa etmez. <\/p>\n","protected":false},"excerpt":{"rendered":"<p>\u201cTurnuva haz\u0131rl\u0131\u011f\u0131 m\u0131? Bir turnuvaya kat\u0131lmadan \u00f6nce e\u011fer yapabilirsem uzun ve iyi bir uyku \u00e7ekerim. Bildi\u011fim yegane turnuva haz\u0131rl\u0131\u011f\u0131 y\u00f6ntemi budur.\u201d (H. N. Pillsbury) Pillsbury\u2019nin baz\u0131<span class=\"excerpt-hellip\"> [\u2026]<\/span><\/p>\n","protected":false},"featured_media":0,"template":"","meta":{"_monsterinsights_skip_tracking":false,"_monsterinsights_sitenote_active":false,"_monsterinsights_sitenote_note":"","_monsterinsights_sitenote_category":0},"product_brand":[],"product_cat":[28265,15563],"product_tag":[],"class_list":{"0":"post-767575","1":"product","2":"type-product","3":"status-publish","5":"product_cat-diger-hobi","6":"product_cat-hobi","7":"pa_cilt-ciltsiz","8":"pa_tur-kitap","9":"pa_yayinevi-zet-yayinlari","10":"pa_yazar-ozer-mumcu","12":"first","13":"instock","14":"sale","15":"shipping-taxable","16":"purchasable","17":"product-type-simple"},"_links":{"self":[{"href":"https:\/\/roveyayinevi.com.tr\/index.php\/wp-json\/wp\/v2\/product\/767575","targetHints":{"allow":["GET"]}}],"collection":[{"href":"https:\/\/roveyayinevi.com.tr\/index.php\/wp-json\/wp\/v2\/product"}],"about":[{"href":"https:\/\/roveyayinevi.com.tr\/index.php\/wp-json\/wp\/v2\/types\/product"}],"wp:attachment":[{"href":"https:\/\/roveyayinevi.com.tr\/index.php\/wp-json\/wp\/v2\/media?parent=767575"}],"wp:term":[{"taxonomy":"product_brand","embeddable":true,"href":"https:\/\/roveyayinevi.com.tr\/index.php\/wp-json\/wp\/v2\/product_brand?post=767575"},{"taxonomy":"product_cat","embeddable":true,"href":"https:\/\/roveyayinevi.com.tr\/index.php\/wp-json\/wp\/v2\/product_cat?post=767575"},{"taxonomy":"product_tag","embeddable":true,"href":"https:\/\/roveyayinevi.com.tr\/index.php\/wp-json\/wp\/v2\/product_tag?post=767575"}],"curies":[{"name":"wp","href":"https:\/\/api.w.org\/{rel}","templated":true}]}}