{"id":767573,"date":"2025-08-28T12:51:40","date_gmt":"2025-08-28T09:51:40","guid":{"rendered":"https:\/\/roveyayinevi.com.tr\/index.php\/urun\/ali-evi\/"},"modified":"2026-04-15T03:33:27","modified_gmt":"2026-04-15T00:33:27","slug":"ali-evi","status":"publish","type":"product","link":"https:\/\/roveyayinevi.com.tr\/index.php\/urun\/ali-evi\/","title":{"rendered":"Ali Evi"},"content":{"rendered":"<p>\u0130nan\u00e7, bireyin \u00f6zg\u00fcr iradesiyle evreni ve i\u00e7inde geli\u015fen do\u011fa olaylar\u0131n\u0131 yorumlamas\u0131d\u0131r. Din ve inan\u00e7 \u00f6zg\u00fcrl\u00fc\u011f\u00fc, \u00e7a\u011fda\u015fl\u0131\u011f\u0131n ve medeniyetin simgelerinden biri olarak insan haklar\u0131n\u0131n ka\u00e7\u0131n\u0131lmaz kurallar\u0131ndand\u0131r. Din ve inan\u00e7, bireyin tercihine ba\u011fl\u0131d\u0131r. Hem evrensel hukuk hem de devletler hukuku a\u00e7\u0131s\u0131ndan, herhangi bir din veya inanc\u0131n me\u015fru olup olmad\u0131\u011f\u0131na karar vermek, devletin tarafs\u0131zl\u0131k y\u00fck\u00fcml\u00fcl\u00fc\u011f\u00fcyle ba\u011fda\u015fmaz. T\u00fcm bu kurallara ra\u011fmen, yery\u00fcz\u00fcn\u00fc ortak payla\u015fan inan\u00e7 gruplar\u0131ndan kamu g\u00fcc\u00fcn\u00fc elinde bulunduranlar, kendi inan\u00e7lar\u0131n\u0131 ba\u015fkalar\u0131na dayatmaya \u00e7al\u0131\u015fmaktad\u0131r. Bu durumda, kamu g\u00fcc\u00fcnden mahrum olanlar d\u0131\u015flanmakta ve yok say\u0131lmaktad\u0131r. Tarihsel s\u00fcre\u00e7te, d\u0131\u015flanan ve yok say\u0131lmaya \u00e7al\u0131\u015f\u0131lan Alevilik, her \u015feye ra\u011fmen y\u00fczlerce y\u0131ld\u0131r varl\u0131\u011f\u0131n\u0131 korumu\u015f, \u00e7o\u011funlukla s\u00f6zl\u00fc k\u00fclt\u00fcrle beslenmeyi ba\u015farm\u0131\u015f ve bu bilgileri ku\u015faktan ku\u015fa\u011fa aktarm\u0131\u015ft\u0131r. Bu kitapta Alevili\u011fin tarihsel s\u00fcreci, yolu ve erk\u00e2n\u0131, yer ve zaman g\u00f6sterilerek belgeler \u0131\u015f\u0131\u011f\u0131nda objektif bir \u015fekilde sunulmaya \u00e7al\u0131\u015f\u0131lm\u0131\u015ft\u0131r. <\/p>\n","protected":false},"excerpt":{"rendered":"<p>\u0130nan\u00e7, bireyin \u00f6zg\u00fcr iradesiyle evreni ve i\u00e7inde geli\u015fen do\u011fa olaylar\u0131n\u0131 yorumlamas\u0131d\u0131r. Din ve inan\u00e7 \u00f6zg\u00fcrl\u00fc\u011f\u00fc, \u00e7a\u011fda\u015fl\u0131\u011f\u0131n ve medeniyetin simgelerinden biri olarak insan haklar\u0131n\u0131n ka\u00e7\u0131n\u0131lmaz kurallar\u0131ndand\u0131r. Din<span class=\"excerpt-hellip\"> [\u2026]<\/span><\/p>\n","protected":false},"featured_media":0,"template":"","meta":{"_monsterinsights_skip_tracking":false,"_monsterinsights_sitenote_active":false,"_monsterinsights_sitenote_note":"","_monsterinsights_sitenote_category":0},"product_brand":[],"product_cat":[12370,12304],"product_tag":[],"class_list":{"0":"post-767573","1":"product","2":"type-product","3":"status-publish","5":"product_cat-arastirma-inceleme","6":"product_cat-tarih","7":"pa_cilt-ciltsiz","8":"pa_tur-kitap","9":"pa_yayinevi-zet-akademi-yayinlari","10":"pa_yazar-yavuz-tanyeri","12":"first","13":"instock","14":"sale","15":"shipping-taxable","16":"purchasable","17":"product-type-simple"},"_links":{"self":[{"href":"https:\/\/roveyayinevi.com.tr\/index.php\/wp-json\/wp\/v2\/product\/767573","targetHints":{"allow":["GET"]}}],"collection":[{"href":"https:\/\/roveyayinevi.com.tr\/index.php\/wp-json\/wp\/v2\/product"}],"about":[{"href":"https:\/\/roveyayinevi.com.tr\/index.php\/wp-json\/wp\/v2\/types\/product"}],"wp:attachment":[{"href":"https:\/\/roveyayinevi.com.tr\/index.php\/wp-json\/wp\/v2\/media?parent=767573"}],"wp:term":[{"taxonomy":"product_brand","embeddable":true,"href":"https:\/\/roveyayinevi.com.tr\/index.php\/wp-json\/wp\/v2\/product_brand?post=767573"},{"taxonomy":"product_cat","embeddable":true,"href":"https:\/\/roveyayinevi.com.tr\/index.php\/wp-json\/wp\/v2\/product_cat?post=767573"},{"taxonomy":"product_tag","embeddable":true,"href":"https:\/\/roveyayinevi.com.tr\/index.php\/wp-json\/wp\/v2\/product_tag?post=767573"}],"curies":[{"name":"wp","href":"https:\/\/api.w.org\/{rel}","templated":true}]}}