{"id":767558,"date":"2025-08-28T12:51:08","date_gmt":"2025-08-28T09:51:08","guid":{"rendered":"https:\/\/roveyayinevi.com.tr\/index.php\/urun\/metapoetika\/"},"modified":"2026-04-15T03:33:26","modified_gmt":"2026-04-15T00:33:26","slug":"metapoetika","status":"publish","type":"product","link":"https:\/\/roveyayinevi.com.tr\/index.php\/urun\/metapoetika\/","title":{"rendered":"Metapoetika"},"content":{"rendered":"<p>Ahmet Hamdi Tanp\u0131nar\u2019dan Orhan Veli\u2019ye, Oktay Rifat\u2019tan Hilmi Yavuz\u2019a, Bar\u0131\u015f Pirhasan\u2019dan Haydar Erg\u00fclen\u2019e&#8230; Minima Poetika (2021) ile \u00e7a\u011fda\u015f T\u00fcrk \u015fiirinin ele\u015ftirisine yeni bir boyut kazand\u0131ran Ersun \u00c7\u0131plak, farkl\u0131 disiplinlerin \u0131\u015f\u0131\u011f\u0131n\u0131 yans\u0131tan kendine \u00f6zg\u00fc bak\u0131\u015f a\u00e7\u0131s\u0131yla yeniden \u015fiir \u00fczerine d\u00fc\u015f\u00fcn\u00fcyor: Metapoetika \u015fiirimizin d\u00fcn\u00fc ve bug\u00fcn\u00fc aras\u0131nda sa\u011flam k\u00f6pr\u00fcler kuruyor.   \u015eiire kendimi adamam ile \u015fiirleri derin ya da yak\u0131ndan okuma ser\u00fcvenimin e\u015f zamanl\u0131 ba\u015flad\u0131\u011f\u0131n\u0131 s\u00f6yleyebilirim. \u00c7evremdeki hemen herkes bir s\u00fcre sonra \u015fiir yazmay\u0131 b\u0131rak\u0131p \u015fiir ele\u015ftirmenli\u011fine y\u00f6nelece\u011fimi ileri s\u00fcrd\u00fc. (&#8230;) Bense \u015fiir ele\u015ftirisi, yahut \u00e7\u00f6z\u00fcmlemesinden \u00f6te, kendi yoluma i\u015faretler koydu\u011fumu d\u00fc\u015f\u00fcn\u00fcyordum. Okuma notlar\u0131 gibi. Nitekim bu kitaptaki \u00e7o\u011fu yaz\u0131, \u015fiir \u00e7\u00f6z\u00fcmlemesi olman\u0131n berisinde veya \u00f6tesinde. \u015eiir di\u011fer disiplinler i\u015fe kat\u0131lmadan anlamland\u0131r\u0131lam\u0131yor. \u00d6\u011frendim. <\/p>\n","protected":false},"excerpt":{"rendered":"<p>Ahmet Hamdi Tanp\u0131nar\u2019dan Orhan Veli\u2019ye, Oktay Rifat\u2019tan Hilmi Yavuz\u2019a, Bar\u0131\u015f Pirhasan\u2019dan Haydar Erg\u00fclen\u2019e&#8230; Minima Poetika (2021) ile \u00e7a\u011fda\u015f T\u00fcrk \u015fiirinin ele\u015ftirisine yeni bir boyut kazand\u0131ran Ersun<span class=\"excerpt-hellip\"> [\u2026]<\/span><\/p>\n","protected":false},"featured_media":0,"template":"","meta":{"_monsterinsights_skip_tracking":false,"_monsterinsights_sitenote_active":false,"_monsterinsights_sitenote_note":"","_monsterinsights_sitenote_category":0},"product_brand":[],"product_cat":[12291,12509],"product_tag":[],"class_list":{"0":"post-767558","1":"product","2":"type-product","3":"status-publish","5":"product_cat-edebiyat","6":"product_cat-siir","7":"pa_cilt-ciltsiz","8":"pa_tur-kitap","9":"pa_yayinevi-everest-yayinlari","10":"pa_yazar-ersun-ciplak","12":"first","13":"instock","14":"sale","15":"shipping-taxable","16":"purchasable","17":"product-type-simple"},"_links":{"self":[{"href":"https:\/\/roveyayinevi.com.tr\/index.php\/wp-json\/wp\/v2\/product\/767558","targetHints":{"allow":["GET"]}}],"collection":[{"href":"https:\/\/roveyayinevi.com.tr\/index.php\/wp-json\/wp\/v2\/product"}],"about":[{"href":"https:\/\/roveyayinevi.com.tr\/index.php\/wp-json\/wp\/v2\/types\/product"}],"wp:attachment":[{"href":"https:\/\/roveyayinevi.com.tr\/index.php\/wp-json\/wp\/v2\/media?parent=767558"}],"wp:term":[{"taxonomy":"product_brand","embeddable":true,"href":"https:\/\/roveyayinevi.com.tr\/index.php\/wp-json\/wp\/v2\/product_brand?post=767558"},{"taxonomy":"product_cat","embeddable":true,"href":"https:\/\/roveyayinevi.com.tr\/index.php\/wp-json\/wp\/v2\/product_cat?post=767558"},{"taxonomy":"product_tag","embeddable":true,"href":"https:\/\/roveyayinevi.com.tr\/index.php\/wp-json\/wp\/v2\/product_tag?post=767558"}],"curies":[{"name":"wp","href":"https:\/\/api.w.org\/{rel}","templated":true}]}}