{"id":767538,"date":"2025-08-28T12:50:28","date_gmt":"2025-08-28T09:50:28","guid":{"rendered":"https:\/\/roveyayinevi.com.tr\/index.php\/urun\/gokyuzu-gibi\/"},"modified":"2026-04-15T03:33:26","modified_gmt":"2026-04-15T00:33:26","slug":"gokyuzu-gibi","status":"publish","type":"product","link":"https:\/\/roveyayinevi.com.tr\/index.php\/urun\/gokyuzu-gibi\/","title":{"rendered":"G\u00f6ky\u00fcz\u00fc Gibi"},"content":{"rendered":"<p>\u0130\u015fte, duygular\u0131n en saf ve en derin halini bulaca\u011f\u0131n\u0131z bir \u015fiir kitab\u0131\u2026 &#8220;G\u00f6ky\u00fcz\u00fc Gibi&#8221; sizi, y\u00fcre\u011fin en kuytu k\u00f6\u015felerinde sakl\u0131 kalan a\u015fklara, ayr\u0131l\u0131klara, \u00f6zlemlere ve vuslat hayallerine g\u00f6t\u00fcr\u00fcyor. Bu kitapta, bazen bir g\u00fcl\u00fc\u015fte sakl\u0131 cenneti, bazen bir damla g\u00f6zya\u015f\u0131nda yank\u0131lanan h\u00fczn\u00fc bulacaks\u0131n\u0131z. Sevginin b\u00fcy\u00fcs\u00fcne kap\u0131l\u0131p hayallere dalacak, \u00f6zlemin ate\u015fiyle yan\u0131p yeniden umutla dolacaks\u0131n\u0131z. \u015eiirlerin her m\u0131sras\u0131nda, kalbinizin en derin yerlerine dokunan bir melodiyi hissedeceksiniz. Belki de burada, kendi hik\u00e2yenizi bulacaks\u0131n\u0131z\u2026 <\/p>\n","protected":false},"excerpt":{"rendered":"<p>\u0130\u015fte, duygular\u0131n en saf ve en derin halini bulaca\u011f\u0131n\u0131z bir \u015fiir kitab\u0131\u2026 &#8220;G\u00f6ky\u00fcz\u00fc Gibi&#8221; sizi, y\u00fcre\u011fin en kuytu k\u00f6\u015felerinde sakl\u0131 kalan a\u015fklara, ayr\u0131l\u0131klara, \u00f6zlemlere ve vuslat<span class=\"excerpt-hellip\"> [\u2026]<\/span><\/p>\n","protected":false},"featured_media":0,"template":"","meta":{"_monsterinsights_skip_tracking":false,"_monsterinsights_sitenote_active":false,"_monsterinsights_sitenote_note":"","_monsterinsights_sitenote_category":0},"product_brand":[],"product_cat":[12291,12509],"product_tag":[],"class_list":{"0":"post-767538","1":"product","2":"type-product","3":"status-publish","5":"product_cat-edebiyat","6":"product_cat-siir","7":"pa_cilt-ciltsiz","8":"pa_tur-kitap","9":"pa_yayinevi-servet-yayinevi","10":"pa_yazar-sametcan-dolgun","12":"first","13":"instock","14":"sale","15":"shipping-taxable","16":"purchasable","17":"product-type-simple"},"_links":{"self":[{"href":"https:\/\/roveyayinevi.com.tr\/index.php\/wp-json\/wp\/v2\/product\/767538","targetHints":{"allow":["GET"]}}],"collection":[{"href":"https:\/\/roveyayinevi.com.tr\/index.php\/wp-json\/wp\/v2\/product"}],"about":[{"href":"https:\/\/roveyayinevi.com.tr\/index.php\/wp-json\/wp\/v2\/types\/product"}],"wp:attachment":[{"href":"https:\/\/roveyayinevi.com.tr\/index.php\/wp-json\/wp\/v2\/media?parent=767538"}],"wp:term":[{"taxonomy":"product_brand","embeddable":true,"href":"https:\/\/roveyayinevi.com.tr\/index.php\/wp-json\/wp\/v2\/product_brand?post=767538"},{"taxonomy":"product_cat","embeddable":true,"href":"https:\/\/roveyayinevi.com.tr\/index.php\/wp-json\/wp\/v2\/product_cat?post=767538"},{"taxonomy":"product_tag","embeddable":true,"href":"https:\/\/roveyayinevi.com.tr\/index.php\/wp-json\/wp\/v2\/product_tag?post=767538"}],"curies":[{"name":"wp","href":"https:\/\/api.w.org\/{rel}","templated":true}]}}