{"id":767531,"date":"2025-08-28T12:50:13","date_gmt":"2025-08-28T09:50:13","guid":{"rendered":"https:\/\/roveyayinevi.com.tr\/index.php\/urun\/nefret-mektuplari-2\/"},"modified":"2026-04-15T03:33:25","modified_gmt":"2026-04-15T00:33:25","slug":"nefret-mektuplari-2","status":"publish","type":"product","link":"https:\/\/roveyayinevi.com.tr\/index.php\/urun\/nefret-mektuplari-2\/","title":{"rendered":"Nefret Mektuplar\u0131"},"content":{"rendered":"<p>Naomi ve Luca be\u015finci s\u0131n\u0131ftan beri mektup arkada\u015f\u0131yd\u0131. Daha do\u011frusu yarat\u0131c\u0131 hakaretler ve s\u00f6z d\u00fcellolar\u0131ndan olu\u015fan bir sava\u015fta iki d\u00fc\u015fman\u2026   Her sat\u0131r\u0131ndan tarifsiz bir nefret akan bu mektuplar y\u0131llara yay\u0131lan bir arkada\u015fl\u0131\u011f\u0131n temelini atm\u0131\u015ft\u0131.   Ta ki bir g\u00fcn mektuplar aniden kesilene kadar. Naomi, iki y\u0131ld\u0131r Luca\u2019dan haber alam\u0131yordu. Her \u015feyi de\u011fi\u015ftirebilecek o son mektubun arkas\u0131 gelmemi\u015fti.   Ne var ki yerel haber kanal\u0131ndaki masas\u0131nda bir anda beliren yeni bir zarf, fitili tekrar ate\u015fleyecekti.   Bu sefer son s\u00f6z\u00fc nefret de\u011fil a\u015fk s\u00f6yleyecekti. <\/p>\n","protected":false},"excerpt":{"rendered":"<p>Naomi ve Luca be\u015finci s\u0131n\u0131ftan beri mektup arkada\u015f\u0131yd\u0131. Daha do\u011frusu yarat\u0131c\u0131 hakaretler ve s\u00f6z d\u00fcellolar\u0131ndan olu\u015fan bir sava\u015fta iki d\u00fc\u015fman\u2026 Her sat\u0131r\u0131ndan tarifsiz bir nefret akan<span class=\"excerpt-hellip\"> [\u2026]<\/span><\/p>\n","protected":false},"featured_media":0,"template":"","meta":{"_monsterinsights_skip_tracking":false,"_monsterinsights_sitenote_active":false,"_monsterinsights_sitenote_note":"","_monsterinsights_sitenote_category":0},"product_brand":[],"product_cat":[12291,12711],"product_tag":[],"class_list":{"0":"post-767531","1":"product","2":"type-product","3":"status-publish","5":"product_cat-edebiyat","6":"product_cat-roman-oyku","7":"pa_cilt-ciltsiz","8":"pa_tur-kitap","9":"pa_yayinevi-nox-yayinlari","10":"pa_yazar-donna-marchetti","12":"first","13":"instock","14":"sale","15":"shipping-taxable","16":"purchasable","17":"product-type-simple"},"_links":{"self":[{"href":"https:\/\/roveyayinevi.com.tr\/index.php\/wp-json\/wp\/v2\/product\/767531","targetHints":{"allow":["GET"]}}],"collection":[{"href":"https:\/\/roveyayinevi.com.tr\/index.php\/wp-json\/wp\/v2\/product"}],"about":[{"href":"https:\/\/roveyayinevi.com.tr\/index.php\/wp-json\/wp\/v2\/types\/product"}],"wp:attachment":[{"href":"https:\/\/roveyayinevi.com.tr\/index.php\/wp-json\/wp\/v2\/media?parent=767531"}],"wp:term":[{"taxonomy":"product_brand","embeddable":true,"href":"https:\/\/roveyayinevi.com.tr\/index.php\/wp-json\/wp\/v2\/product_brand?post=767531"},{"taxonomy":"product_cat","embeddable":true,"href":"https:\/\/roveyayinevi.com.tr\/index.php\/wp-json\/wp\/v2\/product_cat?post=767531"},{"taxonomy":"product_tag","embeddable":true,"href":"https:\/\/roveyayinevi.com.tr\/index.php\/wp-json\/wp\/v2\/product_tag?post=767531"}],"curies":[{"name":"wp","href":"https:\/\/api.w.org\/{rel}","templated":true}]}}