{"id":767526,"date":"2025-08-28T12:50:05","date_gmt":"2025-08-28T09:50:05","guid":{"rendered":"https:\/\/roveyayinevi.com.tr\/index.php\/urun\/bilim-tasavvuru-bakimindan-mucizenin-imkani\/"},"modified":"2026-04-15T03:33:25","modified_gmt":"2026-04-15T00:33:25","slug":"bilim-tasavvuru-bakimindan-mucizenin-imkani","status":"publish","type":"product","link":"https:\/\/roveyayinevi.com.tr\/index.php\/urun\/bilim-tasavvuru-bakimindan-mucizenin-imkani\/","title":{"rendered":"Bilim Tasavvuru Bak\u0131m\u0131ndan Mucizenin \u0130mkan\u0131"},"content":{"rendered":"<p>Bir din felsefesi problemi olarak mucizenin imkan\u0131 meselesi d\u00fcn oldu\u011fu gibi bug\u00fcn de canl\u0131l\u0131\u011f\u0131n\u0131 muhafaza etmektedir. Mucizenin imkan\u0131na dair sorgulama, Tanr\u0131 evren ili\u015fkisi ba\u011flam\u0131nda yap\u0131lm\u0131\u015ft\u0131r. Yahudilik, Hristiyanl\u0131k ve \u0130slamiyet gibi teistik dinlerde mucizelerin ola\u011fan\u00fcst\u00fc hadiseler olarak kabul edilmesi nedensellik, tabiat\u0131n d\u00fczeni, ilahi m\u00fcdahale gibi bir\u00e7ok tart\u0131\u015fmay\u0131 beraberinde getirmi\u015f ve Tanr\u0131&#8217;n\u0131n evrenle kurdu\u011fu ili\u015fkiye dair teologlar\u0131n, filozoflar\u0131n, bilim adamlar\u0131n\u0131n muhtelif cevaplar\u0131 olmu\u015ftur. Bu kitapta erken Orta \u00c7a\u011f&#8217;dan 17. y\u00fczy\u0131l bilimsel devrimine kadar de\u011fi\u015fen bilim tasavvuru bak\u0131m\u0131ndan mucizenin imkan\u0131na dair sunulan a\u00e7\u0131klamalar\u0131 mukayeseli olarak okuyucuya aktarmak hedeflenmektedir. <\/p>\n","protected":false},"excerpt":{"rendered":"<p>Bir din felsefesi problemi olarak mucizenin imkan\u0131 meselesi d\u00fcn oldu\u011fu gibi bug\u00fcn de canl\u0131l\u0131\u011f\u0131n\u0131 muhafaza etmektedir. Mucizenin imkan\u0131na dair sorgulama, Tanr\u0131 evren ili\u015fkisi ba\u011flam\u0131nda yap\u0131lm\u0131\u015ft\u0131r. Yahudilik,<span class=\"excerpt-hellip\"> [\u2026]<\/span><\/p>\n","protected":false},"featured_media":0,"template":"","meta":{"_monsterinsights_skip_tracking":false,"_monsterinsights_sitenote_active":false,"_monsterinsights_sitenote_note":"","_monsterinsights_sitenote_category":0},"product_brand":[],"product_cat":[12718],"product_tag":[],"class_list":{"0":"post-767526","1":"product","2":"type-product","3":"status-publish","5":"product_cat-din","6":"pa_cilt-ciltsiz","7":"pa_tur-kitap","8":"pa_yayinevi-soncag-akademik-kitaplar","9":"pa_yazar-tugba-umut","11":"first","12":"instock","13":"sale","14":"shipping-taxable","15":"purchasable","16":"product-type-simple"},"_links":{"self":[{"href":"https:\/\/roveyayinevi.com.tr\/index.php\/wp-json\/wp\/v2\/product\/767526","targetHints":{"allow":["GET"]}}],"collection":[{"href":"https:\/\/roveyayinevi.com.tr\/index.php\/wp-json\/wp\/v2\/product"}],"about":[{"href":"https:\/\/roveyayinevi.com.tr\/index.php\/wp-json\/wp\/v2\/types\/product"}],"wp:attachment":[{"href":"https:\/\/roveyayinevi.com.tr\/index.php\/wp-json\/wp\/v2\/media?parent=767526"}],"wp:term":[{"taxonomy":"product_brand","embeddable":true,"href":"https:\/\/roveyayinevi.com.tr\/index.php\/wp-json\/wp\/v2\/product_brand?post=767526"},{"taxonomy":"product_cat","embeddable":true,"href":"https:\/\/roveyayinevi.com.tr\/index.php\/wp-json\/wp\/v2\/product_cat?post=767526"},{"taxonomy":"product_tag","embeddable":true,"href":"https:\/\/roveyayinevi.com.tr\/index.php\/wp-json\/wp\/v2\/product_tag?post=767526"}],"curies":[{"name":"wp","href":"https:\/\/api.w.org\/{rel}","templated":true}]}}