{"id":767519,"date":"2025-08-28T12:49:53","date_gmt":"2025-08-28T09:49:53","guid":{"rendered":"https:\/\/roveyayinevi.com.tr\/index.php\/urun\/kara-avcilik-sporcularinin-depresyon-anksiyete-ve-stres-duzeyleri\/"},"modified":"2026-04-15T03:33:25","modified_gmt":"2026-04-15T00:33:25","slug":"kara-avcilik-sporcularinin-depresyon-anksiyete-ve-stres-duzeyleri","status":"publish","type":"product","link":"https:\/\/roveyayinevi.com.tr\/index.php\/urun\/kara-avcilik-sporcularinin-depresyon-anksiyete-ve-stres-duzeyleri\/","title":{"rendered":"Kara Avc\u0131l\u0131k Sporcular\u0131n\u0131n Depresyon Anksiyete ve Stres D\u00fczeyleri"},"content":{"rendered":"<p>\u0130\u00e7indekiler :         1.\u00d6ZET         2. ABSTRACT         3.G\u0130R\u0130\u015e         4.\u0130LK ZAMANLARDAN G\u00dcN\u00dcM\u00dcZE AVCILIK MALZEMELER\u0130         5.DEPRESYON NED\u0130R?         6.GERE\u00c7 Y\u00d6NTEM         7.BULGULAR <\/p>\n","protected":false},"excerpt":{"rendered":"<p>\u0130\u00e7indekiler : 1.\u00d6ZET 2. ABSTRACT 3.G\u0130R\u0130\u015e 4.\u0130LK ZAMANLARDAN G\u00dcN\u00dcM\u00dcZE AVCILIK MALZEMELER\u0130 5.DEPRESYON NED\u0130R? 6.GERE\u00c7 Y\u00d6NTEM 7.BULGULAR<\/p>\n","protected":false},"featured_media":0,"template":"","meta":{"_monsterinsights_skip_tracking":false,"_monsterinsights_sitenote_active":false,"_monsterinsights_sitenote_note":"","_monsterinsights_sitenote_category":0},"product_brand":[],"product_cat":[15563,15564],"product_tag":[],"class_list":{"0":"post-767519","1":"product","2":"type-product","3":"status-publish","5":"product_cat-hobi","6":"product_cat-spor","7":"pa_cilt-ciltsiz","8":"pa_tur-kitap","9":"pa_yayinevi-gazi-kitabevi","10":"pa_yazar-onur-tanman-atalay-gacar","12":"first","13":"instock","14":"sale","15":"shipping-taxable","16":"purchasable","17":"product-type-simple"},"_links":{"self":[{"href":"https:\/\/roveyayinevi.com.tr\/index.php\/wp-json\/wp\/v2\/product\/767519","targetHints":{"allow":["GET"]}}],"collection":[{"href":"https:\/\/roveyayinevi.com.tr\/index.php\/wp-json\/wp\/v2\/product"}],"about":[{"href":"https:\/\/roveyayinevi.com.tr\/index.php\/wp-json\/wp\/v2\/types\/product"}],"wp:attachment":[{"href":"https:\/\/roveyayinevi.com.tr\/index.php\/wp-json\/wp\/v2\/media?parent=767519"}],"wp:term":[{"taxonomy":"product_brand","embeddable":true,"href":"https:\/\/roveyayinevi.com.tr\/index.php\/wp-json\/wp\/v2\/product_brand?post=767519"},{"taxonomy":"product_cat","embeddable":true,"href":"https:\/\/roveyayinevi.com.tr\/index.php\/wp-json\/wp\/v2\/product_cat?post=767519"},{"taxonomy":"product_tag","embeddable":true,"href":"https:\/\/roveyayinevi.com.tr\/index.php\/wp-json\/wp\/v2\/product_tag?post=767519"}],"curies":[{"name":"wp","href":"https:\/\/api.w.org\/{rel}","templated":true}]}}