{"id":767518,"date":"2025-08-28T12:49:51","date_gmt":"2025-08-28T09:49:51","guid":{"rendered":"https:\/\/roveyayinevi.com.tr\/index.php\/urun\/sektorel-acidan-finansal-analiz-ve-finansal-performans\/"},"modified":"2026-04-15T03:33:25","modified_gmt":"2026-04-15T00:33:25","slug":"sektorel-acidan-finansal-analiz-ve-finansal-performans","status":"publish","type":"product","link":"https:\/\/roveyayinevi.com.tr\/index.php\/urun\/sektorel-acidan-finansal-analiz-ve-finansal-performans\/","title":{"rendered":"Sekt\u00f6rel A\u00e7\u0131dan Finansal Analiz Ve Finansal Performans"},"content":{"rendered":"<p>\u0130\u00e7indekiler :   F\u0130NANSAL PERFORMANSIN DUPONT ANAL\u0130Z\u0130YLE \u0130NCELENMES\u0130: SEKT\u00d6REL B\u0130R ARA\u015eTIRMA   SECTORAL IMPACT OF DIVIDEND ANNOUNCEMENTS ON STOCK RETURNS: AN EVENT STUDY ANALYSIS ON BORSA ISTANBUL (2010-2023)   BIST ENERJ\u0130 F\u0130RMALARININ H\u0130SSE PERFORMANSLARININ MAL\u0130 ANAL\u0130Z\u0130: F\u0130NANSAL DE\u011eI\u015eKENLER VE ENERJ\u0130 F\u0130YATLARININ ETK\u0130S\u0130   KONAKLAMA SEKT\u00d6R\u00dcNDE FAAL\u0130YET G\u00d6STEREN \u015e\u0130RKETLER\u0130N F\u0130NANSAL PERFORMANSI: PANEL VER\u0130 ANAL\u0130Z\u0130   F\u0130NANSAL P\u0130YASA D\u0130NAM\u0130KLER\u0130 VE F\u0130NANS SEKT\u00d6R\u00dc PERFORMANSI ARASINDAK\u0130 AS\u0130METR\u0130K \u0130L\u0130\u015eK\u0130LER   BIST S\u0130GORTA ENDEKS\u0130NDEK\u0130 F\u0130RMALARIN F\u0130NANSAL PERFORMANSLARININ BWM TABANLI VIKOR Y\u00d6NTEM\u0130 \u0130LE \u0130NCELENMES\u0130   SEKT\u00d6REL L\u0130K\u0130D\u0130TE YAPISINA EKONOM\u0130K POL\u0130T\u0130KA BEL\u0130RS\u0130ZL\u0130\u011e\u0130N\u0130N ETK\u0130LER\u0130   T\u00dcRK\u0130YE JEOPOL\u0130T\u0130K R\u0130SK\u0130 VE BIST \u015eEH\u0130R ENDEKSLER\u0130N\u0130N PERFORMANS ANAL\u0130Z\u0130   B\u0130ST TA\u015e TOPRAK (XTAST) SEKT\u00d6R\u00dcNDEK\u0130 \u015e\u0130RKETLER\u0130N F\u0130NANSAL PERFORMANS ANAL\u0130Z\u0130   ENERJ\u0130 VE K\u0130MYA SEKT\u00d6RLER\u0130NDE F\u0130NANSAL PERFORMANSIN \u0130NCELENMES\u0130: ENTROPI VE MOORA Y\u00d6NTEMLER\u0130 \u0130LE B\u0130R UYGULAMA   BIST \u0130MALAT SEKT\u00d6R\u00dcNDE FAAL\u0130YET G\u00d6STEREN \u015e\u0130RKETLER\u0130N F\u0130NANSAL BA\u015eARISIZLIKLARININ ALTMAN Z SKOR MODEL\u0130YLE ANAL\u0130Z\u0130   TOPSIS Y\u00d6NTEM\u0130YLE F\u0130NANSAL PERFORMANS ANAL\u0130Z\u0130: B\u0130ST \u0130MALAT SEKT\u00d6R\u00dc \u00d6RNE\u011e\u0130   AR-GE HARCAMALARININ SAVUNMA SANAY\u0130 \u015e\u0130RKETLER\u0130N\u0130N F\u0130NANSAL PERFORMANSI \u00dcZER\u0130NE ETK\u0130S\u0130: BORSA \u0130STANBUL \u00dcZER\u0130NE B\u0130R ARA\u015eTIRMA   BORSA \u0130STANBUL SEKT\u00d6R ENDEKSLER\u0130NDE D\u00d6V\u0130Z, FA\u0130Z VE PETROL F\u0130YATLARININ F\u0130NANSAL PERFORMANSA ETK\u0130S\u0130: 2014-2024 ANAL\u0130Z\u0130 <\/p>\n","protected":false},"excerpt":{"rendered":"<p>\u0130\u00e7indekiler : F\u0130NANSAL PERFORMANSIN DUPONT ANAL\u0130Z\u0130YLE \u0130NCELENMES\u0130: SEKT\u00d6REL B\u0130R ARA\u015eTIRMA SECTORAL IMPACT OF DIVIDEND ANNOUNCEMENTS ON STOCK RETURNS: AN EVENT STUDY ANALYSIS ON BORSA ISTANBUL (2010-2023)<span class=\"excerpt-hellip\"> [\u2026]<\/span><\/p>\n","protected":false},"featured_media":0,"template":"","meta":{"_monsterinsights_skip_tracking":false,"_monsterinsights_sitenote_active":false,"_monsterinsights_sitenote_note":"","_monsterinsights_sitenote_category":0},"product_brand":[],"product_cat":[13043],"product_tag":[],"class_list":{"0":"post-767518","1":"product","2":"type-product","3":"status-publish","5":"product_cat-ekonomi","6":"pa_cilt-ciltsiz","7":"pa_tur-kitap","8":"pa_yayinevi-gazi-kitabevi","9":"pa_yazar-kolektif","11":"first","12":"instock","13":"sale","14":"shipping-taxable","15":"purchasable","16":"product-type-simple"},"_links":{"self":[{"href":"https:\/\/roveyayinevi.com.tr\/index.php\/wp-json\/wp\/v2\/product\/767518","targetHints":{"allow":["GET"]}}],"collection":[{"href":"https:\/\/roveyayinevi.com.tr\/index.php\/wp-json\/wp\/v2\/product"}],"about":[{"href":"https:\/\/roveyayinevi.com.tr\/index.php\/wp-json\/wp\/v2\/types\/product"}],"wp:attachment":[{"href":"https:\/\/roveyayinevi.com.tr\/index.php\/wp-json\/wp\/v2\/media?parent=767518"}],"wp:term":[{"taxonomy":"product_brand","embeddable":true,"href":"https:\/\/roveyayinevi.com.tr\/index.php\/wp-json\/wp\/v2\/product_brand?post=767518"},{"taxonomy":"product_cat","embeddable":true,"href":"https:\/\/roveyayinevi.com.tr\/index.php\/wp-json\/wp\/v2\/product_cat?post=767518"},{"taxonomy":"product_tag","embeddable":true,"href":"https:\/\/roveyayinevi.com.tr\/index.php\/wp-json\/wp\/v2\/product_tag?post=767518"}],"curies":[{"name":"wp","href":"https:\/\/api.w.org\/{rel}","templated":true}]}}