{"id":767511,"date":"2025-08-28T12:49:41","date_gmt":"2025-08-28T09:49:41","guid":{"rendered":"https:\/\/roveyayinevi.com.tr\/index.php\/urun\/bati-egitim-dusuncesi-tarihi\/"},"modified":"2026-04-15T03:33:25","modified_gmt":"2026-04-15T00:33:25","slug":"bati-egitim-dusuncesi-tarihi","status":"publish","type":"product","link":"https:\/\/roveyayinevi.com.tr\/index.php\/urun\/bati-egitim-dusuncesi-tarihi\/","title":{"rendered":"Bat\u0131 E\u011fitim D\u00fc\u015f\u00fcncesi Tarihi"},"content":{"rendered":"<p>Bu kitapta d\u00fc\u015f\u00fcnce tarihi \u00fczerindeki odak, k\u0131smen, e\u011fitim tarihini, \u2018b\u00fcy\u00fck adamlar\u2019a dayal\u0131 bir yakla\u015f\u0131mdan uzakla\u015ft\u0131rarak d\u00fc\u015f\u00fcnceler ve inan\u00e7lar \u00fczerinde teknolojik, ekonomik, sosyal ve politik etkilerin belirleyici oldu\u011fu bir yakla\u015f\u0131ma ta\u015f\u0131ma giri\u015fimidir. Yazarlara g\u00f6re, e\u011fitim tarihi kitaplar\u0131n\u0131n \u00e7o\u011fu, d\u00fc\u015f\u00fcncelerin ortaya \u00e7\u0131kt\u0131\u011f\u0131 genel tarihsel ba\u011flam\u0131 yeterine dikkate almadan, d\u00fc\u015f\u00fcnceleri ve inan\u00e7lar\u0131, bir \u00fcnl\u00fc d\u00fc\u015f\u00fcn\u00fcrden di\u011ferine olduk\u00e7a kolay bir bi\u00e7imde ta\u015f\u0131m\u0131\u015ft\u0131r. E\u011fitim tarihi ge\u00e7mi\u015fte sadece b\u00fcy\u00fck d\u00fc\u015f\u00fcn\u00fcrlerin hikayesine de\u011fil ayn\u0131 zamanda kurumlar\u0131n tarihine de \u00e7ok fazla yo\u011funla\u015fm\u0131\u015ft\u0131r. \u00d6rne\u011fin, bu kurumlar\u0131 olu\u015fturan ya da onlar\u0131 d\u00f6n\u00fc\u015ft\u00fcren toplumlardaki de\u011fi\u015fimin incelenmesi yerine \u2018\u00dcniversitenin Do\u011fu\u015fu\u2019 gibi konular daha fazla ele al\u0131nm\u0131\u015ft\u0131r. Ger\u00e7ekte on ikinci y\u00fczy\u0131ldaki Paris ve Oxford \u00fcniversitelerinin yirminci y\u00fczy\u0131l y\u00fcksek \u00f6\u011fretimiyle ortak noktas\u0131 olduk\u00e7a azd\u0131r. Bat\u0131 E\u011fitim D\u00fc\u015f\u00fcncesi Tarihi, bireylerin katk\u0131lar\u0131n\u0131 g\u00f6z ard\u0131 etmeksizin de\u011fi\u015fimin nedenlerini ara\u015ft\u0131rmaktad\u0131r. Bir\u00e7ok tarih\u00e7i, kendi \u00fclkesinin tarihini bilmeyen bir bireyin daha \u00e7ok haf\u0131zas\u0131n\u0131 kaybetmi\u015f bir ki\u015fiye benzedi\u011fini ileri s\u00fcrm\u00fc\u015ft\u00fcr; bug\u00fcn\u00fcm\u00fcze anlam verebilmek ya da en az\u0131ndan bu noktaya nas\u0131l geldi\u011fimizi bilmek i\u00e7in ge\u00e7mi\u015fin bilgisine ihtiya\u00e7 duyar\u0131z. Bunun ayn\u0131s\u0131 e\u011fitimle ilgilenen herhangi bir ki\u015fi i\u00e7in de ge\u00e7erlidir: Bir e\u011fitim sisteminin zaman i\u00e7inde nas\u0131l geli\u015fti\u011fini bilebilirsek ancak o sayede e\u011fitim sisteminin bir\u00e7ok \u00f6zelli\u011fine anlam verebiliriz. Bir e\u011fitim sisteminin zaman i\u00e7erisindeki geli\u015fiminin bir k\u0131sm\u0131, e\u011fitim kurumlar\u0131n\u0131n nas\u0131l de\u011fi\u015fti\u011finin hikayesidir ancak e\u011fitim d\u00fc\u015f\u00fcncesinin nas\u0131l geli\u015fti\u011fini anlaman\u0131n \u00f6nemi de yads\u0131nmamal\u0131d\u0131r. <\/p>\n","protected":false},"excerpt":{"rendered":"<p>Bu kitapta d\u00fc\u015f\u00fcnce tarihi \u00fczerindeki odak, k\u0131smen, e\u011fitim tarihini, \u2018b\u00fcy\u00fck adamlar\u2019a dayal\u0131 bir yakla\u015f\u0131mdan uzakla\u015ft\u0131rarak d\u00fc\u015f\u00fcnceler ve inan\u00e7lar \u00fczerinde teknolojik, ekonomik, sosyal ve politik etkilerin belirleyici<span class=\"excerpt-hellip\"> [\u2026]<\/span><\/p>\n","protected":false},"featured_media":0,"template":"","meta":{"_monsterinsights_skip_tracking":false,"_monsterinsights_sitenote_active":false,"_monsterinsights_sitenote_note":"","_monsterinsights_sitenote_category":0},"product_brand":[],"product_cat":[12370,12304],"product_tag":[],"class_list":{"0":"post-767511","1":"product","2":"type-product","3":"status-publish","5":"product_cat-arastirma-inceleme","6":"product_cat-tarih","7":"pa_cilt-ciltsiz","8":"pa_tur-kitap","9":"pa_yayinevi-nika-yayinevi","10":"pa_yazar-denis-lawton-peter-gordon","12":"first","13":"instock","14":"sale","15":"shipping-taxable","16":"purchasable","17":"product-type-simple"},"_links":{"self":[{"href":"https:\/\/roveyayinevi.com.tr\/index.php\/wp-json\/wp\/v2\/product\/767511","targetHints":{"allow":["GET"]}}],"collection":[{"href":"https:\/\/roveyayinevi.com.tr\/index.php\/wp-json\/wp\/v2\/product"}],"about":[{"href":"https:\/\/roveyayinevi.com.tr\/index.php\/wp-json\/wp\/v2\/types\/product"}],"wp:attachment":[{"href":"https:\/\/roveyayinevi.com.tr\/index.php\/wp-json\/wp\/v2\/media?parent=767511"}],"wp:term":[{"taxonomy":"product_brand","embeddable":true,"href":"https:\/\/roveyayinevi.com.tr\/index.php\/wp-json\/wp\/v2\/product_brand?post=767511"},{"taxonomy":"product_cat","embeddable":true,"href":"https:\/\/roveyayinevi.com.tr\/index.php\/wp-json\/wp\/v2\/product_cat?post=767511"},{"taxonomy":"product_tag","embeddable":true,"href":"https:\/\/roveyayinevi.com.tr\/index.php\/wp-json\/wp\/v2\/product_tag?post=767511"}],"curies":[{"name":"wp","href":"https:\/\/api.w.org\/{rel}","templated":true}]}}