{"id":767504,"date":"2025-08-28T12:49:31","date_gmt":"2025-08-28T09:49:31","guid":{"rendered":"https:\/\/roveyayinevi.com.tr\/index.php\/urun\/anlam-yaratmak\/"},"modified":"2026-04-15T03:33:25","modified_gmt":"2026-04-15T00:33:25","slug":"anlam-yaratmak","status":"publish","type":"product","link":"https:\/\/roveyayinevi.com.tr\/index.php\/urun\/anlam-yaratmak\/","title":{"rendered":"Anlam Yaratmak"},"content":{"rendered":"<p>Elinizdeki David Bordwell\u2019in kitab\u0131, hem film ele\u015ftirisinin tarihi hem ele\u015ftirmenlerin filmi nas\u0131l yorumlad\u0131\u011f\u0131na dair derinlikli bir analiz yapt\u0131ktan sonra film \u00e7al\u0131\u015fmalar\u0131 i\u00e7in alternatif bir de program teklifinde bulunuyor. Yazar, asl\u0131nda film ele\u015ftirisinin anatomisini olu\u015fturup film ara\u015ft\u0131rmalar\u0131n\u0131n g\u00fcndemini yeniden belirlemeyi hedefliyor. Bu nedenle Anlam Yaratmak \u00e2deta bir d\u00f6n\u00fcm noktas\u0131 kitab\u0131, gelecekteki film \u00e7al\u0131\u015fmalar\u0131n\u0131n evrilece\u011fi tart\u0131\u015fman\u0131n odak noktas\u0131n\u0131 te\u015fkil ediyor. Filmleri yorumlamak ve onlardan anlam \u00e7\u0131kartmak i\u00e7in farkl\u0131 stratejiler geli\u015ftiren Bordwell, teorisini Bat\u0131 film ele\u015ftirisinden \u00e7ok say\u0131da \u00f6rnekle a\u00e7\u0131klamaktad\u0131r. Arg\u00fcmanlar\u0131n\u0131 olu\u015fturan terimleri ve onlar\u0131n kapsam\u0131n\u0131 ortaya koyduktan sonra, ele\u015ftirel teorilerin pratikleri nas\u0131l k\u0131s\u0131tlad\u0131\u011f\u0131n\u0131 ve metinlerin yorumlanmas\u0131n\u0131n be\u015fer\u00ee bilimlerin merkez\u00ee bir me\u015fguliyeti h\u00e2line geldi\u011fini g\u00f6stermeye \u00e7al\u0131\u015fmaktad\u0131r. Eserde II. D\u00fcnya Sava\u015f\u0131\u2019ndan bu yana Fransa, Britanya ve Amerika Birle\u015fik Devletleri\u2019nde film ele\u015ftirisinin geli\u015fimine dair a\u00e7\u0131klamalar sunulmakla kalmaz, ayn\u0131 zamanda bu geli\u015fim iki \u00f6nemli ele\u015ftiri t\u00fcr\u00fc arac\u0131l\u0131\u011f\u0131yla analiz edilir. \u00c7o\u011funlukla z\u0131t olarak g\u00f6r\u00fclen bu iki yakla\u015f\u0131m\u0131n asl\u0131nda \u00e7ok da ortak noktas\u0131 oldu\u011funu g\u00f6sterir. Her iki ekol\u00fcn de geleneksel, retorik ve problem \u00e7\u00f6zme tekniklerinin izah edildi\u011fi \u00e7al\u0131\u015fma, sinemada tarihsel \u015fiirin film analizi i\u00e7in en verimli \u00e7er\u00e7eveyi sundu\u011fu iddias\u0131yla sona erer. <\/p>\n","protected":false},"excerpt":{"rendered":"<p>Elinizdeki David Bordwell\u2019in kitab\u0131, hem film ele\u015ftirisinin tarihi hem ele\u015ftirmenlerin filmi nas\u0131l yorumlad\u0131\u011f\u0131na dair derinlikli bir analiz yapt\u0131ktan sonra film \u00e7al\u0131\u015fmalar\u0131 i\u00e7in alternatif bir de program<span class=\"excerpt-hellip\"> [\u2026]<\/span><\/p>\n","protected":false},"featured_media":0,"template":"","meta":{"_monsterinsights_skip_tracking":false,"_monsterinsights_sitenote_active":false,"_monsterinsights_sitenote_note":"","_monsterinsights_sitenote_category":0},"product_brand":[],"product_cat":[15983,13488],"product_tag":[],"class_list":{"0":"post-767504","1":"product","2":"type-product","3":"status-publish","5":"product_cat-iletisim-ve-medya","6":"product_cat-toplum-ve-insan","7":"pa_cilt-ciltsiz","8":"pa_tur-kitap","9":"pa_yayinevi-anadolu-ajansi-yayinevi","10":"pa_yazar-david-bordwell","12":"first","13":"instock","14":"sale","15":"shipping-taxable","16":"purchasable","17":"product-type-simple"},"_links":{"self":[{"href":"https:\/\/roveyayinevi.com.tr\/index.php\/wp-json\/wp\/v2\/product\/767504","targetHints":{"allow":["GET"]}}],"collection":[{"href":"https:\/\/roveyayinevi.com.tr\/index.php\/wp-json\/wp\/v2\/product"}],"about":[{"href":"https:\/\/roveyayinevi.com.tr\/index.php\/wp-json\/wp\/v2\/types\/product"}],"wp:attachment":[{"href":"https:\/\/roveyayinevi.com.tr\/index.php\/wp-json\/wp\/v2\/media?parent=767504"}],"wp:term":[{"taxonomy":"product_brand","embeddable":true,"href":"https:\/\/roveyayinevi.com.tr\/index.php\/wp-json\/wp\/v2\/product_brand?post=767504"},{"taxonomy":"product_cat","embeddable":true,"href":"https:\/\/roveyayinevi.com.tr\/index.php\/wp-json\/wp\/v2\/product_cat?post=767504"},{"taxonomy":"product_tag","embeddable":true,"href":"https:\/\/roveyayinevi.com.tr\/index.php\/wp-json\/wp\/v2\/product_tag?post=767504"}],"curies":[{"name":"wp","href":"https:\/\/api.w.org\/{rel}","templated":true}]}}