{"id":767495,"date":"2025-08-28T12:49:12","date_gmt":"2025-08-28T09:49:12","guid":{"rendered":"https:\/\/roveyayinevi.com.tr\/index.php\/urun\/alemdagda-var-bir-yilan-2\/"},"modified":"2026-04-15T03:33:25","modified_gmt":"2026-04-15T00:33:25","slug":"alemdagda-var-bir-yilan-2","status":"publish","type":"product","link":"https:\/\/roveyayinevi.com.tr\/index.php\/urun\/alemdagda-var-bir-yilan-2\/","title":{"rendered":"Alemda\u011f\u2019da Var Bir Y\u0131lan"},"content":{"rendered":"<p>\u0130\u015fte kar\u015f\u0131 kar\u015f\u0131yas\u0131n. Haydi bakal\u0131m. S\u00f6yle s\u00f6yleyece\u011fini. De diyece\u011fini. Dinler de. Tatl\u0131 tatl\u0131 dinler de. Sevgiden s\u00f6z a\u00e7. Ne \u00e7\u0131kar; o seni anlarsa de\u011fil, sen onu anlarsan bir \u015feyler olacak. \u0130\u015fte kar\u015f\u0131 kar\u015f\u0131yas\u0131n. Birdenbire kalkar, dudaklar\u0131ndan \u00f6pebilirsin. G\u00f6zlerini kapar. Ne g\u00fczel g\u00f6zlerini kapar. Belki de seni g\u00f6rmemek i\u00e7indir. Sen de kapars\u0131n g\u00f6zlerini. Belki de onu g\u00f6rmemek i\u00e7indir. Ne sen onu ne o seni anl\u0131yor. Belki anlamak ikinizin de i\u015fine gelmiyor. \u201cTan\u0131, tan\u0131, kendini tan\u0131.\u201d \u0130\u015fe ba\u015fla bir kere bu y\u00f6nden. Sonra onu da anlayacaks\u0131n. Sait Faik Abas\u0131yan\u0131k kendine \u00f6zg\u00fc yal\u0131n ve ak\u0131c\u0131 \u00f6yk\u00fclerinde okuru \u015fa\u015f\u0131rtan, insan\u0131 ve do\u011fay\u0131 b\u00fct\u00fcn i\u00e7tenli\u011fiyle anlatmaktan geri durmayan, her \u015feyin merkezine insan sevgisini koyan bir yazar. \u201cK\u00f6k\u00fc kendinden olan\u201d bir yazar olarak Abas\u0131yan\u0131k, cumhuriyet d\u00f6nemi edebiyat\u0131m\u0131zda bir mihenk noktas\u0131 olarak belirirken \u00e7a\u011fda\u015f \u00f6yk\u00fcc\u00fcl\u00fc\u011f\u00fcm\u00fcz\u00fcn de temellerini atar. Sait Faik Abas\u0131yan\u0131k, \u00f6yk\u00fcc\u00fcl\u00fc\u011f\u00fcm\u00fcz\u00fcn en \u00f6zg\u00fcn ve ayr\u0131ks\u0131 seslerinden\u2026 <\/p>\n","protected":false},"excerpt":{"rendered":"<p>\u0130\u015fte kar\u015f\u0131 kar\u015f\u0131yas\u0131n. Haydi bakal\u0131m. S\u00f6yle s\u00f6yleyece\u011fini. De diyece\u011fini. Dinler de. Tatl\u0131 tatl\u0131 dinler de. Sevgiden s\u00f6z a\u00e7. Ne \u00e7\u0131kar; o seni anlarsa de\u011fil, sen onu<span class=\"excerpt-hellip\"> [\u2026]<\/span><\/p>\n","protected":false},"featured_media":0,"template":"","meta":{"_monsterinsights_skip_tracking":false,"_monsterinsights_sitenote_active":false,"_monsterinsights_sitenote_note":"","_monsterinsights_sitenote_category":0},"product_brand":[],"product_cat":[12291,12292],"product_tag":[],"class_list":{"0":"post-767495","1":"product","2":"type-product","3":"status-publish","5":"product_cat-edebiyat","6":"product_cat-turk-edebiyati","7":"pa_cilt-ciltsiz","8":"pa_tur-kitap","9":"pa_yayinevi-can-yayinlari","10":"pa_yazar-sait-faik-abasiyanik","12":"first","13":"instock","14":"sale","15":"shipping-taxable","16":"purchasable","17":"product-type-simple"},"_links":{"self":[{"href":"https:\/\/roveyayinevi.com.tr\/index.php\/wp-json\/wp\/v2\/product\/767495","targetHints":{"allow":["GET"]}}],"collection":[{"href":"https:\/\/roveyayinevi.com.tr\/index.php\/wp-json\/wp\/v2\/product"}],"about":[{"href":"https:\/\/roveyayinevi.com.tr\/index.php\/wp-json\/wp\/v2\/types\/product"}],"wp:attachment":[{"href":"https:\/\/roveyayinevi.com.tr\/index.php\/wp-json\/wp\/v2\/media?parent=767495"}],"wp:term":[{"taxonomy":"product_brand","embeddable":true,"href":"https:\/\/roveyayinevi.com.tr\/index.php\/wp-json\/wp\/v2\/product_brand?post=767495"},{"taxonomy":"product_cat","embeddable":true,"href":"https:\/\/roveyayinevi.com.tr\/index.php\/wp-json\/wp\/v2\/product_cat?post=767495"},{"taxonomy":"product_tag","embeddable":true,"href":"https:\/\/roveyayinevi.com.tr\/index.php\/wp-json\/wp\/v2\/product_tag?post=767495"}],"curies":[{"name":"wp","href":"https:\/\/api.w.org\/{rel}","templated":true}]}}