{"id":767474,"date":"2025-08-28T12:48:32","date_gmt":"2025-08-28T09:48:32","guid":{"rendered":"https:\/\/roveyayinevi.com.tr\/index.php\/urun\/annem-babam-cocuk-oldu\/"},"modified":"2026-04-15T03:33:24","modified_gmt":"2026-04-15T00:33:24","slug":"annem-babam-cocuk-oldu","status":"publish","type":"product","link":"https:\/\/roveyayinevi.com.tr\/index.php\/urun\/annem-babam-cocuk-oldu\/","title":{"rendered":"Annem Babam \u00c7ocuk Oldu"},"content":{"rendered":"<p>Anne, baba ve \u00e7ocuklar yapt\u0131klar\u0131 i\u015ften, ya\u015flar\u0131ndan ve hayatlar\u0131ndan \u015fikayet etmeye ba\u015flam\u0131\u015flard\u0131r. Anne ve baba \u00e7ocuk, \u00e7ocuklar ise art\u0131k b\u00fcy\u00fcmek istiyordu. Veeeee bir sabah olan olmu\u015ftu! \u00c7ocuklar art\u0131k b\u00fcy\u00fck, anne ve baba ise \u00e7ocuktu. Peki \u015fimdi ne olacakt\u0131? Mutluluk, merak ve heyecan dolu bu hikayeyi keyifle okuyacaks\u0131n\u0131z. <\/p>\n","protected":false},"excerpt":{"rendered":"<p>Anne, baba ve \u00e7ocuklar yapt\u0131klar\u0131 i\u015ften, ya\u015flar\u0131ndan ve hayatlar\u0131ndan \u015fikayet etmeye ba\u015flam\u0131\u015flard\u0131r. Anne ve baba \u00e7ocuk, \u00e7ocuklar ise art\u0131k b\u00fcy\u00fcmek istiyordu. Veeeee bir sabah olan olmu\u015ftu!<span class=\"excerpt-hellip\"> [\u2026]<\/span><\/p>\n","protected":false},"featured_media":0,"template":"","meta":{"_monsterinsights_skip_tracking":false,"_monsterinsights_sitenote_active":false,"_monsterinsights_sitenote_note":"","_monsterinsights_sitenote_category":0},"product_brand":[],"product_cat":[12274,12284],"product_tag":[],"class_list":{"0":"post-767474","1":"product","2":"type-product","3":"status-publish","5":"product_cat-cocuk-ve-genclik-kitaplari","6":"product_cat-hikayeler","7":"pa_cilt-ciltsiz","8":"pa_tur-kitap","9":"pa_yayinevi-ugi-cocuk","10":"pa_yazar-cem-sahin","12":"first","13":"instock","14":"sale","15":"shipping-taxable","16":"purchasable","17":"product-type-simple"},"_links":{"self":[{"href":"https:\/\/roveyayinevi.com.tr\/index.php\/wp-json\/wp\/v2\/product\/767474","targetHints":{"allow":["GET"]}}],"collection":[{"href":"https:\/\/roveyayinevi.com.tr\/index.php\/wp-json\/wp\/v2\/product"}],"about":[{"href":"https:\/\/roveyayinevi.com.tr\/index.php\/wp-json\/wp\/v2\/types\/product"}],"wp:attachment":[{"href":"https:\/\/roveyayinevi.com.tr\/index.php\/wp-json\/wp\/v2\/media?parent=767474"}],"wp:term":[{"taxonomy":"product_brand","embeddable":true,"href":"https:\/\/roveyayinevi.com.tr\/index.php\/wp-json\/wp\/v2\/product_brand?post=767474"},{"taxonomy":"product_cat","embeddable":true,"href":"https:\/\/roveyayinevi.com.tr\/index.php\/wp-json\/wp\/v2\/product_cat?post=767474"},{"taxonomy":"product_tag","embeddable":true,"href":"https:\/\/roveyayinevi.com.tr\/index.php\/wp-json\/wp\/v2\/product_tag?post=767474"}],"curies":[{"name":"wp","href":"https:\/\/api.w.org\/{rel}","templated":true}]}}