{"id":767473,"date":"2025-08-28T12:48:30","date_gmt":"2025-08-28T09:48:30","guid":{"rendered":"https:\/\/roveyayinevi.com.tr\/index.php\/urun\/gizemli-piramitler\/"},"modified":"2026-04-15T03:33:24","modified_gmt":"2026-04-15T00:33:24","slug":"gizemli-piramitler","status":"publish","type":"product","link":"https:\/\/roveyayinevi.com.tr\/index.php\/urun\/gizemli-piramitler\/","title":{"rendered":"Gizemli Piramitler"},"content":{"rendered":"<p>Ela, kitab\u0131 i\u015faret etti. \u201cBurada, piramitlerin yap\u0131m\u0131 i\u00e7in farkl\u0131 teorilerden bahsediyor. Ama en ilgin\u00e7 olan\u0131, Firavunlar\u0131n gizli bir teknolojiyi kulland\u0131klar\u0131 fikri.\u201d Arda g\u00fclerek \u201cYani bilim kurgu ger\u00e7ek olabilir mi?\u201d dedi. Peki, ger\u00e7ekte piramitleri kim yapm\u0131\u015ft\u0131? <\/p>\n","protected":false},"excerpt":{"rendered":"<p>Ela, kitab\u0131 i\u015faret etti. \u201cBurada, piramitlerin yap\u0131m\u0131 i\u00e7in farkl\u0131 teorilerden bahsediyor. Ama en ilgin\u00e7 olan\u0131, Firavunlar\u0131n gizli bir teknolojiyi kulland\u0131klar\u0131 fikri.\u201d Arda g\u00fclerek \u201cYani bilim kurgu<span class=\"excerpt-hellip\"> [\u2026]<\/span><\/p>\n","protected":false},"featured_media":0,"template":"","meta":{"_monsterinsights_skip_tracking":false,"_monsterinsights_sitenote_active":false,"_monsterinsights_sitenote_note":"","_monsterinsights_sitenote_category":0},"product_brand":[],"product_cat":[12274,12284],"product_tag":[],"class_list":{"0":"post-767473","1":"product","2":"type-product","3":"status-publish","5":"product_cat-cocuk-ve-genclik-kitaplari","6":"product_cat-hikayeler","7":"pa_cilt-ciltsiz","8":"pa_tur-kitap","9":"pa_yayinevi-ugi-cocuk","10":"pa_yazar-cem-sahin","12":"first","13":"instock","14":"sale","15":"shipping-taxable","16":"purchasable","17":"product-type-simple"},"_links":{"self":[{"href":"https:\/\/roveyayinevi.com.tr\/index.php\/wp-json\/wp\/v2\/product\/767473","targetHints":{"allow":["GET"]}}],"collection":[{"href":"https:\/\/roveyayinevi.com.tr\/index.php\/wp-json\/wp\/v2\/product"}],"about":[{"href":"https:\/\/roveyayinevi.com.tr\/index.php\/wp-json\/wp\/v2\/types\/product"}],"wp:attachment":[{"href":"https:\/\/roveyayinevi.com.tr\/index.php\/wp-json\/wp\/v2\/media?parent=767473"}],"wp:term":[{"taxonomy":"product_brand","embeddable":true,"href":"https:\/\/roveyayinevi.com.tr\/index.php\/wp-json\/wp\/v2\/product_brand?post=767473"},{"taxonomy":"product_cat","embeddable":true,"href":"https:\/\/roveyayinevi.com.tr\/index.php\/wp-json\/wp\/v2\/product_cat?post=767473"},{"taxonomy":"product_tag","embeddable":true,"href":"https:\/\/roveyayinevi.com.tr\/index.php\/wp-json\/wp\/v2\/product_tag?post=767473"}],"curies":[{"name":"wp","href":"https:\/\/api.w.org\/{rel}","templated":true}]}}