{"id":767451,"date":"2025-08-28T12:47:52","date_gmt":"2025-08-28T09:47:52","guid":{"rendered":"https:\/\/roveyayinevi.com.tr\/index.php\/urun\/meslek-yuksek-okullari-icin-aletsel-analiz-laboratuvari\/"},"modified":"2026-04-15T03:33:23","modified_gmt":"2026-04-15T00:33:23","slug":"meslek-yuksek-okullari-icin-aletsel-analiz-laboratuvari","status":"publish","type":"product","link":"https:\/\/roveyayinevi.com.tr\/index.php\/urun\/meslek-yuksek-okullari-icin-aletsel-analiz-laboratuvari\/","title":{"rendered":"Meslek Y\u00fcksek Okullar\u0131 \u0130\u00e7in Aletsel Analiz Laboratuvar\u0131"},"content":{"rendered":"<p>\u0130\u00e7indekiler :   \u00b7         Deney 1. Ultraviyole &#8211; G\u00f6r\u00fcn\u00fcr B\u00f6lge Spektroskopisi (UV-GB) ile Tek ve \u0130ki Bile\u015fen \u0130\u00e7eren \u00c7\u00f6zeltilerin Kalitatif ve Kantitatif Analizi \u00b7         Deney 2. UV-GB ile Nikel (Ni) \u0130\u00e7eren \u00c7\u00f6zeltinin Kalibrasyon Grafi\u011finin \u00c7izimi ve Bilinmeyen Nikel Tayini \u00b7         Deney 3. Toprakta Bulunan Demirin (Fe) Spektrofotometrik Olarak Tayini \u00b7         Deney 4. Ultraviyole &#8211; G\u00f6r\u00fcn\u00fcr B\u00f6lge (UV-GB) Spektroskopisi, Bak\u0131r\u0131n EDTA ile Spektrofotometrik Titrasyonla Tayini \u00b7         Deney 5. Atomik Absorpsiyon Spektroskopisi ile \u00c7ay \u00d6rne\u011finde Bak\u0131r Tayini \u00b7         Deney 6. \u00c7e\u015fme Suyunda Demirin Atomik Absorpsiyon Spektroskopisi (AAS) ile Tayini \u00b7         Deney 7. Potansiyometrik \u00d6l\u00e7\u00fcmle Kuvvetli Asit ve Kuvvetli Baz Titrasyonlar\u0131 \u00b7         Deney 8. Alev Fotometresi ile Maden Sular\u0131nda Potasyum Tayini \u00b7         Deney 9. Alev Fotometresi ile Do\u011fal Kaynak Sular\u0131nda Sodyum Tayini \u00b7         Deney 10. Polarografi ile At\u0131k Suda Kadmiyum (Cd) Tayini <\/p>\n","protected":false},"excerpt":{"rendered":"<p>\u0130\u00e7indekiler : \u00b7 Deney 1. Ultraviyole &#8211; G\u00f6r\u00fcn\u00fcr B\u00f6lge Spektroskopisi (UV-GB) ile Tek ve \u0130ki Bile\u015fen \u0130\u00e7eren \u00c7\u00f6zeltilerin Kalitatif ve Kantitatif Analizi \u00b7 Deney 2. UV-GB<span class=\"excerpt-hellip\"> [\u2026]<\/span><\/p>\n","protected":false},"featured_media":0,"template":"","meta":{"_monsterinsights_skip_tracking":false,"_monsterinsights_sitenote_active":false,"_monsterinsights_sitenote_note":"","_monsterinsights_sitenote_category":0},"product_brand":[],"product_cat":[13005],"product_tag":[],"class_list":{"0":"post-767451","1":"product","2":"type-product","3":"status-publish","5":"product_cat-bilim-muhendislik","6":"pa_cilt-ciltsiz","7":"pa_tur-kitap","8":"pa_yayinevi-gazi-kitabevi","9":"pa_yazar-kolektif","11":"first","12":"instock","13":"sale","14":"shipping-taxable","15":"purchasable","16":"product-type-simple"},"_links":{"self":[{"href":"https:\/\/roveyayinevi.com.tr\/index.php\/wp-json\/wp\/v2\/product\/767451","targetHints":{"allow":["GET"]}}],"collection":[{"href":"https:\/\/roveyayinevi.com.tr\/index.php\/wp-json\/wp\/v2\/product"}],"about":[{"href":"https:\/\/roveyayinevi.com.tr\/index.php\/wp-json\/wp\/v2\/types\/product"}],"wp:attachment":[{"href":"https:\/\/roveyayinevi.com.tr\/index.php\/wp-json\/wp\/v2\/media?parent=767451"}],"wp:term":[{"taxonomy":"product_brand","embeddable":true,"href":"https:\/\/roveyayinevi.com.tr\/index.php\/wp-json\/wp\/v2\/product_brand?post=767451"},{"taxonomy":"product_cat","embeddable":true,"href":"https:\/\/roveyayinevi.com.tr\/index.php\/wp-json\/wp\/v2\/product_cat?post=767451"},{"taxonomy":"product_tag","embeddable":true,"href":"https:\/\/roveyayinevi.com.tr\/index.php\/wp-json\/wp\/v2\/product_tag?post=767451"}],"curies":[{"name":"wp","href":"https:\/\/api.w.org\/{rel}","templated":true}]}}