{"id":767442,"date":"2025-08-28T12:47:36","date_gmt":"2025-08-28T09:47:36","guid":{"rendered":"https:\/\/roveyayinevi.com.tr\/index.php\/urun\/yaratici-dusunme-egzersizleri\/"},"modified":"2026-04-15T03:33:23","modified_gmt":"2026-04-15T00:33:23","slug":"yaratici-dusunme-egzersizleri","status":"publish","type":"product","link":"https:\/\/roveyayinevi.com.tr\/index.php\/urun\/yaratici-dusunme-egzersizleri\/","title":{"rendered":"Yarat\u0131c\u0131 D\u00fc\u015f\u00fcnme Egzersizleri"},"content":{"rendered":"<p>Limon gibi s\u0131k\u0131lanlara D\u00fc\u015f\u00fcn\u00fcp d\u00fc\u015f\u00fcn\u00fcp duranlara Durup durup d\u00fc\u015f\u00fcnenlere \u0130\u015flerinden bunalanlara Yollarda \u00f6mr\u00fc ge\u00e7enlere \u00d6mr\u00fc ge\u00e7ip giderken durup izleyenlere Yeni bir fikir arayanlara \u00c7anta i\u00e7i, masa ba\u015f\u0131, sohbet aras\u0131 Yol arkada\u015f\u0131, i\u015f arkada\u015f\u0131 Bir \u00e7\u00f6z\u00fcm \u00f6nerisi&#8230; Yarat\u0131c\u0131 D\u00fc\u015f\u00fcnme Egzersizleri akl\u0131n\u0131z\u0131n k\u00f6\u015fe buca\u011f\u0131n\u0131 kurcalayan, sizi zihninizin s\u0131n\u0131r boylar\u0131nda dola\u015fmaya zorlayan bir \u00e7al\u0131\u015fma. \u00d6yle ki yapaca\u011f\u0131n\u0131z her egzersiz farkl\u0131 bir kap\u0131y\u0131 aralarken yeni bir \u015feyler \u00f6\u011frenecek, deneyecek ve orada yarat\u0131c\u0131l\u0131\u011f\u0131n\u0131zla tan\u0131\u015facaks\u0131n\u0131z. \u00dcstelik bir \u015feyin sadece o \u015fey olmayabilece\u011fini al\u0131\u015f\u0131lagelmi\u015f kal\u0131plar\u0131n d\u0131\u015f\u0131na \u00e7\u0131karak deneyimleyeceksiniz. Kelimeler sizinle birlikte dile gelecek, \u00e7izgiler yaz\u0131ya d\u00f6n\u00fc\u015fecek. Hatta tersinin tersinin tersini d\u00fc\u015f\u00fcnecek, gibinin asl\u0131ndan g\u00fczel olabilece\u011fini g\u00f6receksiniz. Ve dahas\u0131 z\u0131t fikirlerin bir ba\u015fka fikirde bulu\u015fabilece\u011fini, bu yeni d\u00fczlemde \u00e7ok da iyi anla\u015fabilece\u011fini e\u011flenerek, g\u00fclerek ve kendinize \u015fa\u015f\u0131rarak fark edeceksiniz. Eda Albayrak yine yarat\u0131c\u0131l\u0131\u011f\u0131n s\u0131n\u0131rlar\u0131n\u0131 zorluyor. Ne duruyorsunuz, haydi aralay\u0131n kap\u0131lar\u0131!<\/p>\n","protected":false},"excerpt":{"rendered":"<p>Limon gibi s\u0131k\u0131lanlara D\u00fc\u015f\u00fcn\u00fcp d\u00fc\u015f\u00fcn\u00fcp duranlara Durup durup d\u00fc\u015f\u00fcnenlere \u0130\u015flerinden bunalanlara Yollarda \u00f6mr\u00fc ge\u00e7enlere \u00d6mr\u00fc ge\u00e7ip giderken durup izleyenlere Yeni bir fikir arayanlara \u00c7anta i\u00e7i, masa<span class=\"excerpt-hellip\"> [\u2026]<\/span><\/p>\n","protected":false},"featured_media":0,"template":"","meta":{"_monsterinsights_skip_tracking":false,"_monsterinsights_sitenote_active":false,"_monsterinsights_sitenote_note":"","_monsterinsights_sitenote_category":0},"product_brand":[],"product_cat":[12274,15842],"product_tag":[],"class_list":{"0":"post-767442","1":"product","2":"type-product","3":"status-publish","5":"product_cat-cocuk-ve-genclik-kitaplari","6":"product_cat-egitici-kitaplar","7":"pa_cilt-ciltsiz","8":"pa_tur-kitap","9":"pa_yayinevi-altin-kitaplar-cocuk-kitaplari","10":"pa_yazar-eda-albayrak","12":"first","13":"instock","14":"sale","15":"shipping-taxable","16":"purchasable","17":"product-type-simple"},"_links":{"self":[{"href":"https:\/\/roveyayinevi.com.tr\/index.php\/wp-json\/wp\/v2\/product\/767442","targetHints":{"allow":["GET"]}}],"collection":[{"href":"https:\/\/roveyayinevi.com.tr\/index.php\/wp-json\/wp\/v2\/product"}],"about":[{"href":"https:\/\/roveyayinevi.com.tr\/index.php\/wp-json\/wp\/v2\/types\/product"}],"wp:attachment":[{"href":"https:\/\/roveyayinevi.com.tr\/index.php\/wp-json\/wp\/v2\/media?parent=767442"}],"wp:term":[{"taxonomy":"product_brand","embeddable":true,"href":"https:\/\/roveyayinevi.com.tr\/index.php\/wp-json\/wp\/v2\/product_brand?post=767442"},{"taxonomy":"product_cat","embeddable":true,"href":"https:\/\/roveyayinevi.com.tr\/index.php\/wp-json\/wp\/v2\/product_cat?post=767442"},{"taxonomy":"product_tag","embeddable":true,"href":"https:\/\/roveyayinevi.com.tr\/index.php\/wp-json\/wp\/v2\/product_tag?post=767442"}],"curies":[{"name":"wp","href":"https:\/\/api.w.org\/{rel}","templated":true}]}}