{"id":767436,"date":"2025-08-28T12:47:23","date_gmt":"2025-08-28T09:47:23","guid":{"rendered":"https:\/\/roveyayinevi.com.tr\/index.php\/urun\/mezarliktaki-atesbocekleri\/"},"modified":"2026-04-15T03:33:23","modified_gmt":"2026-04-15T00:33:23","slug":"mezarliktaki-atesbocekleri","status":"publish","type":"product","link":"https:\/\/roveyayinevi.com.tr\/index.php\/urun\/mezarliktaki-atesbocekleri\/","title":{"rendered":"Mezarl\u0131ktaki Ate\u015fb\u00f6cekleri"},"content":{"rendered":"<p>Karacaahmet Mezarl\u0131\u011f\u0131\u2019n\u0131n g\u00f6lgesinde, yeni bir hayata ba\u015flamak Umut i\u00e7in b\u00fcy\u00fcmenin ve anlaman\u0131n yeni bir s\u0131nav\u0131 olacakt\u0131r. Ancak bu s\u0131nav yaln\u0131zca korkularla y\u00fczle\u015fmek de\u011fil, mezar ta\u015flar\u0131 aras\u0131nda filizlenen s\u0131rad\u0131\u015f\u0131 bir dostlu\u011fu da beraberinde getirir. Umut, hem bu d\u00fcnyadaki hem de ge\u00e7mi\u015fin sessizli\u011finde yank\u0131lanan masumiyetin sesini ke\u015ffeder. Mezarl\u0131ktaki Ate\u015fb\u00f6cekleri, korkunun ve masumiyetin unutulmaz dans\u0131n\u0131 sunuyor. Gotik bir roman\u0131n b\u00fcy\u00fcs\u00fcyle sarmalanan bu hik\u00e2ye, mezarl\u0131\u011f\u0131n sessizli\u011fini bozan her yank\u0131da okuru i\u00e7ine \u00e7ekecek. Korkmaya haz\u0131r m\u0131s\u0131n\u0131z? Ya da korkunun i\u00e7indeki \u0131\u015f\u0131\u011f\u0131 g\u00f6rmeye? <\/p>\n","protected":false},"excerpt":{"rendered":"<p>Karacaahmet Mezarl\u0131\u011f\u0131\u2019n\u0131n g\u00f6lgesinde, yeni bir hayata ba\u015flamak Umut i\u00e7in b\u00fcy\u00fcmenin ve anlaman\u0131n yeni bir s\u0131nav\u0131 olacakt\u0131r. Ancak bu s\u0131nav yaln\u0131zca korkularla y\u00fczle\u015fmek de\u011fil, mezar ta\u015flar\u0131 aras\u0131nda<span class=\"excerpt-hellip\"> [\u2026]<\/span><\/p>\n","protected":false},"featured_media":0,"template":"","meta":{"_monsterinsights_skip_tracking":false,"_monsterinsights_sitenote_active":false,"_monsterinsights_sitenote_note":"","_monsterinsights_sitenote_category":0},"product_brand":[],"product_cat":[12291,14777],"product_tag":[],"class_list":{"0":"post-767436","1":"product","2":"type-product","3":"status-publish","5":"product_cat-edebiyat","6":"product_cat-fantastik","7":"pa_cilt-ciltsiz","8":"pa_tur-kitap","9":"pa_yayinevi-eksik-parca-yayinlari","10":"pa_yazar-murat-sayim","12":"first","13":"instock","14":"sale","15":"shipping-taxable","16":"purchasable","17":"product-type-simple"},"_links":{"self":[{"href":"https:\/\/roveyayinevi.com.tr\/index.php\/wp-json\/wp\/v2\/product\/767436","targetHints":{"allow":["GET"]}}],"collection":[{"href":"https:\/\/roveyayinevi.com.tr\/index.php\/wp-json\/wp\/v2\/product"}],"about":[{"href":"https:\/\/roveyayinevi.com.tr\/index.php\/wp-json\/wp\/v2\/types\/product"}],"wp:attachment":[{"href":"https:\/\/roveyayinevi.com.tr\/index.php\/wp-json\/wp\/v2\/media?parent=767436"}],"wp:term":[{"taxonomy":"product_brand","embeddable":true,"href":"https:\/\/roveyayinevi.com.tr\/index.php\/wp-json\/wp\/v2\/product_brand?post=767436"},{"taxonomy":"product_cat","embeddable":true,"href":"https:\/\/roveyayinevi.com.tr\/index.php\/wp-json\/wp\/v2\/product_cat?post=767436"},{"taxonomy":"product_tag","embeddable":true,"href":"https:\/\/roveyayinevi.com.tr\/index.php\/wp-json\/wp\/v2\/product_tag?post=767436"}],"curies":[{"name":"wp","href":"https:\/\/api.w.org\/{rel}","templated":true}]}}