{"id":767413,"date":"2025-08-28T12:46:34","date_gmt":"2025-08-28T09:46:34","guid":{"rendered":"https:\/\/roveyayinevi.com.tr\/index.php\/urun\/siada-imamet-mucadelesi\/"},"modified":"2026-04-15T03:33:22","modified_gmt":"2026-04-15T00:33:22","slug":"siada-imamet-mucadelesi","status":"publish","type":"product","link":"https:\/\/roveyayinevi.com.tr\/index.php\/urun\/siada-imamet-mucadelesi\/","title":{"rendered":"\u015eia\u2019da \u0130mamet M\u00fccadelesi"},"content":{"rendered":"<p>Hz. Peygamber&#8217;in vefat\u0131ndan sonra ilk iki halife d\u00f6neminde ciddi toplumsal ayr\u0131\u015fmalar olmasa da Hz. Osman&#8217;\u0131n hilafetinin sonlar\u0131na do\u011fru gerek M\u00fcsl\u00fcmanlar\u0131n farkl\u0131 co\u011frafyalara yay\u0131lmas\u0131 gerekse toplumsal olaylar halk edilmesi ise ileride daha b\u00fcy\u00fck problemlere yol a\u00e7acak Cemel ve S\u0131ffin gibi olaylara zemin haz\u0131rlam\u0131\u015ft\u0131r. Emev\u0131-Ha\u015fimi \u00e7eki\u015fmesi artm\u0131\u015f, bir s\u00fcre sonra da \u0130slam d\u00fcnyas\u0131 i\u00e7erisinde derin bir yaraya sebep olan Kerbela olay\u0131 ya\u015fanm\u0131\u015ft\u0131r. Ali evlatlar\u0131n\u0131n i\u00e7inde bulundu\u011fu bu olaylar Muhammed b. Hanefiyye&#8217;yi de etkilemi\u015f ve kendisini ilk ba\u015flarda siyasi, daha sonralar\u0131 ise dini olarak alg\u0131lanacak bir\u00e7ok \u00e7eki\u015fmenin i\u00e7inde bulmu\u015ftur. Bu ba\u011flamda \u00e7al\u0131\u015fmam\u0131z\u0131n \u0130slam Mezhepler Tarihindeki &#8220;Muhammed b. Hanefiyye&#8221; portresinin daha iyi anla\u015f\u0131lmas\u0131na katk\u0131da bulunaca\u011f\u0131 ve bu alandaki eksi\u011fi giderece\u011fini \u00fcmit etmekteyiz. \u0130ki b\u00f6l\u00fcmden olu\u015fan bu \u00e7al\u0131\u015fman\u0131n birinci b\u00f6l\u00fcm\u00fcnde \u00f6ncelikle Muhammed b. Hanefiyye&#8217; nin do\u011fumu ve nesebinden bahsedilmi\u015f, ard\u0131ndan gen\u00e7lik y\u0131llar\u0131 ve olgunluk d\u00f6nemi anlat\u0131lm\u0131\u015ft\u0131r. Akabinde Keysaniyye f\u0131rkas\u0131n\u0131n do\u011fu\u015fu ve Muhammed b. Hanefiyye hakk\u0131ndaki ortaya at\u0131lan iddialardan bahsedilmi\u015ftir. \u0130kinci b\u00f6l\u00fcmde ise \u0130m\u00e2m\u00ee uleman\u0131n Muhammed b. Hanefiyye hakk\u0131ndaki de\u011ferlendirmelerine yer verilmi\u015f ard\u0131ndan da Keysaniyye&#8217;nin iddialar\u0131na yap\u0131lan \u0130m\u00e2m\u00ee ele\u015ftirilerden bahsedilmi\u015ftir. <\/p>\n","protected":false},"excerpt":{"rendered":"<p>Hz. Peygamber&#8217;in vefat\u0131ndan sonra ilk iki halife d\u00f6neminde ciddi toplumsal ayr\u0131\u015fmalar olmasa da Hz. Osman&#8217;\u0131n hilafetinin sonlar\u0131na do\u011fru gerek M\u00fcsl\u00fcmanlar\u0131n farkl\u0131 co\u011frafyalara yay\u0131lmas\u0131 gerekse toplumsal olaylar<span class=\"excerpt-hellip\"> [\u2026]<\/span><\/p>\n","protected":false},"featured_media":0,"template":"","meta":{"_monsterinsights_skip_tracking":false,"_monsterinsights_sitenote_active":false,"_monsterinsights_sitenote_note":"","_monsterinsights_sitenote_category":0},"product_brand":[],"product_cat":[13036,12718,12719],"product_tag":[],"class_list":{"0":"post-767413","1":"product","2":"type-product","3":"status-publish","5":"product_cat-arastirma-inceleme-islam","6":"product_cat-din","7":"product_cat-islam","8":"pa_cilt-ciltsiz","9":"pa_tur-kitap","10":"pa_yayinevi-soncag-akademik-kitaplar","11":"pa_yazar-erdogan-aslan","13":"first","14":"instock","15":"sale","16":"shipping-taxable","17":"purchasable","18":"product-type-simple"},"_links":{"self":[{"href":"https:\/\/roveyayinevi.com.tr\/index.php\/wp-json\/wp\/v2\/product\/767413","targetHints":{"allow":["GET"]}}],"collection":[{"href":"https:\/\/roveyayinevi.com.tr\/index.php\/wp-json\/wp\/v2\/product"}],"about":[{"href":"https:\/\/roveyayinevi.com.tr\/index.php\/wp-json\/wp\/v2\/types\/product"}],"wp:attachment":[{"href":"https:\/\/roveyayinevi.com.tr\/index.php\/wp-json\/wp\/v2\/media?parent=767413"}],"wp:term":[{"taxonomy":"product_brand","embeddable":true,"href":"https:\/\/roveyayinevi.com.tr\/index.php\/wp-json\/wp\/v2\/product_brand?post=767413"},{"taxonomy":"product_cat","embeddable":true,"href":"https:\/\/roveyayinevi.com.tr\/index.php\/wp-json\/wp\/v2\/product_cat?post=767413"},{"taxonomy":"product_tag","embeddable":true,"href":"https:\/\/roveyayinevi.com.tr\/index.php\/wp-json\/wp\/v2\/product_tag?post=767413"}],"curies":[{"name":"wp","href":"https:\/\/api.w.org\/{rel}","templated":true}]}}