{"id":767408,"date":"2025-08-28T12:46:25","date_gmt":"2025-08-28T09:46:25","guid":{"rendered":"https:\/\/roveyayinevi.com.tr\/index.php\/urun\/atina\/"},"modified":"2026-04-15T03:33:22","modified_gmt":"2026-04-15T00:33:22","slug":"atina","status":"publish","type":"product","link":"https:\/\/roveyayinevi.com.tr\/index.php\/urun\/atina\/","title":{"rendered":"Atina"},"content":{"rendered":"<p>G\u00fcn\u00fcm\u00fczden 2500 y\u0131l \u00f6nce Atina\u2019da kurulan ve d\u00fcnyan\u0131n ilk demokrasi deneyimi olma \u00f6zelli\u011fini ta\u015f\u0131yan demokrasi di\u011fer antik demokrasiler i\u00e7in \u00f6rnek olu\u015fturdu\u011fu gibi, modern \u00e7a\u011flardaki siyasal d\u00fc\u015f\u00fcnceler, yenilik\u00e7i hareketler ve demokratik sistemler i\u00e7in de esin kayna\u011f\u0131 olmu\u015ftur. Yazar Prof. Thomas Noel Mitchell, Yunan d\u00fcnyas\u0131n\u0131 sarsan devrimci hareketler sonucunda do\u011fan bu radikal siyasi d\u00fc\u015f\u00fcncenin nas\u0131l ortaya \u00e7\u0131kt\u0131\u011f\u0131n\u0131 sorguluyor, ayr\u0131ca sa\u011flam bir bi\u00e7imde k\u00f6k salarak sonraki iki y\u00fczy\u0131l boyunca nas\u0131l evrildi\u011fini ve sonunda \u00fcst\u00fcn asker\u00ee g\u00fcce sahip Makedon istilac\u0131lar taraf\u0131ndan nas\u0131l sona erdirildi\u011fini g\u00f6zler \u00f6n\u00fcne seriyor. Mitchell\u2019\u0131n Atina demokrasisinin \u00f6yk\u00fcs\u00fcn\u00fc s\u00fcr\u00fckleyici bir bi\u00e7imde anlatt\u0131\u011f\u0131 geni\u015f kapsaml\u0131 eseri ilk demokratik y\u00f6netim modelinin \u00e7evresindeki \u00f6nemli sorulara cevap ar\u0131yor: Demokrasinin ortaya \u00e7\u0131kmas\u0131na ve k\u00f6kle\u015fmesine neden olan siyasal d\u00fc\u015f\u00fcnce ve inan\u00e7lar\u0131 ba\u015flang\u0131\u00e7ta ne tetikledi? Sistem hangi y\u00f6nleriyle ba\u015far\u0131l\u0131, hangi y\u00f6nleriyle ba\u015far\u0131s\u0131z oldu? Bu model hem bir imparatorlu\u011fa evrilerek ta\u00e7lanan hem de sanat, edebiyat ve felsefe d\u00fcnyas\u0131n\u0131 d\u00f6n\u00fc\u015ft\u00fcren devasa bir k\u00fclt\u00fcr devrimini nas\u0131l m\u00fcmk\u00fcn k\u0131ld\u0131? Atina demokrasisinin y\u0131k\u0131m\u0131n\u0131 haz\u0131rlayan zay\u0131f noktas\u0131 neydi? Thomas Mitchell, Eski Yunan demokrasisini Atina \u00f6zelinde ele ald\u0131\u011f\u0131 eserinde sadece Atina demokrasisinin y\u00fckseli\u015f ve \u00e7\u00f6k\u00fc\u015f s\u00fcrelerini tarihsel ba\u011flam\u0131yla irdelemiyor, ayn\u0131 zamanda d\u00fcnyan\u0131n en etkili y\u00f6netim bi\u00e7imi olan demokrasinin antik k\u00f6kenlerine ve miras\u0131na dair derin bak\u0131\u015f a\u00e7\u0131lar\u0131 sunuyor. Gerek konusu gerek i\u00e7eri\u011fi bak\u0131m\u0131ndan T\u00fcrkiye\u2019de bir ilk olan ve \u00e7ok \u00f6nemli bir bo\u015flu\u011fu dolduran eser Eski \u00c7a\u011f tarihi, klasik filoloji, klasik arkeoloji, hukuk, siyasal bilimler, ekonomi, uluslararas\u0131 ili\u015fkiler alanlar\u0131n\u0131n uzmanlar\u0131 ve merakl\u0131lar\u0131 i\u00e7in son derece ayd\u0131nlat\u0131c\u0131, m\u00fckemmel bir ba\u015fvuru kayna\u011f\u0131 niteli\u011fini ta\u015f\u0131yor. \u201c\u0130ddial\u0131 ve kapsaml\u0131 bir tarih.\u201d Edith Hall, History Today \u201cAntik Yunan k\u00fclt\u00fcr\u00fc ve siyasetinin \u00f6z\u00fcn\u00fc m\u00fckemmel bir \u015fekilde yakal\u0131yor.\u201d Roslyn Fuller, Irish Times <\/p>\n","protected":false},"excerpt":{"rendered":"<p>G\u00fcn\u00fcm\u00fczden 2500 y\u0131l \u00f6nce Atina\u2019da kurulan ve d\u00fcnyan\u0131n ilk demokrasi deneyimi olma \u00f6zelli\u011fini ta\u015f\u0131yan demokrasi di\u011fer antik demokrasiler i\u00e7in \u00f6rnek olu\u015fturdu\u011fu gibi, modern \u00e7a\u011flardaki siyasal d\u00fc\u015f\u00fcnceler,<span class=\"excerpt-hellip\"> [\u2026]<\/span><\/p>\n","protected":false},"featured_media":0,"template":"","meta":{"_monsterinsights_skip_tracking":false,"_monsterinsights_sitenote_active":false,"_monsterinsights_sitenote_note":"","_monsterinsights_sitenote_category":0},"product_brand":[],"product_cat":[12304],"product_tag":[],"class_list":{"0":"post-767408","1":"product","2":"type-product","3":"status-publish","5":"product_cat-tarih","6":"pa_cilt-ciltsiz","7":"pa_tur-kitap","8":"pa_yayinevi-bilge-kultur-sanat","9":"pa_yazar-thomas-n-mitchell","11":"first","12":"instock","13":"sale","14":"shipping-taxable","15":"purchasable","16":"product-type-simple"},"_links":{"self":[{"href":"https:\/\/roveyayinevi.com.tr\/index.php\/wp-json\/wp\/v2\/product\/767408","targetHints":{"allow":["GET"]}}],"collection":[{"href":"https:\/\/roveyayinevi.com.tr\/index.php\/wp-json\/wp\/v2\/product"}],"about":[{"href":"https:\/\/roveyayinevi.com.tr\/index.php\/wp-json\/wp\/v2\/types\/product"}],"wp:attachment":[{"href":"https:\/\/roveyayinevi.com.tr\/index.php\/wp-json\/wp\/v2\/media?parent=767408"}],"wp:term":[{"taxonomy":"product_brand","embeddable":true,"href":"https:\/\/roveyayinevi.com.tr\/index.php\/wp-json\/wp\/v2\/product_brand?post=767408"},{"taxonomy":"product_cat","embeddable":true,"href":"https:\/\/roveyayinevi.com.tr\/index.php\/wp-json\/wp\/v2\/product_cat?post=767408"},{"taxonomy":"product_tag","embeddable":true,"href":"https:\/\/roveyayinevi.com.tr\/index.php\/wp-json\/wp\/v2\/product_tag?post=767408"}],"curies":[{"name":"wp","href":"https:\/\/api.w.org\/{rel}","templated":true}]}}