{"id":767398,"date":"2025-08-28T12:46:09","date_gmt":"2025-08-28T09:46:09","guid":{"rendered":"https:\/\/roveyayinevi.com.tr\/index.php\/urun\/allaha-guven\/"},"modified":"2026-04-15T03:33:22","modified_gmt":"2026-04-15T00:33:22","slug":"allaha-guven","status":"publish","type":"product","link":"https:\/\/roveyayinevi.com.tr\/index.php\/urun\/allaha-guven\/","title":{"rendered":"Allah\u2019a G\u00fcven"},"content":{"rendered":"<p>Allah\u2019a g\u00fcven, \u00e7\u00fcnk\u00fc O seni senden iyi bilir ve hep yan\u0131ndad\u0131r.   BU K\u0130TABI OKUDU\u011eUNDA GER\u00c7EKTEN NEYE \u0130HT\u0130YACIN OLDU\u011eUNUFARK EDECEKS\u0130N.   Ni\u00e7in Allah\u2019a g\u00fcvenmelisin?   \u00c7\u00fcnk\u00fc O, seni senden \u00e7ok daha iyi tan\u0131yor.   \u00c7\u00fcnk\u00fc O, senin ger\u00e7ekten neye ihtiyac\u0131n oldu\u011funu senden \u00e7ok ama \u00e7ok daha iyi biliyor.   \u00c7\u00fcnk\u00fc O, nelerin sana zarar verece\u011fini de senden daha iyi biliyor ve \u015fimdi d\u00fc\u015f\u00fcn!   Hen\u00fcz anne rahminde daha kollar\u0131n, bacaklar\u0131n, ellerin, ayaklar\u0131n, organlar\u0131n dahi olu\u015fmadan ve t\u00fcm bunlar\u0131n sana olan faydas\u0131ndan bihaberken, Allah sana bir s\u00fcre sonra d\u00fcnyaya g\u00f6zlerini a\u00e7t\u0131\u011f\u0131nda laz\u0131m olacak diye; eller, ayaklar, kollar, bacaklar, g\u00f6zler, tatman i\u00e7in dil ve di\u015fler, nice organlar verdi.     Hepsini senin i\u00e7in, t\u00fcm bunlara ihtiyac\u0131n olacak diye hem de sen istemeden yaratt\u0131. \u015eimdi Allah\u2019a t\u00fcm samimiyetinle g\u00fcven ve arkana yaslan. Senin i\u00e7in yarat\u0131lm\u0131\u015f bu hayat\u0131n t\u00fcm engellerine kar\u015f\u0131 Allah\u2019\u0131n her daim yan\u0131nda oldu\u011funu duyumsa. O hep vard\u0131, senden \u00f6nce de seninleydi, tam \u015fu anda da seninle ve her daim seninle olacakt\u0131r. <\/p>\n","protected":false},"excerpt":{"rendered":"<p>Allah\u2019a g\u00fcven, \u00e7\u00fcnk\u00fc O seni senden iyi bilir ve hep yan\u0131ndad\u0131r. BU K\u0130TABI OKUDU\u011eUNDA GER\u00c7EKTEN NEYE \u0130HT\u0130YACIN OLDU\u011eUNUFARK EDECEKS\u0130N. Ni\u00e7in Allah\u2019a g\u00fcvenmelisin? \u00c7\u00fcnk\u00fc O, seni senden<span class=\"excerpt-hellip\"> [\u2026]<\/span><\/p>\n","protected":false},"featured_media":0,"template":"","meta":{"_monsterinsights_skip_tracking":false,"_monsterinsights_sitenote_active":false,"_monsterinsights_sitenote_note":"","_monsterinsights_sitenote_category":0},"product_brand":[],"product_cat":[12718,12719,15238],"product_tag":[],"class_list":{"0":"post-767398","1":"product","2":"type-product","3":"status-publish","5":"product_cat-din","6":"product_cat-islam","7":"product_cat-tasavvuf","8":"pa_cilt-ciltsiz","9":"pa_tur-kitap","10":"pa_yayinevi-destek-yayinlari","11":"pa_yazar-ugur-kosar","13":"first","14":"instock","15":"sale","16":"shipping-taxable","17":"purchasable","18":"product-type-simple"},"_links":{"self":[{"href":"https:\/\/roveyayinevi.com.tr\/index.php\/wp-json\/wp\/v2\/product\/767398","targetHints":{"allow":["GET"]}}],"collection":[{"href":"https:\/\/roveyayinevi.com.tr\/index.php\/wp-json\/wp\/v2\/product"}],"about":[{"href":"https:\/\/roveyayinevi.com.tr\/index.php\/wp-json\/wp\/v2\/types\/product"}],"wp:attachment":[{"href":"https:\/\/roveyayinevi.com.tr\/index.php\/wp-json\/wp\/v2\/media?parent=767398"}],"wp:term":[{"taxonomy":"product_brand","embeddable":true,"href":"https:\/\/roveyayinevi.com.tr\/index.php\/wp-json\/wp\/v2\/product_brand?post=767398"},{"taxonomy":"product_cat","embeddable":true,"href":"https:\/\/roveyayinevi.com.tr\/index.php\/wp-json\/wp\/v2\/product_cat?post=767398"},{"taxonomy":"product_tag","embeddable":true,"href":"https:\/\/roveyayinevi.com.tr\/index.php\/wp-json\/wp\/v2\/product_tag?post=767398"}],"curies":[{"name":"wp","href":"https:\/\/api.w.org\/{rel}","templated":true}]}}